[BLOB], 0, 1176843451, '');
INSERT INTO `cache_views` VALUES ('views_urls', 0x[BLOB], 0, 1176843451, '');
INSERT INTO `cache_views` VALUES ('views_style_plugins:en', 0x[BLOB], 0, 1176843451, '');
INSERT INTO `cache_views` VALUES ('views_query:personal_group', 0x[BLOB], 0, 1176843451, '');

-- --------------------------------------------------------

-- 
-- Table structure for table `comments`
-- 

CREATE TABLE `comments` (
  `cid` int(11) NOT NULL auto_increment,
  `pid` int(11) NOT NULL default '0',
  `nid` int(11) NOT NULL default '0',
  `uid` int(11) NOT NULL default '0',
  `subject` varchar(64) NOT NULL default '',
  `comment` longtext NOT NULL,
  `hostname` varchar(128) NOT NULL default '',
  `timestamp` int(11) NOT NULL default '0',
  `score` mediumint(9) NOT NULL default '0',
  `status` tinyint(3) unsigned NOT NULL default '0',
  `format` int(11) NOT NULL default '0',
  `thread` varchar(255) NOT NULL default '',
  `users` longtext,
  `name` varchar(60) default NULL,
  `mail` varchar(64) default NULL,
  `homepage` varchar(255) default NULL,
  PRIMARY KEY  (`cid`),
  KEY `lid` (`nid`)
) ENGINE=MyISAM  DEFAULT CHARSET=utf8 AUTO_INCREMENT=22 ;

-- 
-- Dumping data for table `comments`
-- 


-- --------------------------------------------------------

-- 
-- Table structure for table `contact`
-- 

CREATE TABLE `contact` (
  `cid` int(10) unsigned NOT NULL auto_increment,
  `category` varchar(255) NOT NULL default '',
  `recipients` longtext NOT NULL,
  `reply` longtext NOT NULL,
  `weight` tinyint(4) NOT NULL default '0',
  `selected` tinyint(4) NOT NULL default '0',
  PRIMARY KEY  (`cid`),
  UNIQUE KEY `category` (`category`)
) ENGINE=MyISAM DEFAULT CHARSET=utf8 AUTO_INCREMENT=1 ;

-- 
-- Dumping data for table `contact`
-- 


-- --------------------------------------------------------

-- 
-- Table structure for table `contemplate`
-- 

CREATE TABLE `contemplate` (
  `type` varchar(32) NOT NULL default '',
  `teaser` text NOT NULL,
  `body` text NOT NULL,
  `rss` text NOT NULL,
  `enclosure` varchar(128) NOT NULL default '',
  `flags` int(8) unsigned NOT NULL default '0',
  PRIMARY KEY  (`type`)
) ENGINE=MyISAM DEFAULT CHARSET=utf8;

-- 
-- Dumping data for table `contemplate`
-- 


-- --------------------------------------------------------

-- 
-- Table structure for table `content_field_highlighted_content`
-- 

CREATE TABLE `content_field_highlighted_content` (
  `vid` int(10) unsigned NOT NULL default '0',
  `delta` int(10) unsigned NOT NULL default '0',
  `nid` int(10) unsigned NOT NULL default '0',
  `field_highlighted_content_vname` varchar(32) default NULL,
  `field_highlighted_content_vargs` varchar(255) default '',
  PRIMARY KEY  (`vid`,`delta`)
) ENGINE=MyISAM DEFAULT CHARSET=utf8;

-- 
-- Dumping data for table `content_field_highlighted_content`
-- 

INSERT INTO `content_field_highlighted_content` VALUES (28, 0, 17, 'group_blog_question', '%nid');

-- --------------------------------------------------------

-- 
-- Table structure for table `content_type_assignment`
-- 

CREATE TABLE `content_type_assignment` (
  `vid` int(10) unsigned NOT NULL default '0',
  `nid` int(10) unsigned NOT NULL default '0',
  `field_due_date_value` varchar(20) default NULL,
  PRIMARY KEY  (`vid`)
) ENGINE=MyISAM DEFAULT CHARSET=utf8;

-- 
-- Dumping data for table `content_type_assignment`
-- 

INSERT INTO `content_type_assignment` VALUES (231, 167, '2007-04-20T00:00:00');
INSERT INTO `content_type_assignment` VALUES (232, 168, '2007-04-25T00:00:00');

-- --------------------------------------------------------

-- 
-- Table structure for table `content_type_audio`
-- 

CREATE TABLE `content_type_audio` (
  `vid` int(10) unsigned NOT NULL default '0',
  `nid` int(10) unsigned NOT NULL default '0',
  PRIMARY KEY  (`vid`)
) ENGINE=MyISAM DEFAULT CHARSET=utf8;

-- 
-- Dumping data for table `content_type_audio`
-- 


-- --------------------------------------------------------

-- 
-- Table structure for table `content_type_bio`
-- 

CREATE TABLE `content_type_bio` (
  `vid` int(10) unsigned NOT NULL default '0',
  `nid` int(10) unsigned NOT NULL default '0',
  `field_bio_desc_value` longtext,
  `field_bio_desc_format` int(10) unsigned NOT NULL default '0',
  PRIMARY KEY  (`vid`)
) ENGINE=MyISAM DEFAULT CHARSET=utf8;

-- 
-- Dumping data for table `content_type_bio`
-- 

INSERT INTO `content_type_bio` VALUES (247, 178, 'Too much to think about now.', 1);

-- --------------------------------------------------------

-- 
-- Table structure for table `content_type_blog`
-- 

CREATE TABLE `content_type_blog` (
  `vid` int(10) unsigned NOT NULL default '0',
  `nid` int(10) unsigned NOT NULL default '0',
  PRIMARY KEY  (`vid`)
) ENGINE=MyISAM DEFAULT CHARSET=utf8;

-- 
-- Dumping data for table `content_type_blog`
-- 


-- --------------------------------------------------------

-- 
-- Table structure for table `content_type_bookmark`
-- 

CREATE TABLE `content_type_bookmark` (
  `vid` int(10) unsigned NOT NULL default '0',
  `nid` int(10) unsigned NOT NULL default '0',
  `field_adressurl_url` varchar(255) NOT NULL default '',
  `field_adressurl_title` varchar(255) NOT NULL default '',
  `field_adressurl_attributes` mediumtext,
  PRIMARY KEY  (`vid`)
) ENGINE=MyISAM DEFAULT CHARSET=utf8;

-- 
-- Dumping data for table `content_type_bookmark`
-- 

INSERT INTO `content_type_bookmark` VALUES (229, 165, 'http://www.google.com/search?q=hello+dolly&ie=utf-8&oe=utf-8&aq=t&rls=org.mozilla:en-US:official&client=firefox-a', '', 'N;');

-- --------------------------------------------------------

-- 
-- Table structure for table `content_type_course`
-- 

CREATE TABLE `content_type_course` (
  `vid` int(10) unsigned NOT NULL default '0',
  `nid` int(10) unsigned NOT NULL default '0',
  PRIMARY KEY  (`vid`)
) ENGINE=MyISAM DEFAULT CHARSET=utf8;

-- 
-- Dumping data for table `content_type_course`
-- 


-- --------------------------------------------------------

-- 
-- Table structure for table `content_type_event`
-- 

CREATE TABLE `content_type_event` (
  `vid` int(10) unsigned NOT NULL default '0',
  `nid` int(10) unsigned NOT NULL default '0',
  `field_date_value` varchar(20) default NULL,
  `field_date_value2` varchar(20) default NULL,
  PRIMARY KEY  (`vid`)
) ENGINE=MyISAM DEFAULT CHARSET=utf8;

-- 
-- Dumping data for table `content_type_event`
-- 


-- --------------------------------------------------------

-- 
-- Table structure for table `content_type_group`
-- 

CREATE TABLE `content_type_group` (
  `vid` int(10) unsigned NOT NULL default '0',
  `nid` int(10) unsigned NOT NULL default '0',
  PRIMARY KEY  (`vid`)
) ENGINE=MyISAM DEFAULT CHARSET=utf8;

-- 
-- Dumping data for table `content_type_group`
-- 


-- --------------------------------------------------------

-- 
-- Table structure for table `content_type_image`
-- 

CREATE TABLE `content_type_image` (
  `vid` int(10) unsigned NOT NULL default '0',
  `nid` int(10) unsigned NOT NULL default '0',
  PRIMARY KEY  (`vid`)
) ENGINE=MyISAM DEFAULT CHARSET=utf8;

-- 
-- Dumping data for table `content_type_image`
-- 


-- --------------------------------------------------------

-- 
-- Table structure for table `content_type_page`
-- 

CREATE TABLE `content_type_page` (
  `vid` int(10) unsigned NOT NULL default '0',
  `nid` int(10) unsigned NOT NULL default '0',
  PRIMARY KEY  (`vid`)
) ENGINE=MyISAM DEFAULT CHARSET=utf8;

-- 
-- Dumping data for table `content_type_page`
-- 


-- --------------------------------------------------------

-- 
-- Table structure for table `content_type_portfolio_artifact`
-- 

CREATE TABLE `content_type_portfolio_artifact` (
  `vid` int(10) unsigned NOT NULL default '0',
  `nid` int(10) unsigned NOT NULL default '0',
  `field_referenced_work_nid` int(11) NOT NULL default '0',
  PRIMARY KEY  (`vid`)
) ENGINE=MyISAM DEFAULT CHARSET=utf8;

-- 
-- Dumping data for table `content_type_portfolio_artifact`
-- 


-- --------------------------------------------------------

-- 
-- Table structure for table `content_type_story`
-- 

CREATE TABLE `content_type_story` (
  `vid` int(10) unsigned NOT NULL default '0',
  `nid` int(10) unsigned NOT NULL default '0',
  PRIMARY KEY  (`vid`)
) ENGINE=MyISAM DEFAULT CHARSET=utf8;

-- 
-- Dumping data for table `content_type_story`
-- 


-- --------------------------------------------------------

-- 
-- Table structure for table `content_type_wiki`
-- 

CREATE TABLE `content_type_wiki` (
  `vid` int(10) unsigned NOT NULL default '0',
  `nid` int(10) unsigned NOT NULL default '0',
  PRIMARY KEY  (`vid`)
) ENGINE=MyISAM DEFAULT CHARSET=utf8;

-- 
-- Dumping data for table `content_type_wiki`
-- 


-- --------------------------------------------------------

-- 
-- Table structure for table `file_downloads`
-- 

CREATE TABLE `file_downloads` (
  `filename` varchar(255) NOT NULL default '',
  `count` int(11) NOT NULL default '0',
  `timestamp` int(11) NOT NULL default '0',
  UNIQUE KEY `filename` (`filename`)
) ENGINE=MyISAM DEFAULT CHARSET=utf8;

-- 
-- Dumping data for table `file_downloads`
-- 


-- --------------------------------------------------------

-- 
-- Table structure for table `file_revisions`
-- 

CREATE TABLE `file_revisions` (
  `fid` int(10) unsigned NOT NULL default '0',
  `vid` int(10) unsigned NOT NULL default '0',
  `description` varchar(255) NOT NULL default '',
  `list` tinyint(3) unsigned NOT NULL default '0',
  PRIMARY KEY  (`fid`,`vid`),
  KEY `vid` (`vid`)
) ENGINE=MyISAM DEFAULT CHARSET=utf8;

-- 
-- Dumping data for table `file_revisions`
-- 

INSERT INTO `file_revisions` VALUES (2, 68, 'mywork.gif', 0);
INSERT INTO `file_revisions` VALUES (2, 69, 'mywork.gif', 0);
INSERT INTO `file_revisions` VALUES (2, 70, 'mywork.gif', 0);
INSERT INTO `file_revisions` VALUES (2, 71, 'mywork.gif', 0);
INSERT INTO `file_revisions` VALUES (4, 85, 'group_highlight.gif', 1);
INSERT INTO `file_revisions` VALUES (5, 85, 'group_nid.gif', 1);
INSERT INTO `file_revisions` VALUES (4, 86, 'group_highlight.gif', 1);
INSERT INTO `file_revisions` VALUES (5, 86, 'group_nid.gif', 1);
INSERT INTO `file_revisions` VALUES (4, 87, 'group_highlight.gif', 0);
INSERT INTO `file_revisions` VALUES (5, 87, 'group_nid.gif', 0);
INSERT INTO `file_revisions` VALUES (4, 98, 'group_highlight.gif', 0);
INSERT INTO `file_revisions` VALUES (5, 98, 'group_nid.gif', 0);
INSERT INTO `file_revisions` VALUES (2, 99, 'mywork.gif', 0);
INSERT INTO `file_revisions` VALUES (2, 119, 'mywork.gif', 0);
INSERT INTO `file_revisions` VALUES (4, 235, 'group_highlight.gif', 0);
INSERT INTO `file_revisions` VALUES (5, 235, 'group_nid.gif', 0);
INSERT INTO `file_revisions` VALUES (2, 240, 'mywork.gif', 0);
INSERT INTO `file_revisions` VALUES (18, 251, 'users.gif', 1);

-- --------------------------------------------------------

-- 
-- Table structure for table `files`
-- 

CREATE TABLE `files` (
  `fid` int(10) unsigned NOT NULL default '0',
  `nid` int(10) unsigned NOT NULL default '0',
  `filename` varchar(255) NOT NULL default '',
  `filepath` varchar(255) NOT NULL default '',
  `filemime` varchar(255) NOT NULL default '',
  `filesize` int(10) unsigned NOT NULL default '0',
  PRIMARY KEY  (`fid`),
  KEY `nid` (`nid`)
) ENGINE=MyISAM DEFAULT CHARSET=utf8;

-- 
-- Dumping data for table `files`
-- 

INSERT INTO `files` VALUES (2, 43, 'mywork.gif', 'files/mywork.gif', 'image/gif', 9787);
INSERT INTO `files` VALUES (4, 52, 'group_highlight.gif', 'files/group_highlight.gif', 'image/gif', 12469);
INSERT INTO `files` VALUES (5, 52, 'group_nid.gif', 'files/group_nid.gif', 'image/gif', 11003);
INSERT INTO `files` VALUES (18, 182, 'users.gif', 'files/users.gif', 'image/gif', 6088);

-- --------------------------------------------------------

-- 
-- Table structure for table `filter_formats`
-- 

CREATE TABLE `filter_formats` (
  `format` int(11) NOT NULL auto_increment,
  `name` varchar(255) NOT NULL default '',
  `roles` varchar(255) NOT NULL default '',
  `cache` tinyint(4) NOT NULL default '0',
  PRIMARY KEY  (`format`),
  UNIQUE KEY `name` (`name`)
) ENGINE=MyISAM  DEFAULT CHARSET=utf8 AUTO_INCREMENT=5 ;

-- 
-- Dumping data for table `filter_formats`
-- 

INSERT INTO `filter_formats` VALUES (1, 'Filtered HTML', ',1,2,3,4,5,', 1);
INSERT INTO `filter_formats` VALUES (2, 'PHP code', '', 0);
INSERT INTO `filter_formats` VALUES (3, 'Full HTML', '', 1);
INSERT INTO `filter_formats` VALUES (4, 'Kludge', ',2,', 1);

-- --------------------------------------------------------

-- 
-- Table structure for table `filters`
-- 

CREATE TABLE `filters` (
  `format` int(11) NOT NULL default '0',
  `module` varchar(64) NOT NULL default '',
  `delta` tinyint(4) NOT NULL default '0',
  `weight` tinyint(4) NOT NULL default '0',
  KEY `weight` (`weight`)
) ENGINE=MyISAM DEFAULT CHARSET=utf8;

-- 
-- Dumping data for table `filters`
-- 

INSERT INTO `filters` VALUES (1, 'filter', 3, 0);
INSERT INTO `filters` VALUES (1, 'filter', 2, 2);
INSERT INTO `filters` VALUES (1, 'filter', 0, 1);
INSERT INTO `filters` VALUES (2, 'filter', 1, 0);
INSERT INTO `filters` VALUES (3, 'filter', 3, 0);
INSERT INTO `filters` VALUES (3, 'filter', 2, 1);
INSERT INTO `filters` VALUES (1, 'freelinking', 0, 10);
INSERT INTO `filters` VALUES (4, 'filter', 0, 10);
INSERT INTO `filters` VALUES (4, 'filter', 2, 10);
INSERT INTO `filters` VALUES (4, 'filter', 3, 10);
INSERT INTO `filters` VALUES (4, 'freelinking', 0, 10);

-- --------------------------------------------------------

-- 
-- Table structure for table `flood`
-- 

CREATE TABLE `flood` (
  `event` varchar(64) NOT NULL default '',
  `hostname` varchar(128) NOT NULL default '',
  `timestamp` int(11) NOT NULL default '0'
) ENGINE=MyISAM DEFAULT CHARSET=utf8;

-- --------------------------------------------------------

-- 
-- Table structure for table `history`
-- 

CREATE TABLE `history` (
  `uid` int(11) NOT NULL default '0',
  `nid` int(11) NOT NULL default '0',
  `timestamp` int(11) NOT NULL default '0',
  PRIMARY KEY  (`uid`,`nid`)
) ENGINE=MyISAM DEFAULT CHARSET=utf8;

-- 
-- Dumping data for table `history`
-- 

INSERT INTO `history` VALUES (141, 104, 1176156761);
INSERT INTO `history` VALUES (141, 11, 1175992999);
INSERT INTO `history` VALUES (1, 4, 1176812646);
INSERT INTO `history` VALUES (141, 62, 1176156821);
INSERT INTO `history` VALUES (141, 72, 1175992294);
INSERT INTO `history` VALUES (140, 147, 1175969747);
INSERT INTO `history` VALUES (1, 9, 1176562477);
INSERT INTO `history` VALUES (1, 11, 1176843752);
INSERT INTO `history` VALUES (140, 43, 1175969640);
INSERT INTO `history` VALUES (140, 11, 1175995669);
INSERT INTO `history` VALUES (1, 14, 1176562473);
INSERT INTO `history` VALUES (1, 16, 1174503266);
INSERT INTO `history` VALUES (1, 17, 1176762536);
INSERT INTO `history` VALUES (2, 11, 1174686184);
INSERT INTO `history` VALUES (2, 17, 1175108564);
INSERT INTO `history` VALUES (3, 17, 1174324109);
INSERT INTO `history` VALUES (2, 22, 1174684226);
INSERT INTO `history` VALUES (12, 17, 1174142326);
INSERT INTO `history` VALUES (1, 168, 1176742061);
INSERT INTO `history` VALUES (12, 11, 1175263706);
INSERT INTO `history` VALUES (1, 167, 1176742134);
INSERT INTO `history` VALUES (1, 166, 1176811364);
INSERT INTO `history` VALUES (1, 165, 1176672426);
INSERT INTO `history` VALUES (1, 21, 1176674147);
INSERT INTO `history` VALUES (5, 17, 1176812978);
INSERT INTO `history` VALUES (1, 164, 1176737573);
INSERT INTO `history` VALUES (1, 163, 1176566804);
INSERT INTO `history` VALUES (1, 162, 1176566239);
INSERT INTO `history` VALUES (1, 161, 1176566275);
INSERT INTO `history` VALUES (1, 29, 1176562481);
INSERT INTO `history` VALUES (1, 30, 1174164374);
INSERT INTO `history` VALUES (1, 35, 1176562480);
INSERT INTO `history` VALUES (1, 36, 1176327483);
INSERT INTO `history` VALUES (16, 11, 1174847674);
INSERT INTO `history` VALUES (17, 37, 1175135624);
INSERT INTO `history` VALUES (17, 11, 1174264052);
INSERT INTO `history` VALUES (20, 4, 1174228080);
INSERT INTO `history` VALUES (5, 11, 1176678156);
INSERT INTO `history` VALUES (5, 167, 1176678138);
INSERT INTO `history` VALUES (5, 168, 1176678039);
INSERT INTO `history` VALUES (1, 179, 1176810239);
INSERT INTO `history` VALUES (156, 172, 1176781876);
INSERT INTO `history` VALUES (24, 11, 1174188441);
INSERT INTO `history` VALUES (158, 179, 1176780444);
INSERT INTO `history` VALUES (20, 11, 1174228001);
INSERT INTO `history` VALUES (156, 174, 1176761789);
INSERT INTO `history` VALUES (156, 11, 1176781859);
INSERT INTO `history` VALUES (156, 179, 1176763664);
INSERT INTO `history` VALUES (1, 177, 1176740959);
INSERT INTO `history` VALUES (1, 176, 1176742096);
INSERT INTO `history` VALUES (1, 175, 1176740829);
INSERT INTO `history` VALUES (28, 11, 1174142672);
INSERT INTO `history` VALUES (1, 43, 1176726881);
INSERT INTO `history` VALUES (1, 174, 1176740673);
INSERT INTO `history` VALUES (28, 29, 1174136436);
INSERT INTO `history` VALUES (1, 173, 1176736907);
INSERT INTO `history` VALUES (28, 13, 1174138396);
INSERT INTO `history` VALUES (28, 10, 1174138414);
INSERT INTO `history` VALUES (30, 11, 1174219902);
INSERT INTO `history` VALUES (30, 17, 1174143963);
INSERT INTO `history` VALUES (30, 29, 1174142337);
INSERT INTO `history` VALUES (12, 39, 1174142332);
INSERT INTO `history` VALUES (12, 44, 1174142466);
INSERT INTO `history` VALUES (12, 37, 1174142545);
INSERT INTO `history` VALUES (12, 35, 1174529004);
INSERT INTO `history` VALUES (30, 45, 1174142990);
INSERT INTO `history` VALUES (12, 38, 1174143025);
INSERT INTO `history` VALUES (30, 46, 1174143803);
INSERT INTO `history` VALUES (30, 21, 1174144026);
INSERT INTO `history` VALUES (30, 30, 1174144075);
INSERT INTO `history` VALUES (31, 4, 1174145039);
INSERT INTO `history` VALUES (32, 47, 1176556628);
INSERT INTO `history` VALUES (32, 48, 1174150808);
INSERT INTO `history` VALUES (33, 49, 1174146104);
INSERT INTO `history` VALUES (33, 14, 1174146132);
INSERT INTO `history` VALUES (33, 11, 1174146222);
INSERT INTO `history` VALUES (34, 11, 1174154244);
INSERT INTO `history` VALUES (32, 50, 1176552413);
INSERT INTO `history` VALUES (32, 51, 1174186061);
INSERT INTO `history` VALUES (36, 11, 1176054597);
INSERT INTO `history` VALUES (36, 17, 1174163199);
INSERT INTO `history` VALUES (36, 29, 1174163634);
INSERT INTO `history` VALUES (1, 48, 1174163318);
INSERT INTO `history` VALUES (1, 47, 1174183687);
INSERT INTO `history` VALUES (36, 16, 1174164057);
INSERT INTO `history` VALUES (1, 52, 1176725219);
INSERT INTO `history` VALUES (36, 36, 1174167962);
INSERT INTO `history` VALUES (38, 11, 1174179038);
INSERT INTO `history` VALUES (38, 17, 1174179092);
INSERT INTO `history` VALUES (1, 51, 1174183651);
INSERT INTO `history` VALUES (32, 53, 1174185729);
INSERT INTO `history` VALUES (32, 11, 1176556241);
INSERT INTO `history` VALUES (32, 52, 1174186808);
INSERT INTO `history` VALUES (32, 29, 1174186960);
INSERT INTO `history` VALUES (32, 54, 1176556386);
INSERT INTO `history` VALUES (39, 11, 1174260281);
INSERT INTO `history` VALUES (39, 17, 1174189887);
INSERT INTO `history` VALUES (39, 55, 1174190296);
INSERT INTO `history` VALUES (39, 16, 1174192683);
INSERT INTO `history` VALUES (39, 29, 1174238321);
INSERT INTO `history` VALUES (40, 4, 1174195282);
INSERT INTO `history` VALUES (42, 54, 1174213135);
INSERT INTO `history` VALUES (43, 11, 1174215153);
INSERT INTO `history` VALUES (44, 56, 1176029735);
INSERT INTO `history` VALUES (44, 57, 1174217613);
INSERT INTO `history` VALUES (44, 11, 1174217621);
INSERT INTO `history` VALUES (44, 30, 1174217748);
INSERT INTO `history` VALUES (44, 17, 1174217773);
INSERT INTO `history` VALUES (30, 55, 1174219897);
INSERT INTO `history` VALUES (1, 53, 1176562375);
INSERT INTO `history` VALUES (1, 57, 1174288051);
INSERT INTO `history` VALUES (1, 58, 1174223414);
INSERT INTO `history` VALUES (45, 19, 1174225735);
INSERT INTO `history` VALUES (1, 49, 1174226167);
INSERT INTO `history` VALUES (8, 54, 1174226402);
INSERT INTO `history` VALUES (8, 42, 1174226414);
INSERT INTO `history` VALUES (1, 54, 1174226505);
INSERT INTO `history` VALUES (39, 43, 1174228864);
INSERT INTO `history` VALUES (39, 35, 1174228877);
INSERT INTO `history` VALUES (39, 36, 1174228878);
INSERT INTO `history` VALUES (39, 13, 1174228907);
INSERT INTO `history` VALUES (39, 9, 1174228908);
INSERT INTO `history` VALUES (39, 14, 1174228920);
INSERT INTO `history` VALUES (39, 59, 1174230772);
INSERT INTO `history` VALUES (39, 60, 1174231203);
INSERT INTO `history` VALUES (39, 22, 1174260308);
INSERT INTO `history` VALUES (39, 61, 1174231551);
INSERT INTO `history` VALUES (20, 62, 1174231825);
INSERT INTO `history` VALUES (20, 52, 1174232039);
INSERT INTO `history` VALUES (20, 63, 1174233365);
INSERT INTO `history` VALUES (20, 64, 1174233254);
INSERT INTO `history` VALUES (1, 65, 1176141197);
INSERT INTO `history` VALUES (48, 11, 1174233874);
INSERT INTO `history` VALUES (39, 65, 1174238386);
INSERT INTO `history` VALUES (1, 61, 1174244951);
INSERT INTO `history` VALUES (49, 62, 1174246681);
INSERT INTO `history` VALUES (49, 11, 1175312060);
INSERT INTO `history` VALUES (21, 29, 1174248501);
INSERT INTO `history` VALUES (21, 36, 1174248797);
INSERT INTO `history` VALUES (50, 16, 1174263525);
INSERT INTO `history` VALUES (50, 65, 1174263610);
INSERT INTO `history` VALUES (50, 29, 1174263621);
INSERT INTO `history` VALUES (50, 66, 1174263868);
INSERT INTO `history` VALUES (51, 63, 1174266164);
INSERT INTO `history` VALUES (51, 65, 1174277396);
INSERT INTO `history` VALUES (53, 43, 1174356620);
INSERT INTO `history` VALUES (53, 65, 1174356501);
INSERT INTO `history` VALUES (53, 63, 1174275610);
INSERT INTO `history` VALUES (53, 17, 1174275725);
INSERT INTO `history` VALUES (53, 29, 1174276089);
INSERT INTO `history` VALUES (51, 43, 1174277387);
INSERT INTO `history` VALUES (51, 52, 1174277399);
INSERT INTO `history` VALUES (1, 22, 1174279239);
INSERT INTO `history` VALUES (1, 41, 1174286241);
INSERT INTO `history` VALUES (1, 67, 1174288142);
INSERT INTO `history` VALUES (1, 68, 1174288263);
INSERT INTO `history` VALUES (1, 56, 1174288083);
INSERT INTO `history` VALUES (1, 69, 1174289066);
INSERT INTO `history` VALUES (1, 62, 1174288978);
INSERT INTO `history` VALUES (7, 69, 1174289139);
INSERT INTO `history` VALUES (36, 70, 1176551075);
INSERT INTO `history` VALUES (36, 52, 1174307163);
INSERT INTO `history` VALUES (36, 65, 1174361528);
INSERT INTO `history` VALUES (54, 62, 1174316591);
INSERT INTO `history` VALUES (54, 14, 1174316745);
INSERT INTO `history` VALUES (54, 21, 1174316781);
INSERT INTO `history` VALUES (55, 11, 1174317114);
INSERT INTO `history` VALUES (55, 54, 1174317151);
INSERT INTO `history` VALUES (55, 63, 1174317187);
INSERT INTO `history` VALUES (55, 4, 1174317209);
INSERT INTO `history` VALUES (54, 63, 1174317293);
INSERT INTO `history` VALUES (1, 70, 1174588371);
INSERT INTO `history` VALUES (3, 71, 1174322931);
INSERT INTO `history` VALUES (47, 72, 1174326766);
INSERT INTO `history` VALUES (3, 43, 1174324524);
INSERT INTO `history` VALUES (47, 43, 1174324570);
INSERT INTO `history` VALUES (57, 73, 1174324631);
INSERT INTO `history` VALUES (57, 11, 1174408519);
INSERT INTO `history` VALUES (57, 62, 1174324642);
INSERT INTO `history` VALUES (57, 52, 1174324684);
INSERT INTO `history` VALUES (3, 74, 1174324833);
INSERT INTO `history` VALUES (47, 11, 1174324779);
INSERT INTO `history` VALUES (47, 75, 1174390049);
INSERT INTO `history` VALUES (57, 75, 1174958045);
INSERT INTO `history` VALUES (57, 72, 1174326545);
INSERT INTO `history` VALUES (47, 76, 1174324976);
INSERT INTO `history` VALUES (58, 75, 1174324988);
INSERT INTO `history` VALUES (58, 63, 1174324996);
INSERT INTO `history` VALUES (3, 77, 1174325850);
INSERT INTO `history` VALUES (37, 75, 1175329577);
INSERT INTO `history` VALUES (58, 78, 1174325245);
INSERT INTO `history` VALUES (58, 79, 1174325332);
INSERT INTO `history` VALUES (37, 80, 1174437621);
INSERT INTO `history` VALUES (60, 72, 1174325457);
INSERT INTO `history` VALUES (60, 75, 1174328145);
INSERT INTO `history` VALUES (60, 11, 1174327197);
INSERT INTO `history` VALUES (37, 43, 1174328404);
INSERT INTO `history` VALUES (37, 52, 1174327370);
INSERT INTO `history` VALUES (37, 65, 1174327571);
INSERT INTO `history` VALUES (62, 11, 1175185008);
INSERT INTO `history` VALUES (62, 43, 1174327502);
INSERT INTO `history` VALUES (57, 80, 1174327619);
INSERT INTO `history` VALUES (37, 11, 1175298661);
INSERT INTO `history` VALUES (37, 30, 1174328395);
INSERT INTO `history` VALUES (1, 75, 1175408564);
INSERT INTO `history` VALUES (36, 60, 1174336216);
INSERT INTO `history` VALUES (36, 43, 1174361541);
INSERT INTO `history` VALUES (36, 75, 1174358389);
INSERT INTO `history` VALUES (52, 11, 1174355699);
INSERT INTO `history` VALUES (52, 4, 1174355624);
INSERT INTO `history` VALUES (53, 70, 1174357069);
INSERT INTO `history` VALUES (53, 81, 1174356489);
INSERT INTO `history` VALUES (53, 52, 1174356639);
INSERT INTO `history` VALUES (53, 16, 1174356675);
INSERT INTO `history` VALUES (53, 82, 1174357015);
INSERT INTO `history` VALUES (53, 64, 1174357050);
INSERT INTO `history` VALUES (36, 83, 1174357346);
INSERT INTO `history` VALUES (36, 84, 1174358117);
INSERT INTO `history` VALUES (36, 85, 1174474204);
INSERT INTO `history` VALUES (36, 86, 1174358307);
INSERT INTO `history` VALUES (65, 11, 1174394126);
INSERT INTO `history` VALUES (36, 87, 1175196584);
INSERT INTO `history` VALUES (36, 88, 1174512534);
INSERT INTO `history` VALUES (1, 88, 1174404115);
INSERT INTO `history` VALUES (65, 89, 1175344550);
INSERT INTO `history` VALUES (65, 52, 1174393828);
INSERT INTO `history` VALUES (65, 65, 1174393892);
INSERT INTO `history` VALUES (63, 11, 1176165845);
INSERT INTO `history` VALUES (63, 65, 1176165512);
INSERT INTO `history` VALUES (63, 43, 1174526551);
INSERT INTO `history` VALUES (66, 11, 1174402544);
INSERT INTO `history` VALUES (66, 46, 1174398750);
INSERT INTO `history` VALUES (66, 43, 1174398824);
INSERT INTO `history` VALUES (66, 30, 1174398820);
INSERT INTO `history` VALUES (49, 90, 1175131069);
INSERT INTO `history` VALUES (49, 75, 1174958054);
INSERT INTO `history` VALUES (66, 91, 1174399436);
INSERT INTO `history` VALUES (12, 83, 1174404751);
INSERT INTO `history` VALUES (12, 87, 1174676776);
INSERT INTO `history` VALUES (1, 80, 1174405982);
INSERT INTO `history` VALUES (56, 11, 1174514456);
INSERT INTO `history` VALUES (57, 90, 1174408618);
INSERT INTO `history` VALUES (12, 61, 1174409131);
INSERT INTO `history` VALUES (12, 60, 1174409140);
INSERT INTO `history` VALUES (12, 59, 1174672170);
INSERT INTO `history` VALUES (67, 92, 1174410479);
INSERT INTO `history` VALUES (67, 65, 1174410496);
INSERT INTO `history` VALUES (67, 52, 1174410549);
INSERT INTO `history` VALUES (67, 93, 1174410696);
INSERT INTO `history` VALUES (1, 87, 1174851898);
INSERT INTO `history` VALUES (1, 86, 1174416866);
INSERT INTO `history` VALUES (68, 62, 1174421413);
INSERT INTO `history` VALUES (68, 94, 1174566314);
INSERT INTO `history` VALUES (68, 74, 1174421672);
INSERT INTO `history` VALUES (68, 70, 1174421864);
INSERT INTO `history` VALUES (68, 83, 1174421880);
INSERT INTO `history` VALUES (68, 63, 1174422725);
INSERT INTO `history` VALUES (68, 64, 1174424416);
INSERT INTO `history` VALUES (69, 94, 1174432803);
INSERT INTO `history` VALUES (69, 62, 1174432690);
INSERT INTO `history` VALUES (69, 54, 1174432878);
INSERT INTO `history` VALUES (69, 90, 1174432899);
INSERT INTO `history` VALUES (69, 85, 1174432921);
INSERT INTO `history` VALUES (69, 84, 1174432922);
INSERT INTO `history` VALUES (69, 83, 1174432927);
INSERT INTO `history` VALUES (69, 73, 1174432929);
INSERT INTO `history` VALUES (69, 76, 1174432939);
INSERT INTO `history` VALUES (69, 72, 1174432939);
INSERT INTO `history` VALUES (69, 80, 1174432943);
INSERT INTO `history` VALUES (69, 75, 1174432954);
INSERT INTO `history` VALUES (69, 11, 1174432959);
INSERT INTO `history` VALUES (69, 52, 1174433042);
INSERT INTO `history` VALUES (69, 43, 1174433043);
INSERT INTO `history` VALUES (69, 65, 1175128123);
INSERT INTO `history` VALUES (69, 95, 1175128142);
INSERT INTO `history` VALUES (69, 96, 1174436237);
INSERT INTO `history` VALUES (69, 97, 1174436539);
INSERT INTO `history` VALUES (69, 98, 1174436712);
INSERT INTO `history` VALUES (69, 86, 1174437346);
INSERT INTO `history` VALUES (68, 93, 1174439775);
INSERT INTO `history` VALUES (53, 83, 1174442397);
INSERT INTO `history` VALUES (53, 88, 1174442594);
INSERT INTO `history` VALUES (53, 11, 1174442602);
INSERT INTO `history` VALUES (70, 95, 1174445901);
INSERT INTO `history` VALUES (1, 98, 1175122261);
INSERT INTO `history` VALUES (1, 95, 1174503409);
INSERT INTO `history` VALUES (71, 11, 1175207354);
INSERT INTO `history` VALUES (72, 11, 1174473677);
INSERT INTO `history` VALUES (72, 43, 1174473687);
INSERT INTO `history` VALUES (1, 97, 1176179819);
INSERT INTO `history` VALUES (68, 68, 1174488408);
INSERT INTO `history` VALUES (74, 94, 1174502831);
INSERT INTO `history` VALUES (74, 73, 1174502880);
INSERT INTO `history` VALUES (75, 95, 1174503769);
INSERT INTO `history` VALUES (1, 99, 1174503824);
INSERT INTO `history` VALUES (36, 99, 1174512547);
INSERT INTO `history` VALUES (56, 99, 1174504446);
INSERT INTO `history` VALUES (56, 100, 1174514325);
INSERT INTO `history` VALUES (56, 101, 1174514277);
INSERT INTO `history` VALUES (56, 102, 1174514430);
INSERT INTO `history` VALUES (82, 65, 1174524251);
INSERT INTO `history` VALUES (64, 70, 1176554862);
INSERT INTO `history` VALUES (64, 84, 1174525908);
INSERT INTO `history` VALUES (63, 103, 1174961779);
INSERT INTO `history` VALUES (82, 11, 1174527254);
INSERT INTO `history` VALUES (82, 43, 1174527378);
INSERT INTO `history` VALUES (78, 11, 1174529087);
INSERT INTO `history` VALUES (78, 52, 1174529312);
INSERT INTO `history` VALUES (1, 90, 1174530185);
INSERT INTO `history` VALUES (62, 70, 1175142521);
INSERT INTO `history` VALUES (68, 104, 1174567894);
INSERT INTO `history` VALUES (68, 105, 1174566937);
INSERT INTO `history` VALUES (68, 11, 1174567082);
INSERT INTO `history` VALUES (68, 106, 1174568055);
INSERT INTO `history` VALUES (68, 107, 1174567852);
INSERT INTO `history` VALUES (68, 65, 1174567777);
INSERT INTO `history` VALUES (83, 108, 1174571141);
INSERT INTO `history` VALUES (1, 109, 1174769059);
INSERT INTO `history` VALUES (84, 11, 1174602510);
INSERT INTO `history` VALUES (84, 94, 1174602321);
INSERT INTO `history` VALUES (84, 30, 1174602586);
INSERT INTO `history` VALUES (84, 43, 1174603365);
INSERT INTO `history` VALUES (84, 52, 1174603361);
INSERT INTO `history` VALUES (84, 65, 1174602613);
INSERT INTO `history` VALUES (53, 99, 1174614091);
INSERT INTO `history` VALUES (85, 106, 1174628210);
INSERT INTO `history` VALUES (85, 11, 1174679916);
INSERT INTO `history` VALUES (85, 52, 1174628235);
INSERT INTO `history` VALUES (85, 110, 1174680633);
INSERT INTO `history` VALUES (85, 104, 1174678763);
INSERT INTO `history` VALUES (64, 99, 1174645523);
INSERT INTO `history` VALUES (64, 87, 1175691695);
INSERT INTO `history` VALUES (82, 87, 1174657771);
INSERT INTO `history` VALUES (85, 43, 1174678486);
INSERT INTO `history` VALUES (85, 35, 1174679024);
INSERT INTO `history` VALUES (78, 111, 1174715799);
INSERT INTO `history` VALUES (78, 112, 1174716279);
INSERT INTO `history` VALUES (1, 112, 1174769029);
INSERT INTO `history` VALUES (89, 94, 1174779241);
INSERT INTO `history` VALUES (89, 11, 1174779338);
INSERT INTO `history` VALUES (90, 43, 1174826456);
INSERT INTO `history` VALUES (90, 65, 1174826333);
INSERT INTO `history` VALUES (90, 11, 1174826430);
INSERT INTO `history` VALUES (90, 93, 1174826411);
INSERT INTO `history` VALUES (16, 65, 1174847494);
INSERT INTO `history` VALUES (16, 52, 1174847502);
INSERT INTO `history` VALUES (16, 63, 1174847685);
INSERT INTO `history` VALUES (1, 94, 1174851903);
INSERT INTO `history` VALUES (1, 110, 1174851917);
INSERT INTO `history` VALUES (1, 108, 1174851922);
INSERT INTO `history` VALUES (1, 96, 1174852024);
INSERT INTO `history` VALUES (1, 105, 1174852128);
INSERT INTO `history` VALUES (92, 11, 1175007826);
INSERT INTO `history` VALUES (92, 52, 1174865221);
INSERT INTO `history` VALUES (94, 47, 1174884515);
INSERT INTO `history` VALUES (94, 105, 1174884629);
INSERT INTO `history` VALUES (94, 70, 1174926045);
INSERT INTO `history` VALUES (96, 52, 1174937895);
INSERT INTO `history` VALUES (97, 65, 1174940535);
INSERT INTO `history` VALUES (98, 113, 1174941911);
INSERT INTO `history` VALUES (98, 85, 1174941921);
INSERT INTO `history` VALUES (99, 65, 1174953952);
INSERT INTO `history` VALUES (100, 11, 1174957088);
INSERT INTO `history` VALUES (100, 52, 1174957492);
INSERT INTO `history` VALUES (49, 43, 1175131037);
INSERT INTO `history` VALUES (63, 75, 1176165648);
INSERT INTO `history` VALUES (63, 52, 1175187652);
INSERT INTO `history` VALUES (63, 114, 1174961814);
INSERT INTO `history` VALUES (63, 115, 1174962163);
INSERT INTO `history` VALUES (63, 116, 1174962580);
INSERT INTO `history` VALUES (1, 115, 1174963688);
INSERT INTO `history` VALUES (102, 29, 1174988247);
INSERT INTO `history` VALUES (102, 104, 1174988268);
INSERT INTO `history` VALUES (103, 11, 1175010622);
INSERT INTO `history` VALUES (103, 52, 1175010828);
INSERT INTO `history` VALUES (103, 65, 1175010831);
INSERT INTO `history` VALUES (37, 117, 1176228863);
INSERT INTO `history` VALUES (104, 17, 1175012775);
INSERT INTO `history` VALUES (104, 11, 1175117745);
INSERT INTO `history` VALUES (37, 118, 1175138724);
INSERT INTO `history` VALUES (37, 119, 1175304262);
INSERT INTO `history` VALUES (37, 120, 1175013566);
INSERT INTO `history` VALUES (37, 121, 1175301174);
INSERT INTO `history` VALUES (1, 121, 1175016492);
INSERT INTO `history` VALUES (1, 117, 1175100729);
INSERT INTO `history` VALUES (1, 93, 1175016973);
INSERT INTO `history` VALUES (105, 117, 1175034972);
INSERT INTO `history` VALUES (105, 43, 1175035601);
INSERT INTO `history` VALUES (105, 122, 1175035160);
INSERT INTO `history` VALUES (105, 75, 1175035257);
INSERT INTO `history` VALUES (105, 86, 1175035247);
INSERT INTO `history` VALUES (105, 70, 1175035302);
INSERT INTO `history` VALUES (105, 87, 1175035382);
INSERT INTO `history` VALUES (106, 123, 1175085711);
INSERT INTO `history` VALUES (106, 124, 1175085798);
INSERT INTO `history` VALUES (106, 125, 1175086012);
INSERT INTO `history` VALUES (106, 126, 1175086007);
INSERT INTO `history` VALUES (1, 126, 1175097233);
INSERT INTO `history` VALUES (1, 125, 1175097254);
INSERT INTO `history` VALUES (1, 123, 1175097297);
INSERT INTO `history` VALUES (107, 95, 1175104729);
INSERT INTO `history` VALUES (17, 75, 1175105763);
INSERT INTO `history` VALUES (17, 117, 1175105915);
INSERT INTO `history` VALUES (2, 43, 1175108537);
INSERT INTO `history` VALUES (104, 100, 1175117814);
INSERT INTO `history` VALUES (104, 75, 1175117828);
INSERT INTO `history` VALUES (49, 30, 1175131048);
INSERT INTO `history` VALUES (49, 74, 1175123661);
INSERT INTO `history` VALUES (49, 65, 1175123665);
INSERT INTO `history` VALUES (49, 52, 1175131059);
INSERT INTO `history` VALUES (37, 127, 1175182504);
INSERT INTO `history` VALUES (45, 11, 1175132460);
INSERT INTO `history` VALUES (1, 127, 1175133838);
INSERT INTO `history` VALUES (17, 127, 1175162144);
INSERT INTO `history` VALUES (12, 47, 1175134559);
INSERT INTO `history` VALUES (12, 75, 1176484503);
INSERT INTO `history` VALUES (62, 75, 1175142674);
INSERT INTO `history` VALUES (62, 103, 1175142642);
INSERT INTO `history` VALUES (108, 93, 1175143844);
INSERT INTO `history` VALUES (108, 11, 1175226889);
INSERT INTO `history` VALUES (62, 117, 1175527842);
INSERT INTO `history` VALUES (108, 65, 1175142824);
INSERT INTO `history` VALUES (62, 109, 1175142968);
INSERT INTO `history` VALUES (62, 62, 1175143061);
INSERT INTO `history` VALUES (108, 52, 1175143303);
INSERT INTO `history` VALUES (108, 43, 1175143479);
INSERT INTO `history` VALUES (108, 128, 1175226850);
INSERT INTO `history` VALUES (109, 88, 1175163305);
INSERT INTO `history` VALUES (109, 43, 1175163348);
INSERT INTO `history` VALUES (111, 69, 1175169758);
INSERT INTO `history` VALUES (111, 72, 1175169849);
INSERT INTO `history` VALUES (111, 75, 1175169865);
INSERT INTO `history` VALUES (12, 117, 1176477562);
INSERT INTO `history` VALUES (12, 118, 1175182746);
INSERT INTO `history` VALUES (63, 129, 1176165853);
INSERT INTO `history` VALUES (112, 62, 1175508196);
INSERT INTO `history` VALUES (112, 104, 1175248103);
INSERT INTO `history` VALUES (112, 130, 1175507694);
INSERT INTO `history` VALUES (112, 107, 1175506500);
INSERT INTO `history` VALUES (112, 74, 1175247935);
INSERT INTO `history` VALUES (112, 10, 1175247949);
INSERT INTO `history` VALUES (112, 129, 1175247980);
INSERT INTO `history` VALUES (112, 43, 1175507923);
INSERT INTO `history` VALUES (112, 11, 1175508235);
INSERT INTO `history` VALUES (62, 83, 1175248550);
INSERT INTO `history` VALUES (112, 131, 1175511136);
INSERT INTO `history` VALUES (105, 11, 1175274525);
INSERT INTO `history` VALUES (115, 62, 1175277209);
INSERT INTO `history` VALUES (115, 94, 1175277199);
INSERT INTO `history` VALUES (115, 11, 1175277399);
INSERT INTO `history` VALUES (115, 104, 1175277342);
INSERT INTO `history` VALUES (115, 106, 1175277381);
INSERT INTO `history` VALUES (1, 130, 1175290096);
INSERT INTO `history` VALUES (1, 85, 1175290960);
INSERT INTO `history` VALUES (1, 132, 1175290670);
INSERT INTO `history` VALUES (1, 133, 1175291127);
INSERT INTO `history` VALUES (116, 11, 1175522019);
INSERT INTO `history` VALUES (117, 43, 1175302648);
INSERT INTO `history` VALUES (117, 117, 1175302666);
INSERT INTO `history` VALUES (117, 62, 1175302805);
INSERT INTO `history` VALUES (37, 134, 1176228826);
INSERT INTO `history` VALUES (17, 134, 1176080768);
INSERT INTO `history` VALUES (65, 135, 1175344651);
INSERT INTO `history` VALUES (65, 136, 1175344771);
INSERT INTO `history` VALUES (65, 137, 1175345832);
INSERT INTO `history` VALUES (116, 88, 1175345299);
INSERT INTO `history` VALUES (65, 138, 1175345330);
INSERT INTO `history` VALUES (116, 117, 1175345345);
INSERT INTO `history` VALUES (1, 137, 1175345399);
INSERT INTO `history` VALUES (65, 139, 1175345532);
INSERT INTO `history` VALUES (65, 130, 1175345937);
INSERT INTO `history` VALUES (65, 84, 1175346089);
INSERT INTO `history` VALUES (65, 83, 1175346114);
INSERT INTO `history` VALUES (65, 94, 1175346195);
INSERT INTO `history` VALUES (120, 140, 1175382558);
INSERT INTO `history` VALUES (120, 11, 1175382710);
INSERT INTO `history` VALUES (120, 100, 1175382480);
INSERT INTO `history` VALUES (120, 129, 1175382494);
INSERT INTO `history` VALUES (120, 117, 1175382528);
INSERT INTO `history` VALUES (120, 52, 1175382595);
INSERT INTO `history` VALUES (121, 88, 1175388777);
INSERT INTO `history` VALUES (121, 11, 1175389086);
INSERT INTO `history` VALUES (121, 141, 1175389637);
INSERT INTO `history` VALUES (121, 142, 1175389563);
INSERT INTO `history` VALUES (1, 142, 1175540338);
INSERT INTO `history` VALUES (122, 35, 1175496061);
INSERT INTO `history` VALUES (122, 129, 1175496169);
INSERT INTO `history` VALUES (122, 100, 1175496186);
INSERT INTO `history` VALUES (122, 95, 1175496194);
INSERT INTO `history` VALUES (122, 11, 1175497152);
INSERT INTO `history` VALUES (122, 30, 1175496540);
INSERT INTO `history` VALUES (122, 36, 1175496563);
INSERT INTO `history` VALUES (122, 43, 1175496642);
INSERT INTO `history` VALUES (112, 21, 1175506477);
INSERT INTO `history` VALUES (112, 9, 1175506490);
INSERT INTO `history` VALUES (112, 29, 1175508064);
INSERT INTO `history` VALUES (112, 65, 1175507847);
INSERT INTO `history` VALUES (112, 52, 1175507909);
INSERT INTO `history` VALUES (112, 94, 1175508189);
INSERT INTO `history` VALUES (112, 75, 1175508250);
INSERT INTO `history` VALUES (1, 104, 1175518284);
INSERT INTO `history` VALUES (123, 70, 1175561038);
INSERT INTO `history` VALUES (62, 119, 1175527853);
INSERT INTO `history` VALUES (124, 43, 1175538710);
INSERT INTO `history` VALUES (124, 11, 1175538701);
INSERT INTO `history` VALUES (124, 62, 1175538855);
INSERT INTO `history` VALUES (1, 72, 1175540388);
INSERT INTO `history` VALUES (1, 106, 1175568235);
INSERT INTO `history` VALUES (1, 107, 1175568237);
INSERT INTO `history` VALUES (31, 52, 1175571085);
INSERT INTO `history` VALUES (31, 11, 1175571422);
INSERT INTO `history` VALUES (125, 63, 1175605745);
INSERT INTO `history` VALUES (125, 52, 1175605983);
INSERT INTO `history` VALUES (125, 65, 1175605979);
INSERT INTO `history` VALUES (125, 43, 1175605945);
INSERT INTO `history` VALUES (129, 143, 1175632260);
INSERT INTO `history` VALUES (129, 17, 1175632317);
INSERT INTO `history` VALUES (1, 143, 1175642906);
INSERT INTO `history` VALUES (33, 43, 1175651044);
INSERT INTO `history` VALUES (64, 85, 1175691686);
INSERT INTO `history` VALUES (132, 100, 1175695805);
INSERT INTO `history` VALUES (133, 104, 1175711332);
INSERT INTO `history` VALUES (133, 107, 1175710584);
INSERT INTO `history` VALUES (133, 144, 1175710667);
INSERT INTO `history` VALUES (133, 43, 1175715351);
INSERT INTO `history` VALUES (133, 106, 1175711402);
INSERT INTO `history` VALUES (133, 145, 1175711314);
INSERT INTO `history` VALUES (133, 65, 1175715357);
INSERT INTO `history` VALUES (133, 35, 1175714415);
INSERT INTO `history` VALUES (133, 62, 1175715382);
INSERT INTO `history` VALUES (133, 9, 1175715338);
INSERT INTO `history` VALUES (133, 78, 1175715343);
INSERT INTO `history` VALUES (112, 106, 1175763547);
INSERT INTO `history` VALUES (112, 144, 1175763623);
INSERT INTO `history` VALUES (135, 43, 1175784114);
INSERT INTO `history` VALUES (135, 52, 1175784543);
INSERT INTO `history` VALUES (135, 65, 1175784220);
INSERT INTO `history` VALUES (135, 104, 1175784255);
INSERT INTO `history` VALUES (135, 3, 1175784300);
INSERT INTO `history` VALUES (135, 106, 1175784399);
INSERT INTO `history` VALUES (135, 11, 1175784412);
INSERT INTO `history` VALUES (135, 30, 1175784463);
INSERT INTO `history` VALUES (135, 21, 1175784479);
INSERT INTO `history` VALUES (135, 9, 1175784505);
INSERT INTO `history` VALUES (134, 94, 1175784983);
INSERT INTO `history` VALUES (113, 129, 1175802254);
INSERT INTO `history` VALUES (113, 43, 1175802282);
INSERT INTO `history` VALUES (113, 52, 1175802287);
INSERT INTO `history` VALUES (138, 11, 1175808602);
INSERT INTO `history` VALUES (138, 62, 1175808476);
INSERT INTO `history` VALUES (138, 94, 1175808460);
INSERT INTO `history` VALUES (138, 146, 1175808596);
INSERT INTO `history` VALUES (1, 146, 1175808603);
INSERT INTO `history` VALUES (138, 90, 1175808623);
INSERT INTO `history` VALUES (138, 65, 1175808657);
INSERT INTO `history` VALUES (138, 14, 1175808747);
INSERT INTO `history` VALUES (138, 36, 1175809176);
INSERT INTO `history` VALUES (138, 30, 1175809257);
INSERT INTO `history` VALUES (139, 43, 1175830845);
INSERT INTO `history` VALUES (139, 52, 1175830866);
INSERT INTO `history` VALUES (139, 93, 1175831054);
INSERT INTO `history` VALUES (1, 129, 1175864191);
INSERT INTO `history` VALUES (140, 88, 1176071554);
INSERT INTO `history` VALUES (44, 148, 1176029618);
INSERT INTO `history` VALUES (1, 148, 1176216876);
INSERT INTO `history` VALUES (140, 52, 1176071747);
INSERT INTO `history` VALUES (140, 14, 1176071815);
INSERT INTO `history` VALUES (140, 35, 1176071825);
INSERT INTO `history` VALUES (140, 149, 1176073196);
INSERT INTO `history` VALUES (142, 11, 1176138249);
INSERT INTO `history` VALUES (142, 150, 1176138228);
INSERT INTO `history` VALUES (1, 149, 1176081295);
INSERT INTO `history` VALUES (142, 151, 1176131718);
INSERT INTO `history` VALUES (142, 152, 1176138177);
INSERT INTO `history` VALUES (142, 153, 1176131983);
INSERT INTO `history` VALUES (142, 154, 1176132126);
INSERT INTO `history` VALUES (142, 43, 1176132772);
INSERT INTO `history` VALUES (142, 155, 1176132655);
INSERT INTO `history` VALUES (142, 65, 1176132579);
INSERT INTO `history` VALUES (142, 52, 1176132582);
INSERT INTO `history` VALUES (142, 88, 1176132769);
INSERT INTO `history` VALUES (142, 149, 1176138547);
INSERT INTO `history` VALUES (1, 152, 1176179294);
INSERT INTO `history` VALUES (1, 154, 1176177694);
INSERT INTO `history` VALUES (1, 150, 1176141194);
INSERT INTO `history` VALUES (63, 117, 1176165601);
INSERT INTO `history` VALUES (143, 52, 1176173835);
INSERT INTO `history` VALUES (143, 43, 1176173923);
INSERT INTO `history` VALUES (143, 65, 1176173983);
INSERT INTO `history` VALUES (1, 145, 1176181307);
INSERT INTO `history` VALUES (1, 122, 1176181278);
INSERT INTO `history` VALUES (89, 106, 1176297642);
INSERT INTO `history` VALUES (89, 144, 1176297711);
INSERT INTO `history` VALUES (89, 107, 1176297739);
INSERT INTO `history` VALUES (145, 52, 1176305437);
INSERT INTO `history` VALUES (62, 134, 1176331782);
INSERT INTO `history` VALUES (146, 73, 1176395490);
INSERT INTO `history` VALUES (146, 17, 1176399904);
INSERT INTO `history` VALUES (146, 39, 1176395622);
INSERT INTO `history` VALUES (146, 11, 1176399452);
INSERT INTO `history` VALUES (146, 32, 1176399824);
INSERT INTO `history` VALUES (146, 62, 1176399928);
INSERT INTO `history` VALUES (146, 94, 1176399994);
INSERT INTO `history` VALUES (148, 106, 1176409570);
INSERT INTO `history` VALUES (148, 149, 1176409786);
INSERT INTO `history` VALUES (148, 104, 1176409875);
INSERT INTO `history` VALUES (1, 50, 1176412283);
INSERT INTO `history` VALUES (151, 104, 1176442977);
INSERT INTO `history` VALUES (152, 11, 1176443128);
INSERT INTO `history` VALUES (151, 107, 1176443437);
INSERT INTO `history` VALUES (151, 11, 1176443400);
INSERT INTO `history` VALUES (152, 156, 1176443335);
INSERT INTO `history` VALUES (152, 157, 1176443569);
INSERT INTO `history` VALUES (153, 158, 1176460561);
INSERT INTO `history` VALUES (153, 104, 1176460337);
INSERT INTO `history` VALUES (153, 62, 1176460428);
INSERT INTO `history` VALUES (148, 52, 1176461668);
INSERT INTO `history` VALUES (32, 159, 1176552353);
INSERT INTO `history` VALUES (32, 65, 1176552760);
INSERT INTO `history` VALUES (32, 43, 1176556083);
INSERT INTO `history` VALUES (32, 160, 1176556379);
INSERT INTO `history` VALUES (155, 104, 1176554754);
INSERT INTO `history` VALUES (1, 159, 1176554759);
INSERT INTO `history` VALUES (155, 52, 1176554939);
INSERT INTO `history` VALUES (148, 11, 1176556625);
INSERT INTO `history` VALUES (32, 143, 1176556044);
INSERT INTO `history` VALUES (148, 43, 1176556636);
INSERT INTO `history` VALUES (32, 75, 1176556708);
INSERT INTO `history` VALUES (148, 90, 1176556753);
INSERT INTO `history` VALUES (1, 111, 1176562253);
INSERT INTO `history` VALUES (1, 169, 1176681516);
INSERT INTO `history` VALUES (1, 170, 1176761006);
INSERT INTO `history` VALUES (1, 171, 1176759614);
INSERT INTO `history` VALUES (1, 172, 1176811335);
INSERT INTO `history` VALUES (1, 182, 1176810962);
INSERT INTO `history` VALUES (5, 52, 1176812701);
INSERT INTO `history` VALUES (5, 172, 1176812996);

-- --------------------------------------------------------

-- 
-- Table structure for table `menu`
-- 

CREATE TABLE `menu` (
  `mid` int(10) unsigned NOT NULL default '0',
  `pid` int(10) unsigned NOT NULL default '0',
  `path` varchar(255) NOT NULL default '',
  `title` varchar(255) NOT NULL default '',
  `description` varchar(255) NOT NULL default '',
  `weight` tinyint(4) NOT NULL default '0',
  `type` int(10) unsigned NOT NULL default '0',
  PRIMARY KEY  (`mid`)
) ENGINE=MyISAM DEFAULT CHARSET=utf8;

-- 
-- Dumping data for table `menu`
-- 

INSERT INTO `menu` VALUES (2, 0, '', 'Primary links', '', 0, 115);
INSERT INTO `menu` VALUES (3, 1, 'filter/tips', 'Compose tips', '', 0, 20);
INSERT INTO `menu` VALUES (4, 1, 'node', 'Content', '', 0, 16);
INSERT INTO `menu` VALUES (5, 95, 'admin', 'Admin Overview', '', 9, 54);
INSERT INTO `menu` VALUES (6, 1, 'logout', 'Log out', '', 10, 22);
INSERT INTO `menu` VALUES (7, 5, 'admin/help', 'Help', '', 9, 22);
INSERT INTO `menu` VALUES (8, 5, 'admin/content', 'Content management', 'Manage your site''s content.', -10, 22);
INSERT INTO `menu` VALUES (9, 96, 'node/add', 'Create general content', 'Create new public content', 1, 62);
INSERT INTO `menu` VALUES (10, 5, 'admin/settings', 'Site configuration', 'Adjust basic site configuration options.', -5, 22);
INSERT INTO `menu` VALUES (11, 5, 'admin/build', 'Site building', 'Control how your site looks and feels.', -10, 22);
INSERT INTO `menu` VALUES (12, 5, 'admin/logs', 'Logs', 'View system logs and other status information.', 5, 22);
INSERT INTO `menu` VALUES (13, 5, 'admin/user', 'User management', 'Manage your site''s users, groups and access to site features.', 0, 22);
INSERT INTO `menu` VALUES (14, 11, 'admin/build/block', 'Blocks', 'Configure what block content appears in your site''s sidebars and other regions.', 0, 22);
INSERT INTO `menu` VALUES (15, 8, 'admin/content/comment', 'Comments', 'List and edit site comments and the comment moderation queue.', 0, 22);
INSERT INTO `menu` VALUES (16, 10, 'admin/settings/filters', 'Input formats', 'Configure how content input by users is filtered, including allowed HTML tags, PHP code tags. Also allows enabling of module-provided filters.', 0, 22);
INSERT INTO `menu` VALUES (17, 11, 'admin/build/menu', 'Menus', 'Control your site''s navigation menu, primary links and secondary links. as well as rename and reorganize menu items.', 0, 22);
INSERT INTO `menu` VALUES (18, 8, 'admin/content/node', 'Content', 'View, edit, and delete your site''s content.', 0, 22);
INSERT INTO `menu` VALUES (19, 8, 'admin/content/search', 'Search content', 'Search content by keyword.', 0, 22);
INSERT INTO `menu` VALUES (20, 8, 'admin/content/node-settings', 'Post settings', 'Control posting behavior, such as teaser length, requiring previews before posting, and the number of posts on the front page.', 0, 22);
INSERT INTO `menu` VALUES (21, 8, 'admin/content/types', 'Content types', 'Manage posts by content type, including default status, front page promotion, etc.', 0, 22);
INSERT INTO `menu` VALUES (22, 9, 'node/add/blog', 'Blog entry', '', 0, 22);
INSERT INTO `menu` VALUES (23, 9, 'node/add/page', 'Page', '', 0, 22);
INSERT INTO `menu` VALUES (24, 9, 'node/add/story', 'Story', '', 0, 22);
INSERT INTO `menu` VALUES (25, 10, 'admin/settings/admin', 'Administration theme', 'Settings for how your administrative pages should look.', 0, 22);
INSERT INTO `menu` VALUES (26, 11, 'admin/build/themes', 'Themes', 'Change which theme your site uses or allows users to set.', 0, 22);
INSERT INTO `menu` VALUES (27, 11, 'admin/build/modules', 'Modules', 'Enable or disable add-on modules for your site.', 0, 22);
INSERT INTO `menu` VALUES (28, 10, 'admin/settings/site-information', 'Site information', 'Change basic site information, such as the site name, slogan, e-mail address, mission, front page and more.', 0, 22);
INSERT INTO `menu` VALUES (29, 10, 'admin/settings/error-reporting', 'Error reporting', 'Control how Drupal deals with errors including 403/404 errors as well as PHP error reporting.', 0, 22);
INSERT INTO `menu` VALUES (30, 10, 'admin/settings/performance', 'Performance', 'Enable or disable page caching for anonymous users, and enable or disable CSS preprocessor.', 0, 22);
INSERT INTO `menu` VALUES (31, 10, 'admin/settings/file-system', 'File system', 'Tell Drupal where to store uploaded files and how they are accessed.', 0, 22);
INSERT INTO `menu` VALUES (32, 10, 'admin/settings/image-toolkit', 'Image toolkit', 'Choose which image toolkit to use if you have installed optional toolkits.', 0, 22);
INSERT INTO `menu` VALUES (33, 8, 'admin/content/rss-publishing', 'RSS publishing', 'Configure the number of items per feed and whether feeds should be titles/teasers/full-text.', 0, 22);
INSERT INTO `menu` VALUES (34, 10, 'admin/settings/date-time', 'Date and time', 'Settings for how Drupal displays date and time, as well as the system''s default timezone.', 0, 22);
INSERT INTO `menu` VALUES (35, 10, 'admin/settings/site-maintenance', 'Site maintenance', 'Take the site off-line for maintenance or bring it back online.', 0, 22);
INSERT INTO `menu` VALUES (36, 10, 'admin/settings/clean-urls', 'Clean URLs', 'Enable or disable clean URLs for your site.', 0, 22);
INSERT INTO `menu` VALUES (37, 12, 'admin/logs/status', 'Status report', 'Get a status report about your site''s operation and any detected problems.', 10, 22);
INSERT INTO `menu` VALUES (38, 8, 'admin/content/taxonomy', 'Categories', 'Create vocabularies and terms to categorize your content.', 0, 22);
INSERT INTO `menu` VALUES (39, 13, 'admin/user/user', 'Users', 'List, add, and edit users.', 0, 22);
INSERT INTO `menu` VALUES (40, 13, 'admin/user/settings', 'User settings', 'Configure default behavior of users, including registration requirements, e-mails, and user pictures.', 0, 22);
INSERT INTO `menu` VALUES (41, 13, 'admin/user/access', 'Access control', 'Determine access to features by selecting permissions for roles.', 0, 22);
INSERT INTO `menu` VALUES (42, 13, 'admin/user/roles', 'Roles', 'List, edit, or add user roles.', 0, 22);
INSERT INTO `menu` VALUES (43, 13, 'admin/user/rules', 'Access rules', 'List and create rules to disallow usernames, e-mail addresses, and IP addresses.', 0, 22);
INSERT INTO `menu` VALUES (44, 13, 'admin/user/search', 'Search users', 'Search users by name.', 0, 22);
INSERT INTO `menu` VALUES (45, 12, 'admin/logs/watchdog', 'Recent log entries', 'View events that have recently been logged.', -1, 22);
INSERT INTO `menu` VALUES (46, 12, 'admin/logs/page-not-found', 'Top ''page not found'' errors', 'View ''page not found'' errors (404s).', 0, 22);
INSERT INTO `menu` VALUES (47, 12, 'admin/logs/access-denied', 'Top ''access denied'' errors', 'View ''access denied'' errors (403s).', 0, 22);
INSERT INTO `menu` VALUES (48, 1, 'blog', 'Blogs', '', 0, 20);
INSERT INTO `menu` VALUES (49, 11, 'admin/build/contact', 'Contact form', 'Create a system contact form and set up categories for the form to use.', 0, 22);
INSERT INTO `menu` VALUES (50, 1, 'contact', 'Contact', '', 0, 20);
INSERT INTO `menu` VALUES (51, 11, 'admin/build/path', 'URL aliases', 'Change your site''s URL paths by aliasing them.', 0, 22);
INSERT INTO `menu` VALUES (52, 1, 'profile', 'User list', '', 0, 20);
INSERT INTO `menu` VALUES (53, 13, 'admin/user/profile', 'Profiles', 'Create customizable fields for your users.', 0, 22);
INSERT INTO `menu` VALUES (54, 1, 'search', 'Search', '', 0, 20);
INSERT INTO `menu` VALUES (55, 10, 'admin/settings/search', 'Search settings', 'Configure relevance settings for search and other indexing options', 0, 22);
INSERT INTO `menu` VALUES (56, 12, 'admin/logs/search', 'Top search phrases', 'View most popular search phrases.', 0, 22);
INSERT INTO `menu` VALUES (57, 12, 'admin/logs/hits', 'Recent hits', 'View pages that have recently been visited.', 0, 22);
INSERT INTO `menu` VALUES (58, 12, 'admin/logs/pages', 'Top pages', 'View pages that have been hit frequently.', 1, 22);
INSERT INTO `menu` VALUES (59, 12, 'admin/logs/visitors', 'Top visitors', 'View visitors that hit many pages.', 2, 22);
INSERT INTO `menu` VALUES (60, 12, 'admin/logs/referrers', 'Top referrers', 'View top referrers.', 0, 22);
INSERT INTO `menu` VALUES (61, 12, 'admin/logs/settings', 'Access log settings', 'Control details about what and how your site logs.', 3, 22);
INSERT INTO `menu` VALUES (62, 10, 'admin/settings/throttle', 'Throttle', 'Control how your site cuts out content during heavy load.', 0, 22);
INSERT INTO `menu` VALUES (63, 10, 'admin/settings/node_images', 'Node images', 'Control how to upload node images.', 0, 22);
INSERT INTO `menu` VALUES (64, 1, 'pollfield', 'pollfields', '', 0, 20);
INSERT INTO `menu` VALUES (65, 10, 'admin/settings/tagadelic', 'Tagadelic configuration', 'Configure the tag clouds. Set the order, the number of tags, and the depth of the clouds.', 0, 22);
INSERT INTO `menu` VALUES (66, 1, 'tagadelic', 'Tags', '', 0, 20);
INSERT INTO `menu` VALUES (67, 11, 'admin/build/views', 'Views', 'Views are customized lists of content on your system; they are highly configurable and give you control over how lists of content are presented.', 0, 22);
INSERT INTO `menu` VALUES (68, 8, 'admin/content/templates', 'Content templates', 'Create templates to customize output of teaser and body content.', 0, 22);
INSERT INTO `menu` VALUES (69, 10, 'admin/settings/jscalendar', 'JS Calendar', 'Configurations for the popup calendar', 0, 22);
INSERT INTO `menu` VALUES (70, 126, 'tracker', 'Recent posts', '', 0, 54);
INSERT INTO `menu` VALUES (71, 9, 'node/add/assignment', 'Assignment', '', 0, 22);
INSERT INTO `menu` VALUES (72, 10, 'admin/settings/uploads', 'File uploads', 'Control how files may be attached to content.', 0, 22);
INSERT INTO `menu` VALUES (73, 10, 'admin/settings/download_count', 'Download count', 'Increments a download counter and logs a descriptive message each time an attached file is downloaded.', 0, 22);
INSERT INTO `menu` VALUES (74, 1, 'download_counter', 'Download counter', '', 0, 48);
INSERT INTO `menu` VALUES (75, 9, 'node/add/image', 'Image', '', 0, 22);
INSERT INTO `menu` VALUES (76, 9, 'node/add/podcast', 'Podcast', '', 0, 22);
INSERT INTO `menu` VALUES (77, 9, 'node/add/audio', 'Audio', '', 0, 22);
INSERT INTO `menu` VALUES (78, 1, 'audio', 'Audio', '', 0, 48);
INSERT INTO `menu` VALUES (79, 10, 'admin/settings/audio', 'Audio settings', 'Change settings for the audio module.', 0, 22);
INSERT INTO `menu` VALUES (80, 78, 'audio/by', 'Browse by...', '', 0, 48);
INSERT INTO `menu` VALUES (81, 8, 'admin/content/audio_import', 'Audio import', 'Import audio from the filesystem.', 0, 22);
INSERT INTO `menu` VALUES (82, 10, 'admin/settings/audio_import', 'Audio import settings', 'Change settings for the Audio Import module.', 0, 22);
INSERT INTO `menu` VALUES (83, 115, 'node/add/course', 'Course', '', 0, 54);
INSERT INTO `menu` VALUES (84, 115, 'node/add/group', 'Group', '', 0, 54);
INSERT INTO `menu` VALUES (85, 9, 'node/add/event', 'Event', '', 0, 22);
INSERT INTO `menu` VALUES (123, 1, 'calendar/assignment-list', 'Assignment List', '', 0, 22);
INSERT INTO `menu` VALUES (124, 2, 'calendar', 'Assignments', 'View assignments in calendar or list form', 7, 54);
INSERT INTO `menu` VALUES (89, 5, 'admin/og', 'Organic groups', 'Administer the suite of Organic groups modules.', -5, 22);
INSERT INTO `menu` VALUES (90, 1, 'og', 'Groups', '', -5, 48);
INSERT INTO `menu` VALUES (91, 1, 'group', 'My unread', '', 0, 22);
INSERT INTO `menu` VALUES (92, 89, 'admin/og/og', 'Organic groups configuration', 'Configure the main Organic groups module (og)', -5, 22);
INSERT INTO `menu` VALUES (93, 89, 'admin/og/og-reg-codes', 'OG registration codes', 'Configure group registration codes.', 0, 22);
INSERT INTO `menu` VALUES (122, 0, '', 'Calendars', '', 0, 115);
INSERT INTO `menu` VALUES (95, 0, '', 'Administer', '', 0, 115);
INSERT INTO `menu` VALUES (96, 0, '', 'Create Public Content', '', 0, 115);
INSERT INTO `menu` VALUES (97, 2, 'mywork', 'My Work', '', -7, 54);
INSERT INTO `menu` VALUES (98, 10, 'admin/settings/userplus', 'Userplus', 'Settings for the userplus module.', 0, 22);
INSERT INTO `menu` VALUES (99, 13, 'admin/user/userplus', 'Userplus', 'Add multiple users; assign roles to multiple users.', 0, 22);
INSERT INTO `menu` VALUES (100, 9, 'node/add/bookmark', 'Bookmark', '', 0, 22);
INSERT INTO `menu` VALUES (101, 9, 'node/add/wiki', 'Wiki', '', 0, 22);
INSERT INTO `menu` VALUES (102, 10, 'admin/settings/wikitools', 'Wikitools', 'Settings for wiki-like behaviour.', 0, 22);
INSERT INTO `menu` VALUES (103, 126, 'freelinking', 'Freelinks', '', 0, 54);
INSERT INTO `menu` VALUES (104, 10, 'admin/settings/freelinking', 'Freelinking', 'Configure wiki-style freelinking settings for node content.', 0, 22);
INSERT INTO `menu` VALUES (105, 134, 'wiki-pages', 'All Wiki Pages', '', 0, 310);
INSERT INTO `menu` VALUES (106, 8, 'admin/content/aggregator', 'News aggregator', 'Configure which content your site aggregates from other sites, how often it polls them, and how they''re categorized.', 0, 22);
INSERT INTO `menu` VALUES (107, 126, 'aggregator', 'News aggregator', '', 5, 54);
INSERT INTO `menu` VALUES (108, 107, 'aggregator/sources', 'Sources', '', 0, 22);
INSERT INTO `menu` VALUES (109, 107, 'aggregator/categories', 'Categories', '', 0, 28);
INSERT INTO `menu` VALUES (110, 10, 'admin/settings/profile_csv', 'profile csv', 'profile csv settings.', 0, 22);
INSERT INTO `menu` VALUES (111, 1, 'profile_csv', 'Profile Export CSV', '', 0, 22);
INSERT INTO `menu` VALUES (112, 10, 'admin/settings/moxie', 'Moxie', 'Configure the rich text editor.', 0, 22);
INSERT INTO `menu` VALUES (113, 10, 'admin/settings/pathauto', 'Pathauto', 'Configure how pathauto generates clean URLs for your content.', 0, 22);
INSERT INTO `menu` VALUES (114, 125, 'recent_changes', 'Recent changes', '', 0, 54);
INSERT INTO `menu` VALUES (115, 0, '', 'Create Groups', '', 0, 115);
INSERT INTO `menu` VALUES (116, 1, 'groups', 'My unread', '', -5, 48);
INSERT INTO `menu` VALUES (117, 2, '<front>', 'Home', 'Return to the home page', -8, 118);
INSERT INTO `menu` VALUES (118, 2, 'groups', 'Groups', 'Groups', -3, 118);
INSERT INTO `menu` VALUES (119, 122, 'calendar/event', 'Event Calendar', 'A calendar for sitewide events', -3, 54);
INSERT INTO `menu` VALUES (120, 122, 'calendar/assignment', 'Assignment Calendar', '', 0, 54);
INSERT INTO `menu` VALUES (121, 1, 'content/archive', 'Content by Date', '', 0, 48);
INSERT INTO `menu` VALUES (125, 0, '', 'Wiki', '', 0, 115);
INSERT INTO `menu` VALUES (126, 0, '', 'Holding Tank', '', 0, 115);
INSERT INTO `menu` VALUES (127, 126, 'bookmarks', 'Bookmarks', 'Bookmarks stored on the site', -8, 54);
INSERT INTO `menu` VALUES (128, 9, 'node/add/poll', 'Poll', '', 0, 22);
INSERT INTO `menu` VALUES (129, 126, 'site', 'All Content', 'All content posted on the site', -6, 54);
INSERT INTO `menu` VALUES (130, 1, '.', 'All Site Content', '', 1, 22);
INSERT INTO `menu` VALUES (131, 1, 'zzzuser', 'Content for each user', '', 0, 22);
INSERT INTO `menu` VALUES (132, 1, 'allfrom/', 'Content for each user', '', 0, 22);
INSERT INTO `menu` VALUES (133, 1, 'allfrom', 'Content for each user', '', 0, 48);
INSERT INTO `menu` VALUES (134, 0, '', 'Site Content', '', 0, 115);
INSERT INTO `menu` VALUES (135, 134, 'bookmarks', 'Bookmarks', 'View bookmarks stored by site users', -7, 118);
INSERT INTO `menu` VALUES (136, 134, 'site', 'All Content', 'All content posted on the site', -5, 118);
INSERT INTO `menu` VALUES (137, 134, 'groups/all', 'Search Groups', 'Search for groups on the site', -4, 118);
INSERT INTO `menu` VALUES (140, 97, 'mywork/wiki', 'My Wiki Pages', '', -2, 54);
INSERT INTO `menu` VALUES (139, 13, 'admin/user/login_destination', 'Login destination', 'Configure where user will go after login.', 0, 22);
INSERT INTO `menu` VALUES (141, 97, 'mywork/podcasts', 'My Podcasts', '', -6, 54);
INSERT INTO `menu` VALUES (142, 97, 'mywork/groups', 'My Groups', '', 5, 54);
INSERT INTO `menu` VALUES (144, 97, 'mywork/bookmarks', 'My Bookmarks', '', -6, 54);
INSERT INTO `menu` VALUES (145, 97, 'mywork/comments', 'My Comments', '', -7, 54);
INSERT INTO `menu` VALUES (147, 10, 'admin/settings/buddylist', 'Buddylist', 'Buddylist configuration options for blocks, email, etc.', 0, 22);
INSERT INTO `menu` VALUES (148, 1, 'buddylist', 'My friends', 'My friends, and what they have been writing', 0, 54);
INSERT INTO `menu` VALUES (149, 9, 'node/add/portfolio-artifact', 'Portfolio Artifact', '', 0, 22);
INSERT INTO `menu` VALUES (150, 10, 'admin/settings/akismet', 'Akismet', 'Use the Akismet Service to protect your site from spam.', 0, 22);
INSERT INTO `menu` VALUES (151, 8, 'admin/content/akismet', 'Akismet moderation queue', 'Manage the Akismet spam queue, appropving or deleting content in need of moderation.', 0, 22);
INSERT INTO `menu` VALUES (152, 1, 'allmyworkforreview', 'My Work', '', 0, 48);
INSERT INTO `menu` VALUES (153, 97, 'mywork/artifacts', 'My Portfolio Artifacts', '', 0, 22);
INSERT INTO `menu` VALUES (154, 105, 'wiki/logging', 'Getting Started', 'What a user sees on login', -7, 118);
INSERT INTO `menu` VALUES (155, 105, 'wiki/creating-groups', 'Creating Courses', 'An overview of the high-level trickery behind creating courses', -2, 118);
INSERT INTO `menu` VALUES (157, 89, 'admin/og/og_content_types', 'OG Content Types', 'Administer which content types can be used by site-wide and by each Organic Group.', 0, 22);
INSERT INTO `menu` VALUES (158, 10, 'admin/settings/tinymce', 'TinyMCE', 'Configure the rich editor.', 0, 22);
INSERT INTO `menu` VALUES (159, 10, 'admin/settings/imce', 'IMCE settings', 'Control how your image/file browser works.', 0, 22);
INSERT INTO `menu` VALUES (160, 159, 'admin/settings/imce/subfolder', 'Sub-folder tool', '', 0, 22);
INSERT INTO `menu` VALUES (168, 97, 'mywork/files', 'Posts', '', 1, 22);
INSERT INTO `menu` VALUES (170, 97, 'myfiles/posts', 'My Files', 'All posts with attached files, all image galleries, and all podcasts.', -8, 54);
INSERT INTO `menu` VALUES (164, 162, 'mywork/files/podcasts', 'My Podcasts', '', 0, 22);
INSERT INTO `menu` VALUES (165, 9, 'node/add/test', 'Test', '', 0, 22);
INSERT INTO `menu` VALUES (171, 1, 'myfiles', 'Posts', '', 1, 48);
INSERT INTO `menu` VALUES (172, 105, 'node/171', 'View Content By User', 'Instructions on how to get rss feeds for individual users', 4, 118);
INSERT INTO `menu` VALUES (173, 105, 'node/172', 'Site Roles', 'A brief overview of how roles are used on the site', 2, 118);
INSERT INTO `menu` VALUES (174, 12, 'admin/logs/updates', 'Available updates', 'Get a status report on your installed modules and available updates.', 10, 22);
INSERT INTO `menu` VALUES (175, 1, 'node/add/bio', 'Manage My Bio', 'Create/Edit my profile information', 1, 54);
INSERT INTO `menu` VALUES (176, 13, 'admin/user/bio', 'User biographies', 'User biographies', 0, 22);
INSERT INTO `menu` VALUES (177, 1, 'userbio/search', 'Search User Bios', '', 0, 22);
INSERT INTO `menu` VALUES (178, 1, 'users/tagcloud/likes', 'Likes', '', 0, 22);

-- --------------------------------------------------------

-- 
-- Table structure for table `node`
-- 

CREATE TABLE `node` (
  `nid` int(10) unsigned NOT NULL auto_increment,
  `vid` int(10) unsigned NOT NULL default '0',
  `type` varchar(32) NOT NULL default '',
  `title` varchar(128) NOT NULL default '',
  `uid` int(11) NOT NULL default '0',
  `status` int(11) NOT NULL default '1',
  `created` int(11) NOT NULL default '0',
  `changed` int(11) NOT NULL default '0',
  `comment` int(11) NOT NULL default '0',
  `promote` int(11) NOT NULL default '0',
  `moderate` int(11) NOT NULL default '0',
  `sticky` int(11) NOT NULL default '0',
  PRIMARY KEY  (`nid`,`vid`),
  UNIQUE KEY `vid` (`vid`),
  KEY `node_type` (`type`(4)),
  KEY `node_title_type` (`title`,`type`(4)),
  KEY `status` (`status`),
  KEY `uid` (`uid`),
  KEY `node_moderate` (`moderate`),
  KEY `node_promote_status` (`promote`,`status`),
  KEY `node_created` (`created`),
  KEY `node_changed` (`changed`),
  KEY `node_status_type` (`status`,`type`,`nid`),
  KEY `nid` (`nid`)
) ENGINE=MyISAM  DEFAULT CHARSET=utf8 AUTO_INCREMENT=183 ;

-- 
-- Dumping data for table `node`
-- 

INSERT INTO `node` VALUES (167, 231, 'assignment', 'test', 1, 1, 1176675801, 1176676266, 2, 0, 0, 0);
INSERT INTO `node` VALUES (4, 4, 'group', 'Chess Club', 1, 1, 1172885018, 1173650514, 0, 0, 0, 0);
INSERT INTO `node` VALUES (163, 227, 'blog', 'test', 1, 1, 1176566706, 1176566706, 2, 0, 0, 0);
INSERT INTO `node` VALUES (164, 228, 'blog', 'new post', 1, 1, 1176566974, 1176566974, 2, 0, 0, 0);
INSERT INTO `node` VALUES (165, 229, 'bookmark', 'Hello', 1, 1, 1176672426, 1176672426, 2, 0, 0, 0);
INSERT INTO `node` VALUES (9, 20, 'wiki', 'Main Page', 1, 1, 1173047528, 1173715283, 0, 0, 0, 0);
INSERT INTO `node` VALUES (11, 12, 'page', 'Welcome to the site.', 1, 1, 1173055608, 1176842316, 0, 1, 0, 0);
INSERT INTO `node` VALUES (168, 232, 'assignment', 'test2', 1, 1, 1176676592, 1176676592, 2, 0, 0, 0);
INSERT INTO `node` VALUES (17, 28, 'course', 'English 11', 1, 1, 1173622627, 1176741083, 0, 0, 0, 0);
INSERT INTO `node` VALUES (21, 41, 'wiki', 'English 11 Wiki Page', 1, 1, 1173692670, 1173799307, 0, 0, 0, 0);
INSERT INTO `node` VALUES (30, 47, 'wiki', 'Getting Started', 1, 1, 1173978975, 1173978975, 0, 0, 0, 0);
INSERT INTO `node` VALUES (43, 240, 'wiki', 'Logging In', 1, 1, 1174134860, 1176725214, 0, 0, 0, 0);
INSERT INTO `node` VALUES (52, 235, 'wiki', 'Creating Courses', 1, 1, 1174165672, 1176724227, 0, 0, 0, 0);
INSERT INTO `node` VALUES (182, 251, 'wiki', 'Site Users', 1, 1, 1176810945, 1176810945, 0, 0, 0, 0);
INSERT INTO `node` VALUES (171, 239, 'wiki', 'View Content By User', 1, 1, 1176725063, 1176725179, 0, 0, 0, 0);
INSERT INTO `node` VALUES (172, 241, 'wiki', 'Site Roles', 1, 1, 1176726876, 1176726876, 0, 0, 0, 0);
INSERT INTO `node` VALUES (179, 248, 'audio', 'Blah Blah Blah', 156, 1, 1176761688, 1176761688, 2, 0, 0, 0);
INSERT INTO `node` VALUES (178, 247, 'bio', 'Aliya''s Bio', 8, 1, 1176759393, 1176759393, 2, 0, 0, 0);

-- --------------------------------------------------------

-- 
-- Table structure for table `node_access`
-- 

CREATE TABLE `node_access` (
  `nid` int(10) unsigned NOT NULL default '0',
  `gid` int(10) unsigned NOT NULL default '0',
  `realm` varchar(255) NOT NULL default '',
  `grant_view` tinyint(3) unsigned NOT NULL default '0',
  `grant_update` tinyint(3) unsigned NOT NULL default '0',
  `grant_delete` tinyint(3) unsigned NOT NULL default '0',
  PRIMARY KEY  (`nid`,`gid`,`realm`)
) ENGINE=MyISAM DEFAULT CHARSET=utf8;

-- 
-- Dumping data for table `node_access`
-- 

INSERT INTO `node_access` VALUES (3, 4, 'og_subscriber', 1, 1, 1);
INSERT INTO `node_access` VALUES (4, 0, 'all', 1, 0, 0);
INSERT INTO `node_access` VALUES (3, 0, 'og_public', 1, 0, 0);
INSERT INTO `node_access` VALUES (5, 4, 'og_subscriber', 1, 1, 1);
INSERT INTO `node_access` VALUES (6, 4, 'og_subscriber', 1, 1, 1);
INSERT INTO `node_access` VALUES (7, 4, 'og_subscriber', 1, 1, 1);
INSERT INTO `node_access` VALUES (8, 4, 'og_subscriber', 1, 1, 1);
INSERT INTO `node_access` VALUES (13, 0, 'og_public', 1, 0, 0);
INSERT INTO `node_access` VALUES (10, 0, 'all', 1, 0, 0);
INSERT INTO `node_access` VALUES (11, 0, 'all', 1, 0, 0);
INSERT INTO `node_access` VALUES (12, 0, 'og_public', 1, 0, 0);
INSERT INTO `node_access` VALUES (24, 17, 'og_subscriber', 1, 1, 1);
INSERT INTO `node_access` VALUES (9, 0, 'all', 1, 0, 0);
INSERT INTO `node_access` VALUES (13, 4, 'og_subscriber', 1, 1, 1);
INSERT INTO `node_access` VALUES (14, 0, 'og_public', 1, 0, 0);
INSERT INTO `node_access` VALUES (14, 4, 'og_subscriber', 1, 1, 1);
INSERT INTO `node_access` VALUES (15, 0, 'og_public', 1, 0, 0);
INSERT INTO `node_access` VALUES (16, 0, 'all', 1, 0, 0);
INSERT INTO `node_access` VALUES (17, 0, 'all', 1, 0, 0);
INSERT INTO `node_access` VALUES (18, 17, 'og_subscriber', 1, 1, 1);
INSERT INTO `node_access` VALUES (18, 0, 'og_public', 1, 0, 0);
INSERT INTO `node_access` VALUES (19, 17, 'og_subscriber', 1, 1, 1);
INSERT INTO `node_access` VALUES (19, 0, 'og_public', 1, 0, 0);
INSERT INTO `node_access` VALUES (6, 0, 'og_public', 1, 0, 0);
INSERT INTO `node_access` VALUES (20, 17, 'og_subscriber', 1, 1, 1);
INSERT INTO `node_access` VALUES (21, 17, 'og_subscriber', 1, 1, 1);
INSERT INTO `node_access` VALUES (22, 17, 'og_subscriber', 1, 1, 1);
INSERT INTO `node_access` VALUES (23, 17, 'og_subscriber', 1, 1, 1);
INSERT INTO `node_access` VALUES (21, 0, 'og_public', 1, 0, 0);
INSERT INTO `node_access` VALUES (25, 17, 'og_subscriber', 1, 1, 1);
INSERT INTO `node_access` VALUES (25, 0, 'og_public', 1, 0, 0);
INSERT INTO `node_access` VALUES (26, 0, 'all', 1, 0, 0);
INSERT INTO `node_access` VALUES (27, 17, 'og_subscriber', 1, 1, 1);
INSERT INTO `node_access` VALUES (27, 0, 'og_public', 1, 0, 0);
INSERT INTO `node_access` VALUES (28, 4, 'og_subscriber', 1, 1, 1);
INSERT INTO `node_access` VALUES (28, 0, 'og_public', 1, 0, 0);
INSERT INTO `node_access` VALUES (29, 0, 'all', 1, 0, 0);
INSERT INTO `node_access` VALUES (30, 0, 'all', 1, 0, 0);
INSERT INTO `node_access` VALUES (31, 17, 'og_subscriber', 1, 1, 1);
INSERT INTO `node_access` VALUES (32, 17, 'og_subscriber', 1, 1, 1);
INSERT INTO `node_access` VALUES (33, 4, 'og_subscriber', 1, 1, 1);
INSERT INTO `node_access` VALUES (33, 0, 'og_public', 1, 0, 0);
INSERT INTO `node_access` VALUES (34, 4, 'og_subscriber', 1, 1, 1);
INSERT INTO `node_access` VALUES (35, 0, 'all', 1, 0, 0);
INSERT INTO `node_access` VALUES (36, 0, 'all', 1, 0, 0);
INSERT INTO `node_access` VALUES (37, 0, 'og_public', 1, 0, 0);
INSERT INTO `node_access` VALUES (38, 0, 'all', 1, 0, 0);
INSERT INTO `node_access` VALUES (39, 17, 'og_subscriber', 1, 1, 1);
INSERT INTO `node_access` VALUES (39, 0, 'og_public', 1, 0, 0);
INSERT INTO `node_access` VALUES (40, 0, 'og_public', 1, 0, 0);
INSERT INTO `node_access` VALUES (41, 4, 'og_subscriber', 1, 1, 1);
INSERT INTO `node_access` VALUES (42, 0, 'og_public', 1, 0, 0);
INSERT INTO `node_access` VALUES (43, 0, 'all', 1, 0, 0);
INSERT INTO `node_access` VALUES (44, 0, 'all', 1, 0, 0);
INSERT INTO `node_access` VALUES (45, 0, 'og_public', 1, 0, 0);
INSERT INTO `node_access` VALUES (46, 0, 'og_public', 1, 0, 0);
INSERT INTO `node_access` VALUES (47, 0, 'all', 1, 0, 0);
INSERT INTO `node_access` VALUES (48, 47, 'og_subscriber', 1, 1, 1);
INSERT INTO `node_access` VALUES (49, 0, 'og_public', 1, 0, 0);
INSERT INTO `node_access` VALUES (50, 47, 'og_subscriber', 1, 1, 1);
INSERT INTO `node_access` VALUES (51, 0, 'all', 1, 0, 0);
INSERT INTO `node_access` VALUES (52, 0, 'all', 1, 0, 0);
INSERT INTO `node_access` VALUES (53, 51, 'og_subscriber', 1, 1, 1);
INSERT INTO `node_access` VALUES (54, 0, 'all', 1, 0, 0);
INSERT INTO `node_access` VALUES (55, 17, 'og_subscriber', 1, 1, 1);
INSERT INTO `node_access` VALUES (55, 0, 'og_public', 1, 0, 0);
INSERT INTO `node_access` VALUES (56, 0, 'all', 1, 0, 0);
INSERT INTO `node_access` VALUES (57, 56, 'og_subscriber', 1, 1, 1);
INSERT INTO `node_access` VALUES (58, 0, 'all', 1, 0, 0);
INSERT INTO `node_access` VALUES (59, 0, 'all', 1, 0, 0);
INSERT INTO `node_access` VALUES (60, 0, 'all', 1, 0, 0);
INSERT INTO `node_access` VALUES (61, 17, 'og_subscriber', 1, 1, 1);
INSERT INTO `node_access` VALUES (62, 0, 'all', 1, 0, 0);
INSERT INTO `node_access` VALUES (63, 0, 'all', 1, 0, 0);
INSERT INTO `node_access` VALUES (64, 63, 'og_subscriber', 1, 1, 1);
INSERT INTO `node_access` VALUES (65, 0, 'all', 1, 0, 0);
INSERT INTO `node_access` VALUES (66, 0, 'og_public', 1, 0, 0);
INSERT INTO `node_access` VALUES (67, 0, 'all', 1, 0, 0);
INSERT INTO `node_access` VALUES (68, 0, 'all', 1, 0, 0);
INSERT INTO `node_access` VALUES (69, 62, 'og_subscriber', 1, 1, 1);
INSERT INTO `node_access` VALUES (70, 0, 'all', 1, 0, 0);
INSERT INTO `node_access` VALUES (71, 17, 'og_subscriber', 1, 1, 1);
INSERT INTO `node_access` VALUES (71, 0, 'og_public', 1, 0, 0);
INSERT INTO `node_access` VALUES (72, 0, 'og_public', 1, 0, 0);
INSERT INTO `node_access` VALUES (73, 62, 'og_subscriber', 1, 1, 1);
INSERT INTO `node_access` VALUES (73, 0, 'og_public', 1, 0, 0);
INSERT INTO `node_access` VALUES (74, 0, 'all', 1, 0, 0);
INSERT INTO `node_access` VALUES (75, 0, 'all', 1, 0, 0);
INSERT INTO `node_access` VALUES (76, 75, 'og_subscriber', 1, 1, 1);
INSERT INTO `node_access` VALUES (72, 75, 'og_subscriber', 1, 1, 1);
INSERT INTO `node_access` VALUES (77, 17, 'og_subscriber', 1, 1, 1);
INSERT INTO `node_access` VALUES (77, 0, 'og_public', 1, 0, 0);
INSERT INTO `node_access` VALUES (78, 0, 'og_public', 1, 0, 0);
INSERT INTO `node_access` VALUES (79, 0, 'og_public', 1, 0, 0);
INSERT INTO `node_access` VALUES (80, 75, 'og_subscriber', 1, 1, 1);
INSERT INTO `node_access` VALUES (81, 0, 'all', 1, 0, 0);
INSERT INTO `node_access` VALUES (82, 0, 'all', 1, 0, 0);
INSERT INTO `node_access` VALUES (83, 75, 'og_subscriber', 1, 1, 1);
INSERT INTO `node_access` VALUES (83, 70, 'og_subscriber', 1, 1, 1);
INSERT INTO `node_access` VALUES (83, 0, 'og_public', 1, 0, 0);
INSERT INTO `node_access` VALUES (84, 75, 'og_subscriber', 1, 1, 1);
INSERT INTO `node_access` VALUES (85, 75, 'og_subscriber', 1, 1, 1);
INSERT INTO `node_access` VALUES (85, 70, 'og_subscriber', 1, 1, 1);
INSERT INTO `node_access` VALUES (85, 0, 'og_public', 1, 0, 0);
INSERT INTO `node_access` VALUES (84, 70, 'og_subscriber', 1, 1, 1);
INSERT INTO `node_access` VALUES (84, 0, 'og_public', 1, 0, 0);
INSERT INTO `node_access` VALUES (86, 75, 'og_subscriber', 1, 1, 1);
INSERT INTO `node_access` VALUES (86, 70, 'og_subscriber', 1, 1, 1);
INSERT INTO `node_access` VALUES (86, 0, 'og_public', 1, 0, 0);
INSERT INTO `node_access` VALUES (87, 70, 'og_subscriber', 1, 1, 1);
INSERT INTO `node_access` VALUES (87, 0, 'og_public', 1, 0, 0);
INSERT INTO `node_access` VALUES (88, 70, 'og_subscriber', 1, 1, 1);
INSERT INTO `node_access` VALUES (89, 0, 'all', 1, 0, 0);
INSERT INTO `node_access` VALUES (90, 75, 'og_subscriber', 1, 1, 1);
INSERT INTO `node_access` VALUES (90, 0, 'og_public', 1, 0, 0);
INSERT INTO `node_access` VALUES (91, 0, 'og_public', 1, 0, 0);
INSERT INTO `node_access` VALUES (88, 0, 'og_public', 1, 0, 0);
INSERT INTO `node_access` VALUES (92, 0, 'og_public', 1, 0, 0);
INSERT INTO `node_access` VALUES (93, 0, 'all', 1, 0, 0);
INSERT INTO `node_access` VALUES (94, 62, 'og_subscriber', 1, 1, 1);
INSERT INTO `node_access` VALUES (95, 0, 'all', 1, 0, 0);
INSERT INTO `node_access` VALUES (96, 95, 'og_subscriber', 1, 1, 1);
INSERT INTO `node_access` VALUES (97, 95, 'og_subscriber', 1, 1, 1);
INSERT INTO `node_access` VALUES (98, 95, 'og_subscriber', 1, 1, 1);
INSERT INTO `node_access` VALUES (99, 70, 'og_subscriber', 1, 1, 1);
INSERT INTO `node_access` VALUES (99, 0, 'og_public', 1, 0, 0);
INSERT INTO `node_access` VALUES (100, 0, 'all', 1, 0, 0);
INSERT INTO `node_access` VALUES (101, 100, 'og_subscriber', 1, 1, 1);
INSERT INTO `node_access` VALUES (102, 0, 'all', 1, 0, 0);
INSERT INTO `node_access` VALUES (103, 0, 'all', 1, 0, 0);
INSERT INTO `node_access` VALUES (104, 0, 'all', 1, 0, 0);
INSERT INTO `node_access` VALUES (105, 104, 'og_subscriber', 1, 1, 1);
INSERT INTO `node_access` VALUES (105, 0, 'og_public', 1, 0, 0);
INSERT INTO `node_access` VALUES (106, 104, 'og_subscriber', 1, 1, 1);
INSERT INTO `node_access` VALUES (107, 104, 'og_subscriber', 1, 1, 1);
INSERT INTO `node_access` VALUES (108, 0, 'all', 1, 0, 0);
INSERT INTO `node_access` VALUES (109, 0, 'all', 1, 0, 0);
INSERT INTO `node_access` VALUES (110, 0, 'all', 1, 0, 0);
INSERT INTO `node_access` VALUES (111, 0, 'all', 1, 0, 0);
INSERT INTO `node_access` VALUES (112, 0, 'all', 1, 0, 0);
INSERT INTO `node_access` VALUES (113, 0, 'all', 1, 0, 0);
INSERT INTO `node_access` VALUES (114, 103, 'og_subscriber', 1, 1, 1);
INSERT INTO `node_access` VALUES (115, 103, 'og_subscriber', 1, 1, 1);
INSERT INTO `node_access` VALUES (116, 103, 'og_subscriber', 1, 1, 1);
INSERT INTO `node_access` VALUES (117, 0, 'all', 1, 0, 0);
INSERT INTO `node_access` VALUES (118, 117, 'og_subscriber', 1, 1, 1);
INSERT INTO `node_access` VALUES (119, 117, 'og_subscriber', 1, 1, 1);
INSERT INTO `node_access` VALUES (120, 117, 'og_subscriber', 1, 1, 1);
INSERT INTO `node_access` VALUES (121, 117, 'og_subscriber', 1, 1, 1);
INSERT INTO `node_access` VALUES (122, 0, 'og_public', 1, 0, 0);
INSERT INTO `node_access` VALUES (123, 0, 'og_public', 1, 0, 0);
INSERT INTO `node_access` VALUES (124, 0, 'og_public', 1, 0, 0);
INSERT INTO `node_access` VALUES (125, 0, 'all', 1, 0, 0);
INSERT INTO `node_access` VALUES (126, 125, 'og_subscriber', 1, 1, 1);
INSERT INTO `node_access` VALUES (127, 117, 'og_subscriber', 1, 1, 1);
INSERT INTO `node_access` VALUES (128, 0, 'all', 1, 0, 0);
INSERT INTO `node_access` VALUES (129, 0, 'all', 1, 0, 0);
INSERT INTO `node_access` VALUES (130, 0, 'all', 1, 0, 0);
INSERT INTO `node_access` VALUES (131, 0, 'all', 1, 0, 0);
INSERT INTO `node_access` VALUES (132, 17, 'og_subscriber', 1, 1, 1);
INSERT INTO `node_access` VALUES (133, 17, 'og_subscriber', 1, 1, 1);
INSERT INTO `node_access` VALUES (134, 117, 'og_subscriber', 1, 1, 1);
INSERT INTO `node_access` VALUES (135, 89, 'og_subscriber', 1, 1, 1);
INSERT INTO `node_access` VALUES (136, 89, 'og_subscriber', 1, 1, 1);
INSERT INTO `node_access` VALUES (137, 0, 'all', 1, 0, 0);
INSERT INTO `node_access` VALUES (138, 0, 'all', 1, 0, 0);
INSERT INTO `node_access` VALUES (139, 0, 'all', 1, 0, 0);
INSERT INTO `node_access` VALUES (140, 0, 'og_public', 1, 0, 0);
INSERT INTO `node_access` VALUES (141, 0, 'all', 1, 0, 0);
INSERT INTO `node_access` VALUES (142, 141, 'og_subscriber', 1, 1, 1);
INSERT INTO `node_access` VALUES (143, 0, 'all', 1, 0, 0);
INSERT INTO `node_access` VALUES (144, 104, 'og_subscriber', 1, 1, 1);
INSERT INTO `node_access` VALUES (145, 0, 'all', 1, 0, 0);
INSERT INTO `node_access` VALUES (146, 0, 'all', 1, 0, 0);
INSERT INTO `node_access` VALUES (147, 0, 'og_public', 1, 0, 0);
INSERT INTO `node_access` VALUES (148, 56, 'og_subscriber', 1, 1, 1);
INSERT INTO `node_access` VALUES (149, 0, 'og_public', 1, 0, 0);
INSERT INTO `node_access` VALUES (150, 0, 'all', 1, 0, 0);
INSERT INTO `node_access` VALUES (151, 150, 'og_subscriber', 1, 1, 1);
INSERT INTO `node_access` VALUES (152, 150, 'og_subscriber', 1, 1, 1);
INSERT INTO `node_access` VALUES (153, 150, 'og_subscriber', 1, 1, 1);
INSERT INTO `node_access` VALUES (154, 150, 'og_subscriber', 1, 1, 1);
INSERT INTO `node_access` VALUES (155, 0, 'all', 1, 0, 0);
INSERT INTO `node_access` VALUES (156, 0, 'og_public', 1, 0, 0);
INSERT INTO `node_access` VALUES (157, 0, 'all', 1, 0, 0);
INSERT INTO `node_access` VALUES (158, 0, 'all', 1, 0, 0);
INSERT INTO `node_access` VALUES (159, 54, 'og_subscriber', 1, 1, 1);
INSERT INTO `node_access` VALUES (160, 0, 'all', 1, 0, 0);
INSERT INTO `node_access` VALUES (161, 0, 'all', 1, 0, 0);
INSERT INTO `node_access` VALUES (162, 0, 'all', 1, 0, 0);
INSERT INTO `node_access` VALUES (163, 0, 'all', 1, 0, 0);
INSERT INTO `node_access` VALUES (164, 0, 'all', 1, 0, 0);
INSERT INTO `node_access` VALUES (165, 0, 'all', 1, 0, 0);
INSERT INTO `node_access` VALUES (166, 0, 'all', 1, 0, 0);
INSERT INTO `node_access` VALUES (167, 17, 'og_subscriber', 1, 1, 1);
INSERT INTO `node_access` VALUES (167, 0, 'og_public', 1, 0, 0);
INSERT INTO `node_access` VALUES (168, 17, 'og_subscriber', 1, 1, 1);
INSERT INTO `node_access` VALUES (169, 17, 'og_subscriber', 1, 1, 1);
INSERT INTO `node_access` VALUES (170, 17, 'og_subscriber', 1, 1, 1);
INSERT INTO `node_access` VALUES (171, 0, 'all', 1, 0, 0);
INSERT INTO `node_access` VALUES (172, 0, 'all', 1, 0, 0);
INSERT INTO `node_access` VALUES (173, 0, 'all', 1, 0, 0);
INSERT INTO `node_access` VALUES (174, 0, 'all', 1, 0, 0);
INSERT INTO `node_access` VALUES (175, 4, 'og_subscriber', 1, 1, 1);
INSERT INTO `node_access` VALUES (176, 0, 'all', 1, 0, 0);
INSERT INTO `node_access` VALUES (177, 176, 'og_subscriber', 1, 1, 1);
INSERT INTO `node_access` VALUES (178, 0, 'all', 1, 0, 0);
INSERT INTO `node_access` VALUES (179, 0, 'og_public', 1, 0, 0);
INSERT INTO `node_access` VALUES (180, 0, 'all', 1, 0, 0);
INSERT INTO `node_access` VALUES (181, 0, 'all', 1, 0, 0);
INSERT INTO `node_access` VALUES (182, 0, 'all', 1, 0, 0);

-- --------------------------------------------------------

-- 
-- Table structure for table `node_comment_statistics`
-- 

CREATE TABLE `node_comment_statistics` (
  `nid` int(10) unsigned NOT NULL auto_increment,
  `last_comment_timestamp` int(11) NOT NULL default '0',
  `last_comment_name` varchar(60) default NULL,
  `last_comment_uid` int(11) NOT NULL default '0',
  `comment_count` int(10) unsigned NOT NULL default '0',
  PRIMARY KEY  (`nid`),
  KEY `node_comment_timestamp` (`last_comment_timestamp`)
) ENGINE=MyISAM  DEFAULT CHARSET=utf8 AUTO_INCREMENT=183 ;

-- 
-- Dumping data for table `node_comment_statistics`
-- 

INSERT INTO `node_comment_statistics` VALUES (163, 1176566706, NULL, 1, 0);
INSERT INTO `node_comment_statistics` VALUES (4, 1172885018, NULL, 1, 0);
INSERT INTO `node_comment_statistics` VALUES (164, 1176566974, NULL, 1, 0);
INSERT INTO `node_comment_statistics` VALUES (165, 1176672426, NULL, 1, 0);
INSERT INTO `node_comment_statistics` VALUES (9, 1173047528, NULL, 1, 0);
INSERT INTO `node_comment_statistics` VALUES (11, 1173055608, NULL, 1, 0);
INSERT INTO `node_comment_statistics` VALUES (167, 1176675801, NULL, 1, 0);
INSERT INTO `node_comment_statistics` VALUES (17, 1173622627, NULL, 1, 0);
INSERT INTO `node_comment_statistics` VALUES (21, 1173692670, NULL, 1, 0);
INSERT INTO `node_comment_statistics` VALUES (30, 1173978975, NULL, 1, 0);
INSERT INTO `node_comment_statistics` VALUES (168, 1176676592, NULL, 1, 0);
INSERT INTO `node_comment_statistics` VALUES (43, 1174134860, NULL, 1, 0);
INSERT INTO `node_comment_statistics` VALUES (52, 1174165672, NULL, 1, 0);
INSERT INTO `node_comment_statistics` VALUES (182, 1176810945, NULL, 1, 0);
INSERT INTO `node_comment_statistics` VALUES (171, 1176725063, NULL, 1, 0);
INSERT INTO `node_comment_statistics` VALUES (172, 1176726876, NULL, 1, 0);
INSERT INTO `node_comment_statistics` VALUES (179, 1176761688, NULL, 156, 0);
INSERT INTO `node_comment_statistics` VALUES (178, 1176759393, NULL, 8, 0);

-- --------------------------------------------------------

-- 
-- Table structure for table `node_counter`
-- 

CREATE TABLE `node_counter` (
  `nid` int(11) NOT NULL default '0',
  `totalcount` bigint(20) unsigned NOT NULL default '0',
  `daycount` mediumint(8) unsigned NOT NULL default '0',
  `timestamp` int(10) unsigned NOT NULL default '0',
  PRIMARY KEY  (`nid`),
  KEY `totalcount` (`totalcount`),
  KEY `daycount` (`daycount`),
  KEY `timestamp` (`timestamp`)
) ENGINE=MyISAM DEFAULT CHARSET=utf8;

-- 
-- Dumping data for table `node_counter`
-- 


-- --------------------------------------------------------

-- 
-- Table structure for table `node_field`
-- 

CREATE TABLE `node_field` (
  `field_name` varchar(32) NOT NULL default '',
  `type` varchar(127) NOT NULL default '',
  `global_settings` mediumtext NOT NULL,
  `required` int(11) NOT NULL default '0',
  `multiple` int(11) NOT NULL default '0',
  `db_storage` int(11) NOT NULL default '0',
  PRIMARY KEY  (`field_name`)
) ENGINE=MyISAM DEFAULT CHARSET=utf8;

-- 
-- Dumping data for table `node_field`
-- 

INSERT INTO `node_field` VALUES ('field_due_date', 'date', 'a:18:{s:11:"granularity";a:3:{s:1:"Y";s:1:"Y";s:1:"M";s:1:"M";s:1:"D";s:1:"D";}s:14:"field_timezone";s:3:"GMT";s:11:"tz_handling";s:4:"none";s:12:"input_format";s:9:"site-wide";s:19:"input_format_custom";s:5:"m/d/y";s:6:"todate";s:0:"";s:18:"output_format_date";s:11:"m/d/Y - H:i";s:18:"output_format_zone";s:0:"";s:20:"output_format_custom";s:5:"m/d/y";s:23:"output_format_date_long";s:15:"l, F j, Y - H:i";s:23:"output_format_zone_long";s:0:"";s:25:"output_format_custom_long";s:5:"m/d/y";s:25:"output_format_date_medium";s:14:"D, m/d/Y - H:i";s:25:"output_format_zone_medium";s:0:"";s:27:"output_format_custom_medium";s:5:"m/d/y";s:24:"output_format_date_short";s:11:"m/d/Y - H:i";s:24:"output_format_zone_short";s:0:"";s:26:"output_format_custom_short";s:5:"m/d/y";}', 1, 0, 1);
INSERT INTO `node_field` VALUES ('field_date', 'date', 'a:18:{s:11:"granularity";a:5:{s:1:"Y";s:1:"Y";s:1:"M";s:1:"M";s:1:"D";s:1:"D";s:1:"H";s:1:"H";s:1:"N";s:1:"N";}s:14:"field_timezone";s:3:"GMT";s:11:"tz_handling";s:4:"site";s:12:"input_format";s:9:"site-wide";s:19:"input_format_custom";s:14:"m/d/y -- g:i A";s:6:"todate";s:8:"optional";s:18:"output_format_date";s:11:"m/d/Y - H:i";s:18:"output_format_zone";s:0:"";s:20:"output_format_custom";s:14:"m/d/y -- g:i A";s:23:"output_format_date_long";s:15:"l, F j, Y - H:i";s:23:"output_format_zone_long";s:0:"";s:25:"output_format_custom_long";s:14:"m/d/y -- g:i A";s:25:"output_format_date_medium";s:14:"D, m/d/Y - H:i";s:25:"output_format_zone_medium";s:0:"";s:27:"output_format_custom_medium";s:14:"m/d/y -- g:i A";s:24:"output_format_date_short";s:11:"m/d/Y - H:i";s:24:"output_format_zone_short";s:0:"";s:26:"output_format_custom_short";s:14:"m/d/y -- g:i A";}', 1, 0, 1);
INSERT INTO `node_field` VALUES ('field_adressurl', 'link', 'a:3:{s:10:"attributes";a:3:{s:6:"target";s:7:"default";s:3:"rel";i:0;s:5:"class";s:0:"";}s:7:"display";a:1:{s:10:"url_cutoff";s:2:"40";}s:5:"title";s:4:"none";}', 1, 0, 1);
INSERT INTO `node_field` VALUES ('field_highlighted_content', 'viewfield', 'a:0:{}', 0, 1, 0);
INSERT INTO `node_field` VALUES ('field_referenced_work', 'nodereference', 'a:2:{s:19:"referenceable_types";a:15:{i:1;i:1;i:0;i:1;s:10:"assignment";i:0;s:5:"audio";i:0;s:4:"blog";i:0;s:8:"bookmark";i:0;s:6:"course";i:0;s:5:"event";i:0;s:5:"group";i:0;s:5:"image";i:0;s:4:"page";i:0;s:4:"poll";i:0;s:18:"portfolio_artifact";i:0;s:5:"story";i:0;s:4:"wiki";i:0;}s:13:"advanced_view";s:15:"ReviewMyContent";}', 1, 0, 1);
INSERT INTO `node_field` VALUES ('field_bio_desc', 'text', 'a:4:{s:15:"text_processing";s:1:"1";s:10:"max_length";s:0:"";s:14:"allowed_values";s:0:"";s:18:"allowed_values_php";s:0:"";}', 0, 0, 1);

-- --------------------------------------------------------

-- 
-- Table structure for table `node_field_instance`
-- 

CREATE TABLE `node_field_instance` (
  `field_name` varchar(32) NOT NULL default '',
  `type_name` varchar(32) NOT NULL default '',
  `weight` int(11) NOT NULL default '0',
  `label` varchar(255) NOT NULL default '',
  `widget_type` varchar(32) NOT NULL default '',
  `widget_settings` mediumtext NOT NULL,
  `display_settings` mediumtext NOT NULL,
  `description` mediumtext NOT NULL,
  PRIMARY KEY  (`field_name`,`type_name`)
) ENGINE=MyISAM DEFAULT CHARSET=utf8;

-- 
-- Dumping data for table `node_field_instance`
-- 

INSERT INTO `node_field_instance` VALUES ('field_due_date', 'assignment', 0, 'Due Date', 'date_js', 'a:6:{s:9:"increment";N;s:10:"select_day";N;s:12:"select_month";N;s:11:"select_year";N;s:10:"years_back";N;s:13:"years_forward";N;}', '', 'When is the assignment due?');
INSERT INTO `node_field_instance` VALUES ('field_date', 'event', 0, 'Date', 'date_js', 'a:6:{s:9:"increment";N;s:10:"select_day";N;s:12:"select_month";N;s:11:"select_year";N;s:10:"years_back";N;s:13:"years_forward";N;}', '', 'When does this event take place? Be sure to indicate a start and end date as necessary/appropriate.');
INSERT INTO `node_field_instance` VALUES ('field_adressurl', 'bookmark', 0, 'Address', 'link', 'a:2:{s:13:"default_value";a:1:{i:0;a:2:{s:3:"url";s:0:"";s:10:"attributes";s:2:"N;";}}s:17:"default_value_php";s:0:"";}', '', '');
INSERT INTO `node_field_instance` VALUES ('field_highlighted_content', 'course', -1, 'Highlighted Content', 'viewfield_select', 'a:2:{s:13:"default_value";a:2:{i:0;a:2:{s:5:"vname";s:17:"group_assignments";s:5:"vargs";s:4:"%nid";}i:1;a:2:{s:5:"vname";s:10:"group_wiki";s:5:"vargs";s:4:"%nid";}}s:17:"default_value_php";s:0:"";}', 'a:3:{s:5:"label";a:1:{s:6:"format";s:5:"above";}s:6:"teaser";a:1:{s:6:"format";s:7:"default";}s:4:"full";a:1:{s:6:"format";s:7:"default";}}', '<font size="3"><strong>Only</strong> select views that begin with <em>group</em>, such as <em>group_assignments</em> or <em>group_wiki</em>. While other views will display, they won''t make much sense. In the <strong>arguments</strong> field below, <strong>do not edit</strong> the value <em>%nid</em></font>');
INSERT INTO `node_field_instance` VALUES ('field_referenced_work', 'portfolio_artifact', 0, 'Referenced Work', 'nodereference_autocomplete', 'a:2:{s:13:"default_value";a:1:{i:0;a:0:{}}s:17:"default_value_php";s:0:"";}', '', 'Select the piece of work that you will reflect upon in your portfolio. If you like, <a href="?q=mywork" target="_blank">review your work</a> prior to selecting an item.');
INSERT INTO `node_field_instance` VALUES ('field_bio_desc', 'bio', 0, 'Description', 'text', 'a:3:{s:13:"default_value";a:1:{i:0;a:1:{s:5:"value";s:0:"";}}s:17:"default_value_php";s:0:"";s:4:"rows";s:2:"20";}', 'a:0:{}', 'Use this space to describe yourself -- your favorite flavor of ice cream (although anyone who elevates any flavor above mint chip is Just Wrong), why you like the color blue, what you see yourself doing in 5 years -- really, this space can say anything you want.');

-- --------------------------------------------------------

-- 
-- Table structure for table `node_group`
-- 

CREATE TABLE `node_group` (
  `type_name` varchar(32) NOT NULL default '',
  `group_name` varchar(32) NOT NULL default '',
  `label` varchar(255) NOT NULL default '',
  `settings` mediumtext NOT NULL,
  `weight` tinyint(4) NOT NULL default '0',
  PRIMARY KEY  (`type_name`,`group_name`)
) ENGINE=MyISAM DEFAULT CHARSET=utf8;

-- 
-- Dumping data for table `node_group`
-- 


-- --------------------------------------------------------

-- 
-- Table structure for table `node_group_fields`
-- 

CREATE TABLE `node_group_fields` (
  `type_name` varchar(32) NOT NULL default '',
  `group_name` varchar(32) NOT NULL default '',
  `field_name` varchar(32) NOT NULL default '',
  PRIMARY KEY  (`type_name`,`group_name`,`field_name`)
) ENGINE=MyISAM DEFAULT CHARSET=utf8;

-- 
-- Dumping data for table `node_group_fields`
-- 


-- --------------------------------------------------------

-- 
-- Table structure for table `node_images`
-- 

CREATE TABLE `node_images` (
  `id` int(10) unsigned NOT NULL auto_increment,
  `nid` int(10) unsigned NOT NULL default '0',
  `uid` int(10) unsigned NOT NULL default '0',
  `filename` varchar(255) NOT NULL default '',
  `filepath` varchar(255) NOT NULL default '',
  `filemime` varchar(255) NOT NULL default '',
  `filesize` int(10) unsigned NOT NULL default '0',
  `thumbpath` varchar(255) NOT NULL default '',
  `thumbsize` int(10) unsigned NOT NULL default '0',
  `status` tinyint(1) unsigned NOT NULL default '1',
  `weight` tinyint(1) NOT NULL default '0',
  `description` varchar(255) default NULL,
  PRIMARY KEY  (`id`),
  KEY `uid` (`uid`),
  KEY `nid_status` (`nid`,`status`)
) ENGINE=MyISAM  DEFAULT CHARSET=utf8 AUTO_INCREMENT=6 ;

-- 
-- Dumping data for table `node_images`
-- 


-- --------------------------------------------------------

-- 
-- Table structure for table `node_revisions`
-- 

CREATE TABLE `node_revisions` (
  `nid` int(10) unsigned NOT NULL default '0',
  `vid` int(10) unsigned NOT NULL default '0',
  `uid` int(11) NOT NULL default '0',
  `title` varchar(128) NOT NULL default '',
  `body` longtext NOT NULL,
  `teaser` longtext NOT NULL,
  `log` longtext NOT NULL,
  `timestamp` int(11) NOT NULL default '0',
  `format` int(11) NOT NULL default '0',
  PRIMARY KEY  (`vid`),
  KEY `nid` (`nid`),
  KEY `uid` (`uid`)
) ENGINE=MyISAM DEFAULT CHARSET=utf8;

-- 
-- Dumping data for table `node_revisions`
-- 

INSERT INTO `node_revisions` VALUES (168, 232, 1, 'test2', 'test2', 'test2', '', 1176676592, 1);
INSERT INTO `node_revisions` VALUES (4, 4, 1, 'Chess Club', 'This club meets to discuss all things about chess, particularly the Queen&#39;s Gambit.', 'This club meets to discuss all things about chess, particularly the Queen&#39;s Gambit.', '', 1173650514, 1);
INSERT INTO `node_revisions` VALUES (163, 227, 1, 'test', 'test', 'test', '', 1176566706, 1);
INSERT INTO `node_revisions` VALUES (164, 228, 1, 'new post', 'test', 'test', '', 1176566974, 1);
INSERT INTO `node_revisions` VALUES (165, 229, 1, 'Hello', 'test', 'test', '', 1176672426, 1);
INSERT INTO `node_revisions` VALUES (167, 231, 1, 'test', 'test', 'test', '', 1176676266, 1);
INSERT INTO `node_revisions` VALUES (9, 9, 1, 'Main Page', 'This is the main page of the site wiki.', 'This is the main page of the site wiki.', '', 1173047528, 1);
INSERT INTO `node_revisions` VALUES (9, 10, 1, 'Main Page', 'This is the main page of the site wiki.\r\nNew content added.\r\n\r\nAdded alias.', 'This is the main page of the site wiki.\r\nNew content added.\r\n\r\nAdded alias.', '', 1173047564, 1);
INSERT INTO `node_revisions` VALUES (11, 12, 1, 'Welcome to the site.', '<p>Welcome to DrupalEd!.</p><p>If you&#39;re looking for a way to get started, here are some options:</p><ul><li>First, if you haven&#39;t already done so, <a href="?q=user" title="Log in!">log in</a>.</li><li>Once you have logged in, <a href="?q=node/add/bio" title="Create your Bio">create your bio</a>.</li><li>Read over the <a href="?q=wiki-pages">existing documentation</a>  on the wiki pages.</li><li>Create a <a href="?q=node/add/group">Group</a> , or a <a href="?q=node/add/blog">Blog post</a> , or a <a href="?q=node/add/audio">Podcast</a>. </li></ul><p>This site can be used as an informal learning site where all users have comparable permissions, or as a more hierarchical learning environment with students, teachers, classes, and working groups.</p><p>Some of the functionality within this site includes:</p><ul><li>a personal workspace;</li><li>a group workspace;</li><li>the ability for site members to create informal working groups; <br /></li><li>the ability to create formal class spaces;</li><li>podcasting;</li><li>wiki functionality;</li><li>personal and class blogs;</li><li>rss feeds for the entire site, individual courses, individual terms, and individual users;</li><li>personal image galleries;</li><li>personal file repositories;</li><li>the ability to create private, invitation-only groups;</li><li>social bookmarking, with searching within bookmark descriptions;</li><li>spam protection;</li><li>assignment calendars by course;</li><li>event calendars for site-wide events;</li><li>configurable user profiles with searchable text descriptions;</li><li>the ability to create lists of &quot;friends&quot; among site members;</li><li>the ability to find the missing sock in the dryer.<br /></li></ul><p>The goal of this site is to create a flexible framework that allows for users to set up a social learning environment or a more traditional learning environment depending on the needs of the learners within the site. With this current framework, both approaches are supported. </p>', '<p>Welcome to DrupalEd!.</p><p>If you&#39;re looking for a way to get started, here are some options:</p><ul><li>First, if you haven&#39;t already done so, <a href="?q=user" title="Log in!">log in</a>.</li><li>Once you have logged in, <a href="?q=node/add/bio" title="Create your Bio">create your bio</a>.</li><li>Read over the <a href="?q=wiki-pages">existing documentation</a>  on the wiki pages.</li><li>Create a <a href="?q=node/add/group">Group</a> , or a <a href="?q=node/add/blog">Blog post</a> , or a <a href="?q=node/add/audio">Podcast</a>. </li></ul><p>This site can be used as an informal learning site where all users have comparable permissions, or as a more hierarchical learning environment with students, teachers, classes, and working groups.</p><p>Some of the functionality within this site includes:</p><ul><li>a personal workspace;</li><li>a group workspace;</li><li>the ability for site members to create informal working groups; <br /></li><li>the ability to create formal class spaces;</li><li>podcasting;</li><li>wiki functionality;</li><li>personal and class blogs;</li><li>rss feeds for the entire site, individual courses, individual terms, and individual users;</li><li>personal image galleries;</li><li>personal file repositories;</li><li>the ability to create private, invitation-only groups;</li><li>social bookmarking, with searching within bookmark descriptions;</li><li>spam protection;</li><li>assignment calendars by course;</li><li>event calendars for site-wide events;</li><li>configurable user profiles with searchable text descriptions;</li><li>the ability to create lists of &quot;friends&quot; among site members;</li><li>the ability to find the missing sock in the dryer.<br /></li></ul><p>The goal of this site is to create a flexible framework that allows for users to set up a social learning environment or a more traditional learning environment depending on the needs of the learners within the site. With this current framework, both approaches are supported. </p>', '', 1176842316, 1);
INSERT INTO `node_revisions` VALUES (9, 15, 1, 'Main Page', 'This is the main page of the site wiki. New content added.  Added alias.', 'This is the main page of the site wiki. New content added.  Added alias.', '', 1173396999, 1);
INSERT INTO `node_revisions` VALUES (9, 16, 1, 'Main Page', '<p>This is the main page of the site wiki. </p><p>New content added.  </p><p>Added alias.</p>', '<p>This is the main page of the site wiki. </p><p>New content added.  </p><p>Added alias.</p>', '', 1173397049, 1);
INSERT INTO `node_revisions` VALUES (9, 18, 1, 'Main Page', '<p>This is the main page of the site wiki. </p><p>New content added.  </p><p>Added alias.</p>', '<p>This is the main page of the site wiki. </p><p>New content added.  </p><p>Added alias.</p>', '', 1173456032, 1);
INSERT INTO `node_revisions` VALUES (9, 20, 0, 'Main Page', '<p>This is the main page of the site wiki. </p><p>New content added.  </p><p>Added alias.</p><p>edit by hank -- will this show in revisions? </p>', '<p>This is the main page of the site wiki. </p><p>New content added.  </p><p>Added alias.</p><p>edit by hank -- will this show in revisions? </p>', '', 1173715283, 1);
INSERT INTO `node_revisions` VALUES (17, 28, 1, 'English 11', 'An American Literature course. Overview goes here.', 'An American Literature course. Overview goes here.', '', 1176741083, 1);
INSERT INTO `node_revisions` VALUES (21, 32, 0, 'English 11 Wiki Page', '<p>This wiki page will certainly get things rolling.</p><p>Ariel is editing this.</p><p>Edit by hank </p>', '<p>This wiki page will certainly get things rolling.</p><p>Ariel is editing this.</p><p>Edit by hank </p>', '', 1173715432, 1);
INSERT INTO `node_revisions` VALUES (21, 39, 0, 'English 11 Wiki Page', '<p>This wiki page will certainly get things rolling.</p><p>Ariel is editing this.</p><p>Edit by hank</p><p>Hank&#39;s edit post upgrade </p>', '<p>This wiki page will certainly get things rolling.</p><p>Ariel is editing this.</p><p>Edit by hank</p><p>Hank&#39;s edit post upgrade </p>', '', 1173727581, 1);
INSERT INTO `node_revisions` VALUES (21, 41, 0, 'English 11 Wiki Page', '<p>This wiki page will certainly get things rolling.</p><p>Ariel is editing this.</p><p>Edit by hank</p><p>Hank&#39;s edit post upgrade</p><p>&nbsp;</p><p>This is wiki-rific! </p>', '<p>This wiki page will certainly get things rolling.</p><p>Ariel is editing this.</p><p>Edit by hank</p><p>Hank&#39;s edit post upgrade</p><p>&nbsp;</p><p>This is wiki-rific! </p>', '', 1173799307, 1);
INSERT INTO `node_revisions` VALUES (30, 47, 1, 'Getting Started', '<p>[[Logging In | What a user sees]] when they log in</p><p>[[Creating Content]]</p><p>[[Creating Groups]]  and specifically some documentation on embedding views into the group home page</p><p>What else? </p>', '<p>[[Logging In | What a user sees]] when they log in</p><p>[[Creating Content]]</p><p>[[Creating Groups]]  and specifically some documentation on embedding views into the group home page</p><p>What else? </p>', '', 1173978975, 1);
INSERT INTO `node_revisions` VALUES (43, 68, 1, 'Logging In', '<p>When a user logs in, they are taken to the &quot;My Work&quot; section of the site. This site gives a snapshot a users work.</p><p align="center"><img src="/files/mywork.gif" alt="My Work screenshot" title="My Work screenshot" width="548" height="275" /></p><p align="left">The initial &quot;My Work&quot; view includes all of the content a user has posted. If a user is a member of any groups, they are presented with a list of their groups. Clicking on a group&#39;s name allows them to filter on the content from that specific group.</p><p align="left">==Tab Overview==</p><ul><li>My Files -- this tab is each user&#39;s personal file repository. As users attach files to posts, or create image galleries, they show up in this area. The file repository is created automatically as a user works in the site.</li><li>My Comments -- this tab shows all of a user&#39;s comments on other people&#39;s posts.</li><li>My Bookmarks -- this tab displays all of the bookmarks stored by a user.</li><li>My Podcasts -- all podcasts created by a particular user</li><li>My Wiki Pages -- all wiki pages created by a particular user</li><li>My Groups -- this tab shows all activity within a user&#39;s groups.Using this view, a user can see all the new posts within their different groups. They can also filter content on a group by group basis</li></ul>It&#39;s also worth noting that the ability to create different types of content can be controlled on a user by user basis, so a site admin can limit the ability to podcast, or create wiki pages, or bookmarks, etc, to specific users within the site.<br /><p>&nbsp;</p>', '<p>When a user logs in, they are taken to the &quot;My Work&quot; section of the site. This site gives a snapshot a users work.</p><p align="center"><img src="/files/mywork.gif" alt="My Work screenshot" title="My Work screenshot" width="548" height="275" /></p><p align="left">The initial &quot;My Work&quot; view includes all of the content a user has posted. If a user is a member of any groups, they are presented with a list of their groups. Clicking on a group&#39;s name allows them to filter on the content from that specific group.</p><p align="left">==Tab Overview==</p>', '', 1174134860, 1);
INSERT INTO `node_revisions` VALUES (43, 69, 1, 'Logging In', '<p>When a user logs in, they are taken to the &quot;My Work&quot; section of the site. This site gives a snapshot of a user&#39;s work.</p><p align="center"><img src="/files/mywork.gif" alt="My Work screenshot" title="My Work screenshot" width="548" height="275" /></p><p align="left">The initial &quot;My Work&quot; view includes all of the content a user has posted. If a user is a member of any groups, they are presented with a list of their groups. Clicking on a group&#39;s name allows them to filter on the content from that specific group.</p><p align="left"><strong><font size="3">Tab Overview</font></strong></p><ul><li>My Files -- this tab is each user&#39;s personal file repository. As users attach files to posts, or create image galleries, they show up in this area. The file repository is created automatically as a user works in the site.</li><li>My Comments -- this tab shows all of a user&#39;s comments on other people&#39;s posts.</li><li>My Bookmarks -- this tab displays all of the bookmarks stored by a user.</li><li>My Podcasts -- all podcasts created by a particular user</li><li>My Wiki Pages -- all wiki pages created by a particular user</li><li>My Groups -- this tab shows all activity within a user&#39;s groups.Using this view, a user can see all the new posts within their different groups. They can also filter content on a group by group basis</li></ul>It&#39;s also worth noting that the ability to create different types of content can be controlled on a user by user basis, so a site admin can limit the ability to podcast, or create wiki pages, or bookmarks, etc, to specific users within the site.<br /><p>&nbsp;</p>', '<p>When a user logs in, they are taken to the &quot;My Work&quot; section of the site. This site gives a snapshot of a user&#39;s work.</p><p align="center"><img src="/files/mywork.gif" alt="My Work screenshot" title="My Work screenshot" width="548" height="275" /></p><p align="left">The initial &quot;My Work&quot; view includes all of the content a user has posted. If a user is a member of any groups, they are presented with a list of their groups. Clicking on a group&#39;s name allows them to filter on the content from that specific group.</p>', '', 1174134903, 1);
INSERT INTO `node_revisions` VALUES (43, 70, 1, 'Logging In', '<p>When a user logs in, they are taken to the &quot;My Work&quot; section of the site. This site gives a snapshot of a user&#39;s work.</p><p align="center"><img src="/files/mywork.gif" alt="My Work screenshot" title="My Work screenshot" width="548" height="275" /></p><p align="left">The initial &quot;My Work&quot; view includes all of the content a user has posted. If a user is a member of any groups, they are presented with a list of their groups. Clicking on a group&#39;s name allows them to filter on the content from that specific group.<br /></p><p align="left"><strong><font size="3">Tab Overview</font></strong></p><ul><li>My Files -- this tab is each user&#39;s personal file repository. As users attach files to posts, or create image galleries, they show up in this area. The file repository is created automatically as a user works in the site.</li><li>My Comments -- this tab shows all of a user&#39;s comments on other people&#39;s posts.</li><li>My Bookmarks -- this tab displays all of the bookmarks stored by a user.</li><li>My Podcasts -- all podcasts created by a particular user</li><li>My Wiki Pages -- all wiki pages created by a particular user</li><li>My Groups -- this tab shows all activity within a user&#39;s groups.Using this view, a user can see all the new posts within their different groups. They can also filter content on a group by group basis</li></ul>It&#39;s also worth noting that the ability to create different types of content can be controlled on a user by user basis, so a site admin can limit the ability to podcast, or create wiki pages, or bookmarks, etc, to specific users within the site.<br /><p>&nbsp;</p>', '<p>When a user logs in, they are taken to the &quot;My Work&quot; section of the site. This site gives a snapshot of a user&#39;s work.</p><p align="center"><img src="/files/mywork.gif" alt="My Work screenshot" title="My Work screenshot" width="548" height="275" /></p><p align="left">The initial &quot;My Work&quot; view includes all of the content a user has posted. If a user is a member of any groups, they are presented with a list of their groups. Clicking on a group&#39;s name allows them to filter on the content from that specific group.<br /></p>', '', 1174134920, 1);
INSERT INTO `node_revisions` VALUES (43, 71, 1, 'Logging In', '<p>When a user logs in, they are taken to the &quot;My Work&quot; section of the site. This site gives a snapshot of a user&#39;s work.</p><p align="center"><img src="/files/mywork.gif" alt="My Work screenshot" title="My Work screenshot" width="548" height="275" /></p><p align="left">The initial &quot;My Work&quot; view includes all of the content a user has posted. If a user is a member of any groups, they are presented with a list of their groups. Clicking on a group&#39;s name allows them to filter on the content from that specific group.</p><p align="left">&nbsp;</p><p align="left"><strong><font size="3">Tab Overview</font></strong></p><ul><li><em>My Files</em> -- this tab is each user&#39;s personal file repository. As users attach files to posts, or create image galleries, they show up in this area. The file repository is created automatically as a user works in the site.</li><li><em>My Comments</em> -- this tab shows all of a user&#39;s comments on other people&#39;s posts.</li><li><em>My Bookmarks</em> -- this tab displays all of the bookmarks stored by a user.</li><li><em>My Podcasts</em> -- all podcasts created by a particular user</li><li><em>My Wiki Pages</em> -- all wiki pages created by a particular user</li><li><em>My Groups</em> -- this tab shows all activity within a user&#39;s groups.Using this view, a user can see all the new posts within their different groups. They can also filter content on a group by group basis</li></ul>It&#39;s also worth noting that the ability to create different types of content can be controlled on a user by user basis, so a site admin can limit the ability to podcast, or create wiki pages, or bookmarks, etc, to specific users within the site.<br /><p>&nbsp;</p>', '<p>When a user logs in, they are taken to the &quot;My Work&quot; section of the site. This site gives a snapshot of a user&#39;s work.</p><p align="center"><img src="/files/mywork.gif" alt="My Work screenshot" title="My Work screenshot" width="548" height="275" /></p><p align="left">The initial &quot;My Work&quot; view includes all of the content a user has posted. If a user is a member of any groups, they are presented with a list of their groups. Clicking on a group&#39;s name allows them to filter on the content from that specific group.</p><p align="left">&nbsp;</p>', '', 1174134975, 1);
INSERT INTO `node_revisions` VALUES (52, 85, 1, 'Creating Groups', '<p>If you are creating a course, you can add specific content to your course home page. </p><p>You do this by selecting the correct view in the &quot;Highlighted Content&quot; section:</p><p align="center">&nbsp;</p><p align="left">Select one of the highlighted views. At the risk of stating the obvious, the &quot;group_assignments&quot; view will show all assignments for a specific group; &quot;group_wiki&quot; will show all the wiki pages for a different group, etc. The one view that bears a little further explanation is the &quot;group_blog_question&quot; view; we set this up to show some of the potential for different uses here. If any user in the group creates a blog post that they tag with the term <em>question</em>, it will appear in &quot;Highlighted Content&quot; section. To see an example of this, go to the <a href="/course/17" target="_blank" title="English 11">English 11</a> course and look at the &quot;Questions&quot; section. </p><p align="left">We have prefaced all the names of the group-specific views with the word &quot;group&quot;; however, we recognize that this is no substitute for a UI that only presents the relevant choices. We&#39;re working on it, but, obviously, it&#39;s not done yet.</p><p align="left">And there&#39;s one last step. Just below highlighted content, you will see a field named &quot;arguments.&quot;</p><p align="center">&nbsp;</p><p align="center"> <img src="/files/group_nid.gif" alt="Arguments" title="Arguments" width="455" height="395" /></p>', '<p>If you are creating a course, you can add specific content to your course home page. </p><p>You do this by selecting the correct view in the &quot;Highlighted Content&quot; section:</p><p align="center">&nbsp;</p>', '', 1174165672, 1);
INSERT INTO `node_revisions` VALUES (52, 86, 1, 'Creating Groups', '<p>If you are creating a course, you can add specific content to your course home page. </p><p>You do this by selecting the correct view in the &quot;Highlighted Content&quot; section:</p><p align="center"> <img src="/files/group_highlight.gif" alt="Highlighted Content" title="Highlighted Content" width="487" height="400" /></p><p align="left"><strong>Select one of the highlighted views</strong>. At the risk of stating the obvious, the &quot;group_assignments&quot; view will show all assignments for a specific group; &quot;group_wiki&quot; will show all the wiki pages for a different group, etc. The one view that bears a little further explanation is the &quot;group_blog_question&quot; view; we set this up to show some of the potential for different uses here. If any user in the group creates a blog post that they tag with the term <em>question</em>, it will appear in &quot;Highlighted Content&quot; section. To see an example of this, go to the <a href="/course/17" target="_blank" title="English 11">English 11</a> course and look at the &quot;Questions&quot; section. </p><p align="left">We have prefaced all the names of the group-specific views with the word &quot;group&quot;; however, we recognize that this is no substitute for a UI that only presents the relevant choices. We&#39;re working on it, but, obviously, it&#39;s not done yet.</p><p align="left"><strong>And there&#39;s one last step.</strong> Just below highlighted content, you will see a field named &quot;arguments.&quot;</p><p align="center">&nbsp;</p><p align="center"> <img src="/files/group_nid.gif" alt="Arguments" title="Arguments" width="455" height="395" /></p><p align="left">To make this work, first click the link below the argument field to disable the rich-text editor. Then, enter in the text <em>%nid</em> --</p><p align="left">This final step ensures that only group-specific content will appear on the home page. </p><p align="left">Obviously, these instructions are daunting/offputting to non-technical users, or people new to Drupal. Ideally, this type of course creation screen will only be seen by users who have been trained in how to use it, or who are willing to experiment. As people experiment with a site, and become more familiar with the functionality, they will (hopefully) start to experiment with different types of functionality.</p><p align="center">&nbsp;</p>', '<p>If you are creating a course, you can add specific content to your course home page. </p><p>You do this by selecting the correct view in the &quot;Highlighted Content&quot; section:</p><p align="center"> <img src="/files/group_highlight.gif" alt="Highlighted Content" title="Highlighted Content" width="487" height="400" /></p>', '', 1174166168, 1);
INSERT INTO `node_revisions` VALUES (52, 87, 1, 'Creating Groups', '<p>If you are creating a course, you can add specific content to your course home page. </p><p>You do this by selecting the correct view in the &quot;Highlighted Content&quot; section:</p><p align="center"> <img src="/files/group_highlight.gif" alt="Highlighted Content" title="Highlighted Content" width="487" height="400" /></p><p align="left"><strong>Select one of the highlighted views</strong>. At the risk of stating the obvious, the &quot;group_assignments&quot; view will show all assignments for a specific group; &quot;group_wiki&quot; will show all the wiki pages for a different group, etc. The one view that bears a little further explanation is the &quot;group_blog_question&quot; view; we set this up to show some of the potential for different uses here. If any user in the group creates a blog post that they tag with the term <em>question</em>, it will appear in &quot;Highlighted Content&quot; section. To see an example of this, go to the <a href="/course/17" target="_blank" title="English 11">English 11</a> course and look at the &quot;Questions&quot; section. </p><p align="left">We have prefaced all the names of the group-specific views with the word &quot;group&quot;; however, we recognize that this is no substitute for a UI that only presents the relevant choices. We&#39;re working on it, but, obviously, it&#39;s not done yet.</p><p align="left"><strong>And there&#39;s one last step.</strong> Just below highlighted content, you will see a field named &quot;arguments.&quot;</p><p align="center">&nbsp;</p><p align="center"> <img src="/files/group_nid.gif" alt="Arguments" title="Arguments" width="455" height="395" /></p><p align="left">To make this work, first click the link below the argument field to disable the rich-text editor. Then, enter in the text <em>%nid</em> --</p><p align="left">This final step ensures that only group-specific content will appear on the home page. </p><p align="left">Obviously, these instructions are daunting/offputting to non-technical users, or people new to Drupal. Ideally, this type of course creation screen will only be seen by users who have been trained in how to use it, or who are willing to experiment. As people experiment with a site, and become more familiar with the functionality, they will (hopefully) start to experiment with different types of functionality.</p><p align="center">&nbsp;</p>', '<p>If you are creating a course, you can add specific content to your course home page. </p><p>You do this by selecting the correct view in the &quot;Highlighted Content&quot; section:</p><p align="center"> <img src="/files/group_highlight.gif" alt="Highlighted Content" title="Highlighted Content" width="487" height="400" /></p>', '', 1174166186, 1);
INSERT INTO `node_revisions` VALUES (52, 98, 1, 'Creating Groups', '<p>If you are creating a course, you can add specific content to your course home page. </p><p>You do this by selecting the correct view in the &quot;Highlighted Content&quot; section:</p><p align="center"> <img src="/files/group_highlight.gif" alt="Highlighted Content" title="Highlighted Content" width="487" height="400" /></p><p align="left"><strong>Select one, or several, of the highlighted views</strong>. You can select as many or as few as you like. At the risk of stating the obvious, the &quot;group_assignments&quot; view will show all assignments for a specific group; &quot;group_wiki&quot; will show all the wiki pages for a different group, etc. The one view that bears a little further explanation is the &quot;group_blog_question&quot; view; we set this up to show some of the potential for different uses here. If any user in the group creates a blog post that they tag with the term <em>question</em>, it will appear in &quot;Highlighted Content&quot; section. To see an example of this, go to the <a href="/course/17" target="_blank" title="English 11">English 11</a> course and look at the &quot;Questions&quot; section. </p><p align="left">We have prefaced all the names of the group-specific views with the word &quot;group&quot;; however, we recognize that this is no substitute for a UI that only presents the relevant choices. We&#39;re working on it, but, obviously, it&#39;s not done yet.</p><p align="left"><strong>And there&#39;s one last step.</strong> Just below highlighted content, you will see a field named &quot;arguments.&quot;</p><p align="center">&nbsp;</p><p align="center"> <img src="/files/group_nid.gif" alt="Arguments" title="Arguments" width="455" height="395" /></p><p align="left">To make this work, first click the link below the argument field to disable the rich-text editor. Then, enter in the text <em>%nid</em> --</p><p align="left">This final step ensures that only group-specific content will appear on the home page. </p><p align="left">Obviously, these instructions are daunting/offputting to non-technical users, or people new to Drupal. Ideally, this type of course creation screen will only be seen by users who have been trained in how to use it, or who are willing to experiment. As people experiment with a site, and become more familiar with the functionality, they will (hopefully) start to experiment with different types of functionality.</p><p align="center">&nbsp;</p>', '<p>If you are creating a course, you can add specific content to your course home page. </p><p>You do this by selecting the correct view in the &quot;Highlighted Content&quot; section:</p><p align="center"> <img src="/files/group_highlight.gif" alt="Highlighted Content" title="Highlighted Content" width="487" height="400" /></p>', '', 1174226766, 1);
INSERT INTO `node_revisions` VALUES (43, 99, 1, 'Logging In', '<p>When a user logs in, they are taken to the &quot;My Work&quot; section of the site. This site gives a snapshot of a user&#39;s work.</p><p align="center"><img src="/files/mywork.gif" alt="My Work screenshot" title="My Work screenshot" width="548" height="275" /></p><p align="left">The initial &quot;My Work&quot; view includes all of the content a user has posted. If a user is a member of any groups, they are presented with a list of their groups. Clicking on a group&#39;s name allows them to filter on the content from that specific group.</p><p align="left">&nbsp;</p><p align="left"><strong><font size="3">Tab Overview</font></strong></p><ul><li><em>My Files</em> -- this tab is each user&#39;s personal file repository. As users attach files to posts, or create image galleries, they show up in this area. The file repository is created automatically as a user works in the site.</li><li><em>My Comments</em> -- this tab shows all of a user&#39;s comments on other people&#39;s posts.</li><li><em>My Bookmarks</em> -- this tab displays all of the bookmarks stored by a user.</li><li><em>My Podcasts</em> -- all podcasts created by a particular user</li><li><em>My Wiki Pages</em> -- all wiki pages created by a particular user</li><li><em>My Portfolio Artifacts</em> -- all portfolio artifacts created by a particular user<br /></li><li><em>My Groups</em> -- this tab shows all activity within a user&#39;s groups.Using this view, a user can see all the new posts within their different groups. They can also filter content on a group by group basis</li></ul>It&#39;s also worth noting that the ability to create different types of content can be controlled on a user by user basis, so a site admin can limit the ability to podcast, or create wiki pages, or bookmarks, etc, to specific users within the site.<br /><p>&nbsp;</p>', '<p>When a user logs in, they are taken to the &quot;My Work&quot; section of the site. This site gives a snapshot of a user&#39;s work.</p><p align="center"><img src="/files/mywork.gif" alt="My Work screenshot" title="My Work screenshot" width="548" height="275" /></p><p align="left">The initial &quot;My Work&quot; view includes all of the content a user has posted. If a user is a member of any groups, they are presented with a list of their groups. Clicking on a group&#39;s name allows them to filter on the content from that specific group.</p><p align="left">&nbsp;</p>', '', 1174226863, 1);
INSERT INTO `node_revisions` VALUES (43, 119, 0, 'Logging In', '<p>When a user logs in, they are taken to the &quot;My Work&quot; section of the site. This site gives a snapshot of a user&#39;s work.</p><p align="center"><img src="/files/mywork.gif" alt="My Work screenshot" title="My Work screenshot" width="548" height="275" /></p><p align="left">The initial &quot;My Work&quot; view includes all of the content a user has posted. If a user is a member of any groups, they are presented with a list of their groups. Clicking on a group&#39;s name allows them to filter on the content from that specific group.</p><p align="left">&nbsp;</p><p align="left"><strong><font size="3">Tab Overview</font></strong></p><ul><li><em>My Files</em> -- this tab is each user&#39;s personal file repository. As users attach files to posts, or create image galleries, they show up in this area. The file repository is created automatically as a user works in the site.</li><li><em>My Comments</em> -- this tab shows all of a user&#39;s comments on other people&#39;s posts.</li><li><em>My Bookmarks</em> -- this tab displays all of the bookmarks stored by a user.</li><li><em>My Podcasts</em> -- all podcasts created by a particular user</li><li><em>My Wiki Pages</em> -- all wiki pages created by a particular user</li><li><em>My Portfolio Artifacts</em> -- all portfolio artifacts created by a particular user<br /></li><li><em>My Groups</em> -- this tab shows all activity within a user&#39;s groups.Using this view, a user can see all the new posts within their different groups. They can also filter content on a group by group basis</li></ul>It&#39;s also worth noting that the ability to create different types of content can be controlled on a user by user basis, so a site admin can limit the ability to podcast, or create wiki pages, or bookmarks, etc, to specific users within the site.<br /><p>&nbsp;</p><p>This is very interesting. </p>', '<p>When a user logs in, they are taken to the &quot;My Work&quot; section of the site. This site gives a snapshot of a user&#39;s work.</p><p align="center"><img src="/files/mywork.gif" alt="My Work screenshot" title="My Work screenshot" width="548" height="275" /></p><p align="left">The initial &quot;My Work&quot; view includes all of the content a user has posted. If a user is a member of any groups, they are presented with a list of their groups. Clicking on a group&#39;s name allows them to filter on the content from that specific group.</p><p align="left">&nbsp;</p><p align="left"><strong><font size="3">Tab Overview</font></strong></p><ul><li><em>My Files</em> -- this tab is each user&#39;s personal file repository. As users attach files to posts, or create image galleries, they show up in this area. The file repository is created automatically as a user works in the site.</li><li><em>My Comments</em> -- this tab shows all of a user&#39;s comments on other people&#39;s posts.</li><li><em>My Bookmarks</em> -- this tab displays all of the bookmarks stored by a user.</li><li><em>My Podcasts</em> -- all podcasts created by a particular user</li><li><em>My Wiki Pages</em> -- all wiki pages created by a particular user</li><li><em>My Portfolio Artifacts</em> -- all portfolio artifacts created by a particular user<br /></li><li><em>My Groups</em> -- this tab shows all activity within a user&#39;s groups.Using this view, a user can see all the new posts within their different groups. They can also filter content on a group by group basis</li></ul>It&#39;s also worth noting that the ability to create different types of content can be controlled on a user by user basis, so a site admin can limit the ability to podcast, or create wiki pages, or bookmarks, etc, to specific users within the site.<br /><p>&nbsp;</p><p>This is very interesting. </p>', '', 1174324563, 1);
INSERT INTO `node_revisions` VALUES (182, 251, 1, 'Site Users', '<p>The site comes with the following test users in the [[Site Roles | following roles]]:</p><p>&nbsp;</p><div style="text-align: center"><img src="/files/users.gif" alt="Site users" title="screenshot of site users" width="502" height="203" /></div><div style="text-align: center"> </div><p>&nbsp;</p><p>With the exception of the admin user, all usernames and passwords are identical. </p>', '<p>The site comes with the following test users in the [[Site Roles | following roles]]:</p><p>&nbsp;</p><div style="text-align: center"><img src="/files/users.gif" alt="Site users" title="screenshot of site users" width="502" height="203" /></div><div style="text-align: center"> </div><p>&nbsp;</p><p>With the exception of the admin user, all usernames and passwords are identical. </p>', '', 1176810945, 1);
INSERT INTO `node_revisions` VALUES (52, 235, 1, 'Creating Courses', '<p>If you are creating a course, you can add specific content to your course home page. </p><p>You do this by selecting the correct view in the &quot;Highlighted Content&quot; section:</p><p align="center"> <img src="/files/group_highlight.gif" alt="Highlighted Content" title="Highlighted Content" width="487" height="400" /></p><p align="left"><strong>Select one, or several, of the highlighted views</strong>. You can select as many or as few as you like. At the risk of stating the obvious, the &quot;group_assignments&quot; view will show all assignments for a specific group; &quot;group_wiki&quot; will show all the wiki pages for a different group, etc. The one view that bears a little further explanation is the &quot;group_blog_question&quot; view; we set this up to show some of the potential for different uses here. If any user in the group creates a blog post that they tag with the term <em>question</em>, it will appear in &quot;Highlighted Content&quot; section. To see an example of this, go to the <a href="/course/17" target="_blank" title="English 11">English 11</a> course and look at the &quot;Questions&quot; section. </p><p align="left">We have prefaced all the names of the group-specific views with the word &quot;group&quot;; however, we recognize that this is no substitute for a UI that only presents the relevant choices. We&#39;re working on it, but, obviously, it&#39;s not done yet.</p><p align="left"><strong>And there&#39;s one last step.</strong> Just below highlighted content, you will see a field named &quot;arguments.&quot;</p><p align="center">&nbsp;</p><p align="center"> <img src="/files/group_nid.gif" alt="Arguments" title="Arguments" width="455" height="395" /></p><p align="left">To make this work, first click the link below the argument field to disable the rich-text editor. Then, enter in the text <em>%nid</em> --</p><p align="left">This final step ensures that only group-specific content will appear on the home page. </p><p align="left">Obviously, these instructions are daunting/offputting to non-technical users, or people new to Drupal. Ideally, this type of course creation screen will only be seen by users who have been trained in how to use it, or who are willing to experiment. As people experiment with a site, and become more familiar with the functionality, they will (hopefully) start to experiment with different types of functionality.</p><p align="center">&nbsp;</p>', '<p>If you are creating a course, you can add specific content to your course home page. </p><p>You do this by selecting the correct view in the &quot;Highlighted Content&quot; section:</p><p align="center"> <img src="/files/group_highlight.gif" alt="Highlighted Content" title="Highlighted Content" width="487" height="400" /></p><p align="left"><strong>Select one, or several, of the highlighted views</strong>. You can select as many or as few as you like. At the risk of stating the obvious, the &quot;group_assignments&quot; view will show all assignments for a specific group; &quot;group_wiki&quot; will show all the wiki pages for a different group, etc. The one view that bears a little further explanation is the &quot;group_blog_question&quot; view; we set this up to show some of the potential for different uses here. If any user in the group creates a blog post that they tag with the term <em>question</em>, it will appear in &quot;Highlighted Content&quot; section. To see an example of this, go to the <a href="/course/17" target="_blank" title="English 11">English 11</a> course and look at the &quot;Questions&quot; section. </p><p align="left">We have prefaced all the names of the group-specific views with the word &quot;group&quot;; however, we recognize that this is no substitute for a UI that only presents the relevant choices. We&#39;re working on it, but, obviously, it&#39;s not done yet.</p><p align="left"><strong>And there&#39;s one last step.</strong> Just below highlighted content, you will see a field named &quot;arguments.&quot;</p><p align="center">&nbsp;</p><p align="center"> <img src="/files/group_nid.gif" alt="Arguments" title="Arguments" width="455" height="395" /></p><p align="left">To make this work, first click the link below the argument field to disable the rich-text editor. Then, enter in the text <em>%nid</em> --</p><p align="left">This final step ensures that only group-specific content will appear on the home page. </p><p align="left">Obviously, these instructions are daunting/offputting to non-technical users, or people new to Drupal. Ideally, this type of course creation screen will only be seen by users who have been trained in how to use it, or who are willing to experiment. As people experiment with a site, and become more familiar with the functionality, they will (hopefully) start to experiment with different types of functionality.</p><p align="center">&nbsp;</p>', '', 1176724227, 1);
INSERT INTO `node_revisions` VALUES (171, 236, 1, 'View Content By User', '<p>To view content from individual users -- and to get an RSS feed of a specific user&#39;s content -- you have a couple options.</p><p>For a user&#39;s <strong>blog posts</strong>: append &quot;blog/<em>username</em>&quot; to the end of the site&#39;s url.</p><p>For <strong>all of a user&#39;s content</strong>: append &quot;allfrom/<em>username</em>&quot; to the end of the site&#39;s url. </p>', '<p>To view content from individual users -- and to get an RSS feed of a specific user&#39;s content -- you have a couple options.</p><p>For a user&#39;s <strong>blog posts</strong>: append &quot;blog/<em>username</em>&quot; to the end of the site&#39;s url.</p><p>For <strong>all of a user&#39;s content</strong>: append &quot;allfrom/<em>username</em>&quot; to the end of the site&#39;s url. </p>', '', 1176725063, 1);
INSERT INTO `node_revisions` VALUES (171, 237, 1, 'View Content By User', '<p>To view content from individual users -- and to get an RSS feed of a specific user&#39;s content -- you have a couple options.</p><p>For a user&#39;s <strong>blog posts</strong>: append &quot;blog/<em>username</em>&quot; to the end of the site&#39;s url.</p><p>For <strong>all of a user&#39;s content</strong>: append &quot;allfrom/<em>username</em>&quot; to the end of the site&#39;s url. </p>', '<p>To view content from individual users -- and to get an RSS feed of a specific user&#39;s content -- you have a couple options.</p><p>For a user&#39;s <strong>blog posts</strong>: append &quot;blog/<em>username</em>&quot; to the end of the site&#39;s url.</p><p>For <strong>all of a user&#39;s content</strong>: append &quot;allfrom/<em>username</em>&quot; to the end of the site&#39;s url. </p>', '', 1176725094, 1);
INSERT INTO `node_revisions` VALUES (171, 238, 1, 'View Content By User', '<p>To view content from individual users -- and to get an RSS feed of a specific user&#39;s content -- you have a couple options.</p><p>For a user&#39;s <strong>blog posts</strong>: append &quot;blog/<em>username</em>&quot; to the end of the site&#39;s url.</p><p>For <strong>all of a user&#39;s content</strong>: append &quot;allfrom/<em>username</em>&quot; to the end of the site&#39;s url. </p>', '<p>To view content from individual users -- and to get an RSS feed of a specific user&#39;s content -- you have a couple options.</p><p>For a user&#39;s <strong>blog posts</strong>: append &quot;blog/<em>username</em>&quot; to the end of the site&#39;s url.</p><p>For <strong>all of a user&#39;s content</strong>: append &quot;allfrom/<em>username</em>&quot; to the end of the site&#39;s url. </p>', '', 1176725127, 1);
INSERT INTO `node_revisions` VALUES (171, 239, 1, 'View Content By User', '<p>To view content from individual users -- and to get an RSS feed of a specific user&#39;s content -- you have a couple options.</p><p>For a user&#39;s <strong>blog posts</strong>: append &quot;blog/<em>username</em>&quot; to the end of the site&#39;s url.</p><p>For <strong>all of a user&#39;s content</strong>: append &quot;allfrom/<em>username</em>&quot; to the end of the site&#39;s url. </p>', '<p>To view content from individual users -- and to get an RSS feed of a specific user&#39;s content -- you have a couple options.</p><p>For a user&#39;s <strong>blog posts</strong>: append &quot;blog/<em>username</em>&quot; to the end of the site&#39;s url.</p><p>For <strong>all of a user&#39;s content</strong>: append &quot;allfrom/<em>username</em>&quot; to the end of the site&#39;s url. </p>', '', 1176725179, 1);
INSERT INTO `node_revisions` VALUES (43, 240, 1, 'Logging In', '<p>When a user logs in, they are taken to the &quot;My Work&quot; section of the site. This site gives a snapshot of a user&#39;s work.</p><p align="center"><img src="/files/mywork.gif" alt="My Work screenshot" title="My Work screenshot" width="548" height="275" /></p><p align="left">The initial &quot;My Work&quot; view includes all of the content a user has posted. If a user is a member of any groups, they are presented with a list of their groups. Clicking on a group&#39;s name allows them to filter on the content from that specific group.</p><p align="left">&nbsp;</p><p align="left"><strong><font size="3">Tab Overview</font></strong></p><ul><li><em>My Files</em> -- this tab is each user&#39;s personal file repository. As users attach files to posts, or create image galleries, they show up in this area. The file repository is created automatically as a user works in the site.</li><li><em>My Comments</em> -- this tab shows all of a user&#39;s comments on other people&#39;s posts.</li><li><em>My Bookmarks</em> -- this tab displays all of the bookmarks stored by a user.</li><li><em>My Podcasts</em> -- all podcasts created by a particular user</li><li><em>My Wiki Pages</em> -- all wiki pages created by a particular user</li><li><em>My Portfolio Artifacts</em> -- all portfolio artifacts created by a particular user<br /></li><li><em>My Groups</em> -- this tab shows all activity within a user&#39;s groups.Using this view, a user can see all the new posts within their different groups. They can also filter content on a group by group basis</li></ul>It&#39;s also worth noting that the ability to create different types of content can be controlled on a user by user basis, so a site admin can limit the ability to podcast, or create wiki pages, or bookmarks, etc, to specific users within the site.', '<p>When a user logs in, they are taken to the &quot;My Work&quot; section of the site. This site gives a snapshot of a user&#39;s work.</p><p align="center"><img src="/files/mywork.gif" alt="My Work screenshot" title="My Work screenshot" width="548" height="275" /></p><p align="left">The initial &quot;My Work&quot; view includes all of the content a user has posted. If a user is a member of any groups, they are presented with a list of their groups. Clicking on a group&#39;s name allows them to filter on the content from that specific group.</p><p align="left">&nbsp;</p><p align="left"><strong><font size="3">Tab Overview</font></strong></p><ul><li><em>My Files</em> -- this tab is each user&#39;s personal file repository. As users attach files to posts, or create image galleries, they show up in this area. The file repository is created automatically as a user works in the site.</li><li><em>My Comments</em> -- this tab shows all of a user&#39;s comments on other people&#39;s posts.</li><li><em>My Bookmarks</em> -- this tab displays all of the bookmarks stored by a user.</li><li><em>My Podcasts</em> -- all podcasts created by a particular user</li><li><em>My Wiki Pages</em> -- all wiki pages created by a particular user</li><li><em>My Portfolio Artifacts</em> -- all portfolio artifacts created by a particular user<br /></li><li><em>My Groups</em> -- this tab shows all activity within a user&#39;s groups.Using this view, a user can see all the new posts within their different groups. They can also filter content on a group by group basis</li></ul>It&#39;s also worth noting that the ability to create different types of content can be controlled on a user by user basis, so a site admin can limit the ability to podcast, or create wiki pages, or bookmarks, etc, to specific users within the site.', '', 1176725214, 1);
INSERT INTO `node_revisions` VALUES (172, 241, 1, 'Site Roles', '<p>The following roles have been created to give an overview of how roles can be used to create different levels of access, and a different look and feel to the site.  </p><ul><li>anonymous user -- this role refers to people who visit the site, but are not site members (people who have not signed up for an account)</li><li>audio -- users in this role can create podcasts<br /></li><li>authenticated user -- the default role for all site members. Users in this role have a blog, and can store bookmarks, create groups, create image galleries, and portfolio artifacts. </li><li>instructor -- instructors have all the rights of students, but can create courses and assignments. </li><li>maintainer -- site maintainers have full rights over editing all site content.</li><li>siteadmin -- the siteadmin has full administrative rights over the entire site. This role should be used sparingly. </li><li>student -- this is a placeholder role. For added security, all rights can be removed from the authenticated user role and assigned to the student role. For an organization who is limiting site membership, this configuration means that even if someone managed to create an account on the site, they would have no rights until an admin assigned them into a role. </li><li>wiki -- users in this role can create wiki pages, and can revert revisions.</li></ul>It&#39;s also worth noting that this site uses a generic school paradigm -- it contains a <em>student</em> and <em>instructor</em> role, and instructors create assignments within courses. However, if those roles aren&#39;t used, the hierarchy is effectively flattened.', '<p>The following roles have been created to give an overview of how roles can be used to create different levels of access, and a different look and feel to the site.  </p><ul><li>anonymous user -- this role refers to people who visit the site, but are not site members (people who have not signed up for an account)</li><li>audio -- users in this role can create podcasts<br /></li><li>authenticated user -- the default role for all site members. Users in this role have a blog, and can store bookmarks, create groups, create image galleries, and portfolio artifacts. </li><li>instructor -- instructors have all the rights of students, but can create courses and assignments. </li><li>maintainer -- site maintainers have full rights over editing all site content.</li><li>siteadmin -- the siteadmin has full administrative rights over the entire site. This role should be used sparingly. </li><li>student -- this is a placeholder role. For added security, all rights can be removed from the authenticated user role and assigned to the student role. For an organization who is limiting site membership, this configuration means that even if someone managed to create an account on the site, they would have no rights until an admin assigned them into a role. </li><li>wiki -- users in this role can create wiki pages, and can revert revisions.</li></ul>It&#39;s also worth noting that this site uses a generic school paradigm -- it contains a <em>student</em> and <em>instructor</em> role, and instructors create assignments within courses. However, if those roles aren&#39;t used, the hierarchy is effectively flattened.', '', 1176726876, 1);
INSERT INTO `node_revisions` VALUES (179, 248, 156, 'Blah Blah Blah', '', '', '', 1176761688, 1);
INSERT INTO `node_revisions` VALUES (178, 247, 8, 'Aliya''s Bio', '', '', '', 1176759393, 0);

-- --------------------------------------------------------

-- 
