-- Table structure for table `node_type`
-- 

CREATE TABLE `node_type` (
  `type` varchar(32) NOT NULL default '',
  `name` varchar(255) NOT NULL default '',
  `module` varchar(255) NOT NULL default '',
  `description` mediumtext NOT NULL,
  `help` mediumtext NOT NULL,
  `has_title` tinyint(3) unsigned NOT NULL default '0',
  `title_label` varchar(255) NOT NULL default '',
  `has_body` tinyint(3) unsigned NOT NULL default '0',
  `body_label` varchar(255) NOT NULL default '',
  `min_word_count` smallint(5) unsigned NOT NULL default '0',
  `custom` tinyint(4) NOT NULL default '0',
  `modified` tinyint(4) NOT NULL default '0',
  `locked` tinyint(4) NOT NULL default '0',
  `orig_type` varchar(255) NOT NULL default '',
  PRIMARY KEY  (`type`)
) ENGINE=MyISAM DEFAULT CHARSET=utf8;

-- 
-- Dumping data for table `node_type`
-- 

INSERT INTO `node_type` VALUES ('page', 'Page', 'node', 'If you want to add a static page, like a contact page or an about page, use a page.', '', 1, 'Title', 1, 'Body', 0, 1, 1, 0, 'page');
INSERT INTO `node_type` VALUES ('story', 'Story', 'node', 'Stories are articles in their simplest form: they have a title, a teaser and a body, but can be extended by other modules. The teaser is part of the body too. Stories may be used as a personal blog or for news articles.', '', 1, 'Title', 1, 'Body', 0, 1, 1, 0, 'story');
INSERT INTO `node_type` VALUES ('blog', 'Blog entry', 'blog', 'A blog is a regularly updated journal or diary made up of individual posts shown in reversed chronological order. Each member of the site may create and maintain a blog.', '', 1, 'Title', 1, 'Body', 0, 0, 1, 1, 'blog');
INSERT INTO `node_type` VALUES ('assignment', 'Assignment', 'node', 'Post an assignment', 'Create an assignment', 1, 'Assignment Name', 1, 'Description', 0, 1, 1, 0, '');
INSERT INTO `node_type` VALUES ('image', 'Image', 'node', 'Create a gallery of up to 12 images', 'Create a gallery of up to 12 images', 1, 'Title', 1, 'Body', 0, 1, 1, 0, '');
INSERT INTO `node_type` VALUES ('audio', 'Audio', 'audio', 'An audio file. The audio file could be used for adding music, podcasts, or audio clips to your site.', '', 1, 'Title', 1, 'Body', 0, 0, 1, 1, 'audio');
INSERT INTO `node_type` VALUES ('course', 'Course', 'node', 'Create a course.', 'Describe your course. In the description, you can link to your syllabus, or any other resources. <a href="/wiki/creating-groups" target="_blank">This wiki page</a> gives an overview of how to create a course.', 1, 'Course Name', 1, 'Course Description', 0, 1, 1, 0, '');
INSERT INTO `node_type` VALUES ('group', 'Group', 'node', 'Create a group or a club.', 'Describe your group or club.', 1, 'Title', 1, 'Body', 0, 1, 1, 0, '');
INSERT INTO `node_type` VALUES ('event', 'Event', 'node', 'Add an event. These events will appear on the sitewide event calendar.', 'Describe your event. Be sure to provide as many salient details as concisely as possible.', 1, 'Title', 1, 'Body', 0, 1, 1, 0, '');
INSERT INTO `node_type` VALUES ('bookmark', 'Bookmark', 'node', 'Add a link to a useful resource.', 'Create and share a bookmark to a useful resource.', 1, 'Title', 1, 'Body', 0, 1, 1, 0, '');
INSERT INTO `node_type` VALUES ('wiki', 'Wiki', 'node', 'Use this content type to allow users to create posts that all site users can edit.', 'Create posts that all site users can edit.', 1, 'Title', 1, 'Body', 0, 1, 1, 0, '');
INSERT INTO `node_type` VALUES ('portfolio_artifact', 'Portfolio Artifact', 'node', 'Create a portfolio item. A portfolio allows you to highlight and reflect on individual pieces of work.', 'Create a portfolio item. In the "Description" field, explain why you chose to include this item in your portfolio.', 1, 'Title', 1, 'Description', 0, 1, 1, 0, '');
INSERT INTO `node_type` VALUES ('bio', 'Bio', 'node', 'Add information about yourself. This information will allow others (ideally, people with common interests) to find you more easily.', 'Add information about yourself. This information will allow others (ideally, people with common interests) to find you more easily.', 1, 'Title', 0, '', 0, 1, 1, 0, 'bio');

-- --------------------------------------------------------

-- 
-- Table structure for table `og`
-- 

CREATE TABLE `og` (
  `nid` int(11) NOT NULL default '0',
  `selective` int(11) NOT NULL default '0',
  `description` varchar(255) default NULL,
  `theme` varchar(255) default NULL,
  `website` varchar(255) default NULL,
  `register` int(1) NOT NULL default '0',
  `directory` int(1) NOT NULL default '0',
  `notification` int(1) NOT NULL default '0',
  `language` varchar(12) NOT NULL default '',
  PRIMARY KEY  (`nid`)
) ENGINE=MyISAM DEFAULT CHARSET=utf8;

-- 
-- Dumping data for table `og`
-- 

INSERT INTO `og` VALUES (4, 0, 'Get your chess on!', '', '', 0, 1, 0, '');
INSERT INTO `og` VALUES (17, 0, 'Junior English', '', '', 0, 1, 0, '');

-- --------------------------------------------------------

-- 
-- Table structure for table `og_ancestry`
-- 

CREATE TABLE `og_ancestry` (
  `nid` int(11) NOT NULL default '0',
  `group_nid` int(11) NOT NULL default '0',
  `is_public` int(1) NOT NULL default '0',
  KEY `nid` (`nid`),
  KEY `group_nid` (`group_nid`)
) ENGINE=MyISAM DEFAULT CHARSET=utf8;

-- 
-- Dumping data for table `og_ancestry`
-- 

INSERT INTO `og_ancestry` VALUES (167, 17, 1);
INSERT INTO `og_ancestry` VALUES (168, 17, 0);
INSERT INTO `og_ancestry` VALUES (21, 17, 1);

-- --------------------------------------------------------

-- 
-- Table structure for table `og_content_type_admin`
-- 

CREATE TABLE `og_content_type_admin` (
  `gid` int(11) NOT NULL default '0',
  `name` varchar(128) NOT NULL default '',
  `types_allowed` longtext NOT NULL,
  `types_active` longtext NOT NULL,
  PRIMARY KEY  (`gid`)
) ENGINE=MyISAM DEFAULT CHARSET=utf8;

-- 
-- Dumping data for table `og_content_type_admin`
-- 

INSERT INTO `og_content_type_admin` VALUES (-1, 'Site Wide', 'a:12:{s:4:"blog";i:1;s:5:"audio";i:1;s:10:"assignment";i:1;s:8:"bookmark";i:1;s:6:"course";i:1;s:5:"event";i:1;s:5:"group";i:1;s:5:"image";i:1;s:4:"page";i:1;s:18:"portfolio_artifact";i:1;s:5:"story";i:1;s:4:"wiki";i:1;}', 'a:12:{s:4:"blog";i:2;s:5:"audio";i:2;s:10:"assignment";i:2;s:8:"bookmark";i:2;s:6:"course";i:1;s:5:"event";i:2;s:5:"group";i:1;s:5:"image";i:2;s:4:"page";i:1;s:18:"portfolio_artifact";i:2;s:5:"story";i:2;s:4:"wiki";i:2;}');
INSERT INTO `og_content_type_admin` VALUES (0, 'Default', 'a:7:{s:4:"blog";i:1;s:5:"audio";i:1;s:10:"assignment";i:1;s:8:"bookmark";i:1;s:5:"image";i:1;s:18:"portfolio_artifact";i:1;s:4:"wiki";i:1;}', 'a:7:{s:4:"blog";i:2;s:5:"audio";i:1;s:10:"assignment";i:1;s:8:"bookmark";i:2;s:5:"image";i:1;s:18:"portfolio_artifact";i:1;s:4:"wiki";i:1;}');
INSERT INTO `og_content_type_admin` VALUES (4, 'Chess Club', 'a:7:{s:4:"blog";i:1;s:5:"audio";i:0;s:10:"assignment";i:0;s:8:"bookmark";i:1;s:5:"image";i:1;s:18:"portfolio_artifact";i:0;s:4:"wiki";i:1;}', 'a:7:{s:4:"blog";i:2;s:5:"audio";i:0;s:10:"assignment";i:0;s:8:"bookmark";i:2;s:5:"image";i:2;s:18:"portfolio_artifact";i:0;s:4:"wiki";i:2;}');
INSERT INTO `og_content_type_admin` VALUES (161, 'New Group after update', 'a:7:{s:4:"blog";i:0;s:5:"audio";i:0;s:10:"assignment";i:0;s:8:"bookmark";i:0;s:5:"image";i:0;s:18:"portfolio_artifact";i:0;s:4:"wiki";i:0;}', 'a:7:{s:4:"blog";i:0;s:5:"audio";i:0;s:10:"assignment";i:0;s:8:"bookmark";i:0;s:5:"image";i:0;s:18:"portfolio_artifact";i:0;s:4:"wiki";i:0;}');
INSERT INTO `og_content_type_admin` VALUES (17, 'English 11', 'a:7:{s:4:"blog";i:1;s:5:"audio";i:1;s:10:"assignment";i:1;s:8:"bookmark";i:1;s:5:"image";i:1;s:18:"portfolio_artifact";i:1;s:4:"wiki";i:1;}', 'a:7:{s:4:"blog";i:2;s:5:"audio";i:0;s:10:"assignment";i:1;s:8:"bookmark";i:1;s:5:"image";i:2;s:18:"portfolio_artifact";i:0;s:4:"wiki";i:0;}');
INSERT INTO `og_content_type_admin` VALUES (162, 'new', 'a:7:{s:4:"blog";i:1;s:5:"audio";i:1;s:10:"assignment";i:1;s:8:"bookmark";i:1;s:5:"image";i:1;s:18:"portfolio_artifact";i:1;s:4:"wiki";i:1;}', 'a:7:{s:4:"blog";i:2;s:5:"audio";i:1;s:10:"assignment";i:0;s:8:"bookmark";i:2;s:5:"image";i:0;s:18:"portfolio_artifact";i:0;s:4:"wiki";i:1;}');

-- --------------------------------------------------------

-- 
-- Table structure for table `og_uid`
-- 

CREATE TABLE `og_uid` (
  `nid` int(11) NOT NULL default '0',
  `og_role` int(1) NOT NULL default '0',
  `is_active` int(1) NOT NULL default '0',
  `is_admin` int(1) NOT NULL default '0',
  `uid` int(11) NOT NULL default '0',
  `mail_type` int(11) default NULL,
  `created` int(11) default '0',
  `changed` int(11) default '0',
  PRIMARY KEY  (`nid`,`uid`)
) ENGINE=MyISAM DEFAULT CHARSET=utf8;

-- 
-- Dumping data for table `og_uid`
-- 

INSERT INTO `og_uid` VALUES (4, 0, 1, 1, 1, 0, 1172885018, 1173650514);
INSERT INTO `og_uid` VALUES (17, 0, 1, 1, 1, NULL, 1173622627, 1176741083);
INSERT INTO `og_uid` VALUES (17, 0, 1, 0, 5, NULL, 1173651469, 1173651469);

-- --------------------------------------------------------

-- 
-- Table structure for table `og_uid_global`
-- 

CREATE TABLE `og_uid_global` (
  `uid` int(11) NOT NULL default '0',
  `og_email` int(11) NOT NULL default '2',
  PRIMARY KEY  (`uid`)
) ENGINE=MyISAM DEFAULT CHARSET=utf8;

-- 
-- Dumping data for table `og_uid_global`
-- 

INSERT INTO `og_uid_global` VALUES (5, 1);
INSERT INTO `og_uid_global` VALUES (8, 1);
INSERT INTO `og_uid_global` VALUES (156, 1);
INSERT INTO `og_uid_global` VALUES (157, 1);
INSERT INTO `og_uid_global` VALUES (158, 1);

-- --------------------------------------------------------

-- 
-- Table structure for table `og_vocab`
-- 

CREATE TABLE `og_vocab` (
  `nid` int(11) NOT NULL default '0',
  `vid` int(11) NOT NULL default '0',
  KEY `nid` (`nid`)
) ENGINE=MyISAM DEFAULT CHARSET=utf8 COMMENT='relate group nodes to vocabularies';

-- 
-- Dumping data for table `og_vocab`
-- 

INSERT INTO `og_vocab` VALUES (17, 5);

-- --------------------------------------------------------

-- 
-- Table structure for table `permission`
-- 

CREATE TABLE `permission` (
  `rid` int(10) unsigned NOT NULL default '0',
  `perm` longtext,
  `tid` int(10) unsigned NOT NULL default '0',
  KEY `rid` (`rid`)
) ENGINE=MyISAM DEFAULT CHARSET=utf8;

-- 
-- Dumping data for table `permission`
-- 

INSERT INTO `permission` VALUES (3, 'access imce, access content, create assignment content, create course content, edit own assignment content, edit own course content', 0);
INSERT INTO `permission` VALUES (4, 'access content, administer content types, administer nodes, create assignment content, create bookmark content, create course content, create event content, create group content, create image content, create page content, create portfolio_artifact content, create story content, create wiki content, edit assignment content, edit bookmark content, edit course content, edit event content, edit group content, edit image content, edit own assignment content, edit own bookmark content, edit own course content, edit own event content, edit own group content, edit own image content, edit own page content, edit own story content, edit own wiki content, edit page content, edit portfolio_artifact content, edit story content, edit wiki content, revert revisions, view revisions, access user profiles, administer users, change own username', 0);
INSERT INTO `permission` VALUES (5, 'access news feeds, administer news feeds, administer audio, create audio, download audio, edit own audio, play audio, view download stats, administer blocks, use PHP for block visibility, edit own blog, maintain buddy list, view buddy lists, access comments, administer comments, post comments, post comments without approval, access site-wide contact form, administer filters, access freelinking list, administer freelinking, access imce, administer imce, administer menu, access content, administer content types, administer nodes, create assignment content, create bookmark content, create course content, create event content, create group content, create image content, create page content, create portfolio_artifact content, create story content, create wiki content, edit assignment content, edit bookmark content, edit course content, edit event content, edit group content, edit image content, edit own assignment content, edit own bookmark content, edit own course content, edit own event content, edit own group content, edit own image content, edit own page content, edit own portfolio_artifact content, edit own story content, edit own wiki content, edit page content, edit portfolio_artifact content, edit story content, edit wiki content, revert revisions, view revisions, administer node images, create node images, administer organic groups, administer url aliases, create url aliases, administer pathauto, administer search, search content, use advanced search, access statistics, view post access counter, access administration pages, administer site configuration, select different theme, administer taxonomy, access tinymce, administer tinymce, upload files, view uploaded files, access user profiles, administer access control, administer users, change own username, access all views, administer views', 0);
INSERT INTO `permission` VALUES (6, 'access freelinking list, access content, create wiki content, edit own wiki content, edit wiki content, revert revisions, view revisions', 0);
INSERT INTO `permission` VALUES (7, 'create audio, download audio, edit own audio, play audio, view download stats', 0);
INSERT INTO `permission` VALUES (1, 'download audio, play audio, view download stats, access freelinking list, access content, search content, use advanced search', 0);
INSERT INTO `permission` VALUES (2, 'edit own blog, maintain buddy list, view buddy lists, access comments, post comments, post comments without approval, access site-wide contact form, access freelinking list, access imce, access content, create bio content, create bookmark content, create group content, create image content, create portfolio_artifact content, edit own bio content, edit own bookmark content, edit own group content, edit own image content, edit own portfolio_artifact content, view revisions, create node images, search content, use advanced search, access tinymce, upload files, view uploaded files, access user profiles, change own username', 0);

-- --------------------------------------------------------

-- 
-- Table structure for table `profile_fields`
-- 

CREATE TABLE `profile_fields` (
  `fid` int(11) NOT NULL auto_increment,
  `title` varchar(255) default NULL,
  `name` varchar(128) default NULL,
  `explanation` text,
  `category` varchar(255) default NULL,
  `page` varchar(255) default NULL,
  `type` varchar(128) default NULL,
  `weight` tinyint(4) NOT NULL default '0',
  `required` tinyint(4) NOT NULL default '0',
  `register` tinyint(4) NOT NULL default '0',
  `visibility` tinyint(4) NOT NULL default '0',
  `autocomplete` tinyint(4) NOT NULL default '0',
  `options` text,
  PRIMARY KEY  (`fid`),
  UNIQUE KEY `name` (`name`),
  KEY `category` (`category`)
) ENGINE=MyISAM  DEFAULT CHARSET=utf8 AUTO_INCREMENT=3 ;

-- 
-- Dumping data for table `profile_fields`
-- 

INSERT INTO `profile_fields` VALUES (1, 'Last Name', 'profile_last_name', '', 'Personal Info', 'People with the last name %value', 'textfield', 0, 1, 1, 2, 0, '');
INSERT INTO `profile_fields` VALUES (2, 'Web Site', 'profile_web_site', 'Do you maintain a web site? Enter the url here.', 'Personal Info', '', 'url', 5, 0, 1, 2, 0, '');

-- --------------------------------------------------------

-- 
-- Table structure for table `profile_values`
-- 

CREATE TABLE `profile_values` (
  `fid` int(10) unsigned default '0',
  `uid` int(10) unsigned default '0',
  `value` text,
  KEY `uid` (`uid`),
  KEY `fid` (`fid`)
) ENGINE=MyISAM DEFAULT CHARSET=utf8;

-- 
-- Dumping data for table `profile_values`
-- 

INSERT INTO `profile_values` VALUES (2, 5, 'http://www.funnymonkey.com');

-- --------------------------------------------------------

-- 
-- Table structure for table `role`
-- 

CREATE TABLE `role` (
  `rid` int(10) unsigned NOT NULL auto_increment,
  `name` varchar(64) NOT NULL default '',
  PRIMARY KEY  (`rid`),
  UNIQUE KEY `name` (`name`)
) ENGINE=MyISAM  DEFAULT CHARSET=utf8 AUTO_INCREMENT=9 ;

-- 
-- Dumping data for table `role`
-- 

INSERT INTO `role` VALUES (1, 'anonymous user');
INSERT INTO `role` VALUES (2, 'authenticated user');
INSERT INTO `role` VALUES (3, 'instructor');
INSERT INTO `role` VALUES (4, 'maintainer');
INSERT INTO `role` VALUES (5, 'siteadmin');
INSERT INTO `role` VALUES (6, 'wiki');
INSERT INTO `role` VALUES (7, 'audio');
INSERT INTO `role` VALUES (8, 'student');

-- --------------------------------------------------------

-- 
-- Table structure for table `search_dataset`
-- 

CREATE TABLE `search_dataset` (
  `sid` int(10) unsigned NOT NULL default '0',
  `type` varchar(16) default NULL,
  `data` longtext NOT NULL,
  KEY `sid_type` (`sid`,`type`)
) ENGINE=MyISAM DEFAULT CHARSET=utf8;

-- 
-- Dumping data for table `search_dataset`
-- 

INSERT INTO `search_dataset` VALUES (4, 'node', ' chess club description get your chess on this club meets to discuss all things about chess particularly the queen s gambit  ');
INSERT INTO `search_dataset` VALUES (163, 'node', ' test test  sample  ');
INSERT INTO `search_dataset` VALUES (164, 'node', ' new post test  test  ');
INSERT INTO `search_dataset` VALUES (165, 'node', ' hello address url  http wwwgooglecom search q hello dolly ie utf8 oe utf8 aq t rls orgmozill test  test  ');
INSERT INTO `search_dataset` VALUES (167, 'node', ' test due date 042007 test  test test  ');
INSERT INTO `search_dataset` VALUES (168, 'node', ' test2 due date 042507 test2  test test  ');
INSERT INTO `search_dataset` VALUES (9, 'node', ' main page this is the main page of the site wiki new content added added alias edit by hank will this show in revisions   hello sample  ');
INSERT INTO `search_dataset` VALUES (11, 'node', ' welcome to the site this site is a first pass at a drupaled install profile all feedback is welcome ideally create it on the feedback section of the site wiki  for those so inclined to pitch in it d also be nice to create some getting started documentation this site can be used as an informal learning site where all users have comparable permissions or as a more hierarchical learning environment with students teachers classes and working groups some of the functionality within this site includes a personal workspace a group workspace the ability for site members to create informal working groups the ability to create formal class spaces podcasting wiki functionality personal and class blogs rss feeds for the entire site individual courses individual terms and individual users personal image galleries personal file repositories the ability to create private invitationonly groups social bookmarking with searching within bookmark descriptions spam protection assignment calendars by course event calendars for sitewide events every other tuesday as you log on it sings you your favorite song i ll admit i made the last one up the goal of this site is to create a flexible framework that allows for users to set up a social learning environment or a more traditional learning environment depending on the needs of the learners within the site with this current framework both approaches are supported  ');
INSERT INTO `search_dataset` VALUES (17, 'node', ' english 11 highlighted content no assignments yet sorry title author created updated comments blog as question bill 8 hours 42 min ago 0 no wiki pages yet sorry description junior english an american literature course overview goes here  ');
INSERT INTO `search_dataset` VALUES (21, 'node', ' english 11 wiki page this wiki page will certainly get things rolling ariel is editing this edit by hank hank s edit post upgrade this is wikirific   english 11 groups  ');
INSERT INTO `search_dataset` VALUES (30, 'node', ' getting started what a user sees when they log in creating content creating groups  and specifically some documentation on embedding views into the group home page what else   documentation getting started how to  ');
INSERT INTO `search_dataset` VALUES (43, 'node', ' logging in when a user logs in they are taken to the my work section of the site this site gives a snapshot of a user s work the initial my work view includes all of the content a user has posted if a user is a member of any groups they are presented with a list of their groups clicking on a group s name allows them to filter on the content from that specific group  tab overview my files  this tab is each user s personal file repository as users attach files to posts or create image galleries they show up in this area the file repository is created automatically as a user works in the site my comments  this tab shows all of a user s comments on other people s posts my bookmarks  this tab displays all of the bookmarks stored by a user my podcasts  all podcasts created by a particular user my wiki pages  all wiki pages created by a particular user my portfolio artifacts  all portfolio artifacts created by a particular user my groups  this tab shows all activity within a user s groupsusing this view a user can see all the new posts within their different groups they can also filter content on a group by group basis it s also worth noting that the ability to create different types of content can be controlled on a user by user basis so a site admin can limit the ability to podcast or create wiki pages or bookmarks etc to specific users within the site  documentation getting started  ');
INSERT INTO `search_dataset` VALUES (52, 'node', ' creating courses if you are creating a course you can add specific content to your course home page you do this by selecting the correct view in the highlighted content section  select one or several of the highlighted views  you can select as many or as few as you like at the risk of stating the obvious the groupassignments view will show all assignments for a specific group groupwiki will show all the wiki pages for a different group etc the one view that bears a little further explanation is the groupblogquestion view we set this up to show some of the potential for different uses here if any user in the group creates a blog post that they tag with the term question  it will appear in highlighted content section to see an example of this go to the english 11 course and look at the questions section we have prefaced all the names of the groupspecific views with the word group however we recognize that this is no substitute for a ui that only presents the relevant choices we re working on it but obviously it s not done yet and there s one last step just below highlighted content you will see a field named arguments to make this work first click the link below the argument field to disable the richtext editor then enter in the text  nid  this final step ensures that only groupspecific content will appear on the home page obviously these instructions are daunting offputting to nontechnical users or people new to drupal ideally this type of course creation screen will only be seen by users who have been trained in how to use it or who are willing to experiment as people experiment with a site and become more familiar with the functionality they will hopefully start to experiment with different types of functionality   courses getting started groups  ');
INSERT INTO `search_dataset` VALUES (171, 'node', ' view content by user to view content from individual users and to get an rss feed of a specific user s content you have a couple options for a user s blog posts  append blog  username  to the end of the site s url for all of a user s content  append allfrom  username  to the end of the site s url  feeds rss views  ');
INSERT INTO `search_dataset` VALUES (172, 'node', ' site roles the following roles have been created to give an overview of how roles can be used to create different levels of access and a different look and feel to the site anonymous user this role refers to people who visit the site but are not site members people who have not signed up for an account audio users in this role can create podcasts authenticated user the default role for all site members users in this role have a blog and can store bookmarks create groups create image galleries and portfolio artifacts instructor instructors have all the rights of students but can create courses and assignments maintainer site maintainers have full rights over editing all site content siteadmin the siteadmin has full administrative rights over the entire site this role should be used sparingly student this is a placeholder role for added security all rights can be removed from the authenticated user role and assigned to the student role for an organization who is limiting site membership this configuration means that even if someone managed to create an account on the site they would have no rights until an admin assigned them into a role wiki users in this role can create wiki pages and can revert revisions it s also worth noting that this site uses a generic school paradigm it contains a student and instructor role and instructors create assignments within courses however if those roles aren t used the hierarchy is effectively flattened  permissions roles site configuration  ');

-- --------------------------------------------------------

-- 
-- Table structure for table `search_index`
-- 

CREATE TABLE `search_index` (
  `word` varchar(50) NOT NULL default '',
  `sid` int(10) unsigned NOT NULL default '0',
  `type` varchar(16) default NULL,
  `fromsid` int(10) unsigned NOT NULL default '0',
  `fromtype` varchar(16) default NULL,
  `score` float default NULL,
  KEY `sid_type` (`sid`,`type`),
  KEY `from_sid_type` (`fromsid`,`fromtype`),
  KEY `word` (`word`)
) ENGINE=MyISAM DEFAULT CHARSET=utf8;

-- 
-- Dumping data for table `search_index`
-- 

INSERT INTO `search_index` VALUES ('particularly', 4, 'node', 0, NULL, 1);
INSERT INTO `search_index` VALUES ('about', 4, 'node', 0, NULL, 1);
INSERT INTO `search_index` VALUES ('things', 4, 'node', 0, NULL, 1);
INSERT INTO `search_index` VALUES ('all', 4, 'node', 0, NULL, 1);
INSERT INTO `search_index` VALUES ('discuss', 4, 'node', 0, NULL, 1);
INSERT INTO `search_index` VALUES ('meets', 4, 'node', 0, NULL, 1);
INSERT INTO `search_index` VALUES ('this', 4, 'node', 0, NULL, 1);
INSERT INTO `search_index` VALUES ('your', 4, 'node', 0, NULL, 1);
INSERT INTO `search_index` VALUES ('get', 4, 'node', 0, NULL, 1);
INSERT INTO `search_index` VALUES ('description', 4, 'node', 0, NULL, 1);
INSERT INTO `search_index` VALUES ('club', 4, 'node', 0, NULL, 27);
INSERT INTO `search_index` VALUES ('chess', 4, 'node', 0, NULL, 28);
INSERT INTO `search_index` VALUES ('hello', 165, 'node', 0, NULL, 37);
INSERT INTO `search_index` VALUES ('test', 164, 'node', 0, NULL, 5);
INSERT INTO `search_index` VALUES ('post', 164, 'node', 0, NULL, 26);
INSERT INTO `search_index` VALUES ('new', 164, 'node', 0, NULL, 26);
INSERT INTO `search_index` VALUES ('sample', 163, 'node', 0, NULL, 4);
INSERT INTO `search_index` VALUES ('test', 163, 'node', 0, NULL, 27);
INSERT INTO `search_index` VALUES ('42007', 167, 'node', 0, NULL, 1);
INSERT INTO `search_index` VALUES ('date', 167, 'node', 0, NULL, 1);
INSERT INTO `search_index` VALUES ('due', 167, 'node', 0, NULL, 1);
INSERT INTO `search_index` VALUES ('test', 167, 'node', 0, NULL, 35);
INSERT INTO `search_index` VALUES ('test', 165, 'node', 0, NULL, 5);
INSERT INTO `search_index` VALUES ('orgmozill', 165, 'node', 0, NULL, 11);
INSERT INTO `search_index` VALUES ('rls', 165, 'node', 0, NULL, 11);
INSERT INTO `search_index` VALUES ('utf8', 165, 'node', 0, NULL, 22);
INSERT INTO `search_index` VALUES ('dolly', 165, 'node', 0, NULL, 11);
INSERT INTO `search_index` VALUES ('search', 165, 'node', 0, NULL, 11);
INSERT INTO `search_index` VALUES ('wwwgooglecom', 165, 'node', 0, NULL, 11);
INSERT INTO `search_index` VALUES ('http', 165, 'node', 0, NULL, 11);
INSERT INTO `search_index` VALUES ('url', 165, 'node', 0, NULL, 1);
INSERT INTO `search_index` VALUES ('address', 165, 'node', 0, NULL, 1);
INSERT INTO `search_index` VALUES ('alias', 9, 'node', 0, NULL, 1);
INSERT INTO `search_index` VALUES ('added', 9, 'node', 0, NULL, 2);
INSERT INTO `search_index` VALUES ('content', 9, 'node', 0, NULL, 1);
INSERT INTO `search_index` VALUES ('new', 9, 'node', 0, NULL, 1);
INSERT INTO `search_index` VALUES ('wiki', 9, 'node', 0, NULL, 1);
INSERT INTO `search_index` VALUES ('site', 9, 'node', 0, NULL, 1);
INSERT INTO `search_index` VALUES ('the', 9, 'node', 0, NULL, 2);
INSERT INTO `search_index` VALUES ('assignment', 11, 'node', 0, NULL, 1);
INSERT INTO `search_index` VALUES ('this', 9, 'node', 0, NULL, 2);
INSERT INTO `search_index` VALUES ('page', 9, 'node', 0, NULL, 27);
INSERT INTO `search_index` VALUES ('main', 9, 'node', 0, NULL, 27);
INSERT INTO `search_index` VALUES ('test', 168, 'node', 0, NULL, 8);
INSERT INTO `search_index` VALUES ('42507', 168, 'node', 0, NULL, 1);
INSERT INTO `search_index` VALUES ('date', 168, 'node', 0, NULL, 1);
INSERT INTO `search_index` VALUES ('due', 168, 'node', 0, NULL, 1);
INSERT INTO `search_index` VALUES ('test2', 168, 'node', 0, NULL, 27);
INSERT INTO `search_index` VALUES ('8', 17, 'node', 0, NULL, 4);
INSERT INTO `search_index` VALUES ('bill', 17, 'node', 0, NULL, 11);
INSERT INTO `search_index` VALUES ('comments', 17, 'node', 0, NULL, 1);
INSERT INTO `search_index` VALUES ('updated', 17, 'node', 0, NULL, 11);
INSERT INTO `search_index` VALUES ('created', 17, 'node', 0, NULL, 11);
INSERT INTO `search_index` VALUES ('author', 17, 'node', 0, NULL, 11);
INSERT INTO `search_index` VALUES ('title', 17, 'node', 0, NULL, 1);
INSERT INTO `search_index` VALUES ('sorry', 17, 'node', 0, NULL, 2);
INSERT INTO `search_index` VALUES ('yet', 17, 'node', 0, NULL, 2);
INSERT INTO `search_index` VALUES ('assignments', 17, 'node', 0, NULL, 1);
INSERT INTO `search_index` VALUES ('content', 17, 'node', 0, NULL, 1);
INSERT INTO `search_index` VALUES ('highlighted', 17, 'node', 0, NULL, 1);
INSERT INTO `search_index` VALUES ('11', 17, 'node', 0, NULL, 26);
INSERT INTO `search_index` VALUES ('english', 17, 'node', 0, NULL, 27);
INSERT INTO `search_index` VALUES ('the', 4, 'node', 0, NULL, 1);
INSERT INTO `search_index` VALUES ('queen', 4, 'node', 0, NULL, 1);
INSERT INTO `search_index` VALUES ('gambit', 4, 'node', 0, NULL, 1);
INSERT INTO `search_index` VALUES ('hours', 17, 'node', 0, NULL, 4);
INSERT INTO `search_index` VALUES ('42', 17, 'node', 0, NULL, 4);
INSERT INTO `search_index` VALUES ('min', 17, 'node', 0, NULL, 4);
INSERT INTO `search_index` VALUES ('ago', 17, 'node', 0, NULL, 1);
INSERT INTO `search_index` VALUES ('0', 17, 'node', 0, NULL, 1);
INSERT INTO `search_index` VALUES ('wiki', 17, 'node', 0, NULL, 1);
INSERT INTO `search_index` VALUES ('pages', 17, 'node', 0, NULL, 1);
INSERT INTO `search_index` VALUES ('description', 17, 'node', 0, NULL, 1);
INSERT INTO `search_index` VALUES ('junior', 17, 'node', 0, NULL, 1);
INSERT INTO `search_index` VALUES ('american', 17, 'node', 0, NULL, 1);
INSERT INTO `search_index` VALUES ('literature', 17, 'node', 0, NULL, 1);
INSERT INTO `search_index` VALUES ('course', 17, 'node', 0, NULL, 1);
INSERT INTO `search_index` VALUES ('overview', 17, 'node', 0, NULL, 1);
INSERT INTO `search_index` VALUES ('goes', 17, 'node', 0, NULL, 1);
INSERT INTO `search_index` VALUES ('here', 17, 'node', 0, NULL, 1);
INSERT INTO `search_index` VALUES ('protection', 11, 'node', 0, NULL, 1);
INSERT INTO `search_index` VALUES ('spam', 11, 'node', 0, NULL, 1);
INSERT INTO `search_index` VALUES ('descriptions', 11, 'node', 0, NULL, 1);
INSERT INTO `search_index` VALUES ('bookmark', 11, 'node', 0, NULL, 1);
INSERT INTO `search_index` VALUES ('searching', 11, 'node', 0, NULL, 1);
INSERT INTO `search_index` VALUES ('bookmarking', 11, 'node', 0, NULL, 1);
INSERT INTO `search_index` VALUES ('social', 11, 'node', 0, NULL, 2);
INSERT INTO `search_index` VALUES ('invitationonly', 11, 'node', 0, NULL, 1);
INSERT INTO `search_index` VALUES ('private', 11, 'node', 0, NULL, 1);
INSERT INTO `search_index` VALUES ('repositories', 11, 'node', 0, NULL, 1);
INSERT INTO `search_index` VALUES ('file', 11, 'node', 0, NULL, 1);
INSERT INTO `search_index` VALUES ('galleries', 11, 'node', 0, NULL, 1);
INSERT INTO `search_index` VALUES ('image', 11, 'node', 0, NULL, 1);
INSERT INTO `search_index` VALUES ('terms', 11, 'node', 0, NULL, 1);
INSERT INTO `search_index` VALUES ('courses', 11, 'node', 0, NULL, 1);
INSERT INTO `search_index` VALUES ('individual', 11, 'node', 0, NULL, 3);
INSERT INTO `search_index` VALUES ('entire', 11, 'node', 0, NULL, 1);
INSERT INTO `search_index` VALUES ('feeds', 11, 'node', 0, NULL, 1);
INSERT INTO `search_index` VALUES ('rss', 11, 'node', 0, NULL, 1);
INSERT INTO `search_index` VALUES ('blogs', 11, 'node', 0, NULL, 1);
INSERT INTO `search_index` VALUES ('podcasting', 11, 'node', 0, NULL, 1);
INSERT INTO `search_index` VALUES ('spaces', 11, 'node', 0, NULL, 1);
INSERT INTO `search_index` VALUES ('class', 11, 'node', 0, NULL, 2);
INSERT INTO `search_index` VALUES ('formal', 11, 'node', 0, NULL, 1);
INSERT INTO `search_index` VALUES ('members', 11, 'node', 0, NULL, 1);
INSERT INTO `search_index` VALUES ('ability', 11, 'node', 0, NULL, 3);
INSERT INTO `search_index` VALUES ('group', 11, 'node', 0, NULL, 1);
INSERT INTO `search_index` VALUES ('workspace', 11, 'node', 0, NULL, 2);
INSERT INTO `search_index` VALUES ('personal', 11, 'node', 0, NULL, 4);
INSERT INTO `search_index` VALUES ('includes', 11, 'node', 0, NULL, 1);
INSERT INTO `search_index` VALUES ('within', 11, 'node', 0, NULL, 2.98902);
INSERT INTO `search_index` VALUES ('functionality', 11, 'node', 0, NULL, 2);
INSERT INTO `search_index` VALUES ('groups', 11, 'node', 0, NULL, 3);
INSERT INTO `search_index` VALUES ('working', 11, 'node', 0, NULL, 2);
INSERT INTO `search_index` VALUES ('and', 11, 'node', 0, NULL, 3);
INSERT INTO `search_index` VALUES ('classes', 11, 'node', 0, NULL, 1);
INSERT INTO `search_index` VALUES ('teachers', 11, 'node', 0, NULL, 1);
INSERT INTO `search_index` VALUES ('students', 11, 'node', 0, NULL, 1);
INSERT INTO `search_index` VALUES ('with', 11, 'node', 0, NULL, 2.98902);
INSERT INTO `search_index` VALUES ('environment', 11, 'node', 0, NULL, 3);
INSERT INTO `search_index` VALUES ('hierarchical', 11, 'node', 0, NULL, 1);
INSERT INTO `search_index` VALUES ('more', 11, 'node', 0, NULL, 2);
INSERT INTO `search_index` VALUES ('permissions', 11, 'node', 0, NULL, 1);
INSERT INTO `search_index` VALUES ('comparable', 11, 'node', 0, NULL, 1);
INSERT INTO `search_index` VALUES ('have', 11, 'node', 0, NULL, 1);
INSERT INTO `search_index` VALUES ('users', 11, 'node', 0, NULL, 3);
INSERT INTO `search_index` VALUES ('where', 11, 'node', 0, NULL, 1);
INSERT INTO `search_index` VALUES ('learning', 11, 'node', 0, NULL, 4);
INSERT INTO `search_index` VALUES ('informal', 11, 'node', 0, NULL, 2);
INSERT INTO `search_index` VALUES ('used', 11, 'node', 0, NULL, 1);
INSERT INTO `search_index` VALUES ('can', 11, 'node', 0, NULL, 1);
INSERT INTO `search_index` VALUES ('documentation', 11, 'node', 0, NULL, 1);
INSERT INTO `search_index` VALUES ('started', 11, 'node', 0, NULL, 11);
INSERT INTO `search_index` VALUES ('getting', 11, 'node', 0, NULL, 11);
INSERT INTO `search_index` VALUES ('some', 11, 'node', 0, NULL, 2);
INSERT INTO `search_index` VALUES ('nice', 11, 'node', 0, NULL, 1);
INSERT INTO `search_index` VALUES ('also', 11, 'node', 0, NULL, 1);
INSERT INTO `search_index` VALUES ('pitch', 11, 'node', 0, NULL, 1);
INSERT INTO `search_index` VALUES ('inclined', 11, 'node', 0, NULL, 1);
INSERT INTO `search_index` VALUES ('those', 11, 'node', 0, NULL, 1);
INSERT INTO `search_index` VALUES ('for', 11, 'node', 0, NULL, 5);
INSERT INTO `search_index` VALUES ('wiki', 11, 'node', 0, NULL, 12);
INSERT INTO `search_index` VALUES ('section', 11, 'node', 0, NULL, 1);
INSERT INTO `search_index` VALUES ('create', 11, 'node', 0, NULL, 6);
INSERT INTO `search_index` VALUES ('ideally', 11, 'node', 0, NULL, 1);
INSERT INTO `search_index` VALUES ('feedback', 11, 'node', 0, NULL, 12);
INSERT INTO `search_index` VALUES ('all', 11, 'node', 0, NULL, 2);
INSERT INTO `search_index` VALUES ('profile', 11, 'node', 0, NULL, 1);
INSERT INTO `search_index` VALUES ('install', 11, 'node', 0, NULL, 1);
INSERT INTO `search_index` VALUES ('drupaled', 11, 'node', 0, NULL, 11);
INSERT INTO `search_index` VALUES ('pass', 11, 'node', 0, NULL, 1);
INSERT INTO `search_index` VALUES ('first', 11, 'node', 0, NULL, 1);
INSERT INTO `search_index` VALUES ('this', 11, 'node', 0, NULL, 4.98902);
INSERT INTO `search_index` VALUES ('site', 11, 'node', 0, NULL, 44.989);
INSERT INTO `search_index` VALUES ('the', 11, 'node', 0, NULL, 37.9795);
INSERT INTO `search_index` VALUES ('welcome', 11, 'node', 0, NULL, 27);
INSERT INTO `search_index` VALUES ('edit', 9, 'node', 0, NULL, 1);
INSERT INTO `search_index` VALUES ('hank', 9, 'node', 0, NULL, 1);
INSERT INTO `search_index` VALUES ('will', 9, 'node', 0, NULL, 1);
INSERT INTO `search_index` VALUES ('show', 9, 'node', 0, NULL, 1);
INSERT INTO `search_index` VALUES ('revisions', 9, 'node', 0, NULL, 1);
INSERT INTO `search_index` VALUES ('hello', 9, 'node', 0, NULL, 4);
INSERT INTO `search_index` VALUES ('sample', 9, 'node', 0, NULL, 4);
INSERT INTO `search_index` VALUES ('english', 21, 'node', 0, NULL, 30);
INSERT INTO `search_index` VALUES ('11', 21, 'node', 0, NULL, 30);
INSERT INTO `search_index` VALUES ('wiki', 21, 'node', 0, NULL, 27);
INSERT INTO `search_index` VALUES ('page', 21, 'node', 0, NULL, 27);
INSERT INTO `search_index` VALUES ('this', 21, 'node', 0, NULL, 3);
INSERT INTO `search_index` VALUES ('will', 21, 'node', 0, NULL, 1);
INSERT INTO `search_index` VALUES ('certainly', 21, 'node', 0, NULL, 1);
INSERT INTO `search_index` VALUES ('get', 21, 'node', 0, NULL, 1);
INSERT INTO `search_index` VALUES ('things', 21, 'node', 0, NULL, 1);
INSERT INTO `search_index` VALUES ('rolling', 21, 'node', 0, NULL, 1);
INSERT INTO `search_index` VALUES ('ariel', 21, 'node', 0, NULL, 1);
INSERT INTO `search_index` VALUES ('editing', 21, 'node', 0, NULL, 1);
INSERT INTO `search_index` VALUES ('edit', 21, 'node', 0, NULL, 2);
INSERT INTO `search_index` VALUES ('hank', 21, 'node', 0, NULL, 2);
INSERT INTO `search_index` VALUES ('post', 21, 'node', 0, NULL, 1);
INSERT INTO `search_index` VALUES ('upgrade', 21, 'node', 0, NULL, 1);
INSERT INTO `search_index` VALUES ('wikirific', 21, 'node', 0, NULL, 1);
INSERT INTO `search_index` VALUES ('groups', 21, 'node', 0, NULL, 4);
INSERT INTO `search_index` VALUES ('calendars', 11, 'node', 0, NULL, 2);
INSERT INTO `search_index` VALUES ('course', 11, 'node', 0, NULL, 1);
INSERT INTO `search_index` VALUES ('event', 11, 'node', 0, NULL, 1);
INSERT INTO `search_index` VALUES ('sitewide', 11, 'node', 0, NULL, 1);
INSERT INTO `search_index` VALUES ('events', 11, 'node', 0, NULL, 1);
INSERT INTO `search_index` VALUES ('every', 11, 'node', 0, NULL, 1);
INSERT INTO `search_index` VALUES ('other', 11, 'node', 0, NULL, 1);
INSERT INTO `search_index` VALUES ('tuesday', 11, 'node', 0, NULL, 1);
INSERT INTO `search_index` VALUES ('you', 11, 'node', 0, NULL, 2);
INSERT INTO `search_index` VALUES ('log', 11, 'node', 0, NULL, 1);
INSERT INTO `search_index` VALUES ('sings', 11, 'node', 0, NULL, 1);
INSERT INTO `search_index` VALUES ('your', 11, 'node', 0, NULL, 1);
INSERT INTO `search_index` VALUES ('favorite', 11, 'node', 0, NULL, 1);
INSERT INTO `search_index` VALUES ('song', 11, 'node', 0, NULL, 1);
INSERT INTO `search_index` VALUES ('admit', 11, 'node', 0, NULL, 1);
INSERT INTO `search_index` VALUES ('made', 11, 'node', 0, NULL, 1);
INSERT INTO `search_index` VALUES ('last', 11, 'node', 0, NULL, 1);
INSERT INTO `search_index` VALUES ('one', 11, 'node', 0, NULL, 1);
INSERT INTO `search_index` VALUES ('goal', 11, 'node', 0, NULL, 1);
INSERT INTO `search_index` VALUES ('flexible', 11, 'node', 0, NULL, 1);
INSERT INTO `search_index` VALUES ('framework', 11, 'node', 0, NULL, 1.98493);
INSERT INTO `search_index` VALUES ('that', 11, 'node', 0, NULL, 1);
INSERT INTO `search_index` VALUES ('allows', 11, 'node', 0, NULL, 1);
INSERT INTO `search_index` VALUES ('set', 11, 'node', 0, NULL, 1);
INSERT INTO `search_index` VALUES ('traditional', 11, 'node', 0, NULL, 1);
INSERT INTO `search_index` VALUES ('depending', 11, 'node', 0, NULL, 1);
INSERT INTO `search_index` VALUES ('needs', 11, 'node', 0, NULL, 0.997306);
INSERT INTO `search_index` VALUES ('learners', 11, 'node', 0, NULL, 0.993146);
INSERT INTO `search_index` VALUES ('current', 11, 'node', 0, NULL, 0.989021);
INSERT INTO `search_index` VALUES ('both', 11, 'node', 0, NULL, 0.98493);
INSERT INTO `search_index` VALUES ('approaches', 11, 'node', 0, NULL, 0.980874);
INSERT INTO `search_index` VALUES ('are', 11, 'node', 0, NULL, 0.976851);
INSERT INTO `search_index` VALUES ('supported', 11, 'node', 0, NULL, 0.972861);
INSERT INTO `search_index` VALUES ('getting', 30, 'node', 0, NULL, 30);
INSERT INTO `search_index` VALUES ('started', 30, 'node', 0, NULL, 30);
INSERT INTO `search_index` VALUES ('what', 30, 'node', 0, NULL, 12);
INSERT INTO `search_index` VALUES ('user', 30, 'node', 0, NULL, 11);
INSERT INTO `search_index` VALUES ('sees', 30, 'node', 0, NULL, 11);
INSERT INTO `search_index` VALUES ('when', 30, 'node', 0, NULL, 1);
INSERT INTO `search_index` VALUES ('they', 30, 'node', 0, NULL, 1);
INSERT INTO `search_index` VALUES ('log', 30, 'node', 0, NULL, 1);
INSERT INTO `search_index` VALUES ('creating', 30, 'node', 0, NULL, 22);
INSERT INTO `search_index` VALUES ('content', 30, 'node', 0, NULL, 11);
INSERT INTO `search_index` VALUES ('groups', 30, 'node', 0, NULL, 11);
INSERT INTO `search_index` VALUES ('and', 30, 'node', 0, NULL, 1);
INSERT INTO `search_index` VALUES ('specifically', 30, 'node', 0, NULL, 1);
INSERT INTO `search_index` VALUES ('some', 30, 'node', 0, NULL, 1);
INSERT INTO `search_index` VALUES ('documentation', 30, 'node', 0, NULL, 5);
INSERT INTO `search_index` VALUES ('embedding', 30, 'node', 0, NULL, 1);
INSERT INTO `search_index` VALUES ('views', 30, 'node', 0, NULL, 1);
INSERT INTO `search_index` VALUES ('into', 30, 'node', 0, NULL, 1);
INSERT INTO `search_index` VALUES ('the', 30, 'node', 0, NULL, 1);
INSERT INTO `search_index` VALUES ('group', 30, 'node', 0, NULL, 1);
INSERT INTO `search_index` VALUES ('home', 30, 'node', 0, NULL, 1);
INSERT INTO `search_index` VALUES ('page', 30, 'node', 0, NULL, 1);
INSERT INTO `search_index` VALUES ('else', 30, 'node', 0, NULL, 1);
INSERT INTO `search_index` VALUES ('how', 30, 'node', 0, NULL, 4);
INSERT INTO `search_index` VALUES ('new', 43, 'node', 0, NULL, 1);
INSERT INTO `search_index` VALUES ('see', 43, 'node', 0, NULL, 1);
INSERT INTO `search_index` VALUES ('can', 43, 'node', 0, NULL, 4);
INSERT INTO `search_index` VALUES ('groupsusing', 43, 'node', 0, NULL, 1);
INSERT INTO `search_index` VALUES ('within', 43, 'node', 0, NULL, 3);
INSERT INTO `search_index` VALUES ('activity', 43, 'node', 0, NULL, 1);
INSERT INTO `search_index` VALUES ('artifacts', 43, 'node', 0, NULL, 5);
INSERT INTO `search_index` VALUES ('portfolio', 43, 'node', 0, NULL, 5);
INSERT INTO `search_index` VALUES ('pages', 43, 'node', 0, NULL, 6);
INSERT INTO `search_index` VALUES ('wiki', 43, 'node', 0, NULL, 6);
INSERT INTO `search_index` VALUES ('particular', 43, 'node', 0, NULL, 3);
INSERT INTO `search_index` VALUES ('podcasts', 43, 'node', 0, NULL, 5);
INSERT INTO `search_index` VALUES ('stored', 43, 'node', 0, NULL, 1);
INSERT INTO `search_index` VALUES ('displays', 43, 'node', 0, NULL, 1);
INSERT INTO `search_index` VALUES ('bookmarks', 43, 'node', 0, NULL, 6);
INSERT INTO `search_index` VALUES ('people', 43, 'node', 0, NULL, 1);
INSERT INTO `search_index` VALUES ('other', 43, 'node', 0, NULL, 1);
INSERT INTO `search_index` VALUES ('shows', 43, 'node', 0, NULL, 2);
INSERT INTO `search_index` VALUES ('comments', 43, 'node', 0, NULL, 5);
INSERT INTO `search_index` VALUES ('works', 43, 'node', 0, NULL, 1);
INSERT INTO `search_index` VALUES ('automatically', 43, 'node', 0, NULL, 1);
INSERT INTO `search_index` VALUES ('created', 43, 'node', 0, NULL, 4);
INSERT INTO `search_index` VALUES ('area', 43, 'node', 0, NULL, 1);
INSERT INTO `search_index` VALUES ('show', 43, 'node', 0, NULL, 1);
INSERT INTO `search_index` VALUES ('galleries', 43, 'node', 0, NULL, 1);
INSERT INTO `search_index` VALUES ('image', 43, 'node', 0, NULL, 1);
INSERT INTO `search_index` VALUES ('create', 43, 'node', 0, NULL, 3);
INSERT INTO `search_index` VALUES ('posts', 43, 'node', 0, NULL, 3);
INSERT INTO `search_index` VALUES ('attach', 43, 'node', 0, NULL, 1);
INSERT INTO `search_index` VALUES ('users', 43, 'node', 0, NULL, 2);
INSERT INTO `search_index` VALUES ('repository', 43, 'node', 0, NULL, 2);
INSERT INTO `search_index` VALUES ('file', 43, 'node', 0, NULL, 2);
INSERT INTO `search_index` VALUES ('personal', 43, 'node', 0, NULL, 1);
INSERT INTO `search_index` VALUES ('each', 43, 'node', 0, NULL, 1);
INSERT INTO `search_index` VALUES ('files', 43, 'node', 0, NULL, 5);
INSERT INTO `search_index` VALUES ('overview', 43, 'node', 0, NULL, 4);
INSERT INTO `search_index` VALUES ('tab', 43, 'node', 0, NULL, 8);
INSERT INTO `search_index` VALUES ('specific', 43, 'node', 0, NULL, 2);
INSERT INTO `search_index` VALUES ('that', 43, 'node', 0, NULL, 2);
INSERT INTO `search_index` VALUES ('from', 43, 'node', 0, NULL, 1);
INSERT INTO `search_index` VALUES ('filter', 43, 'node', 0, NULL, 2);
INSERT INTO `search_index` VALUES ('them', 43, 'node', 0, NULL, 1);
INSERT INTO `search_index` VALUES ('allows', 43, 'node', 0, NULL, 1);
INSERT INTO `search_index` VALUES ('name', 43, 'node', 0, NULL, 1);
INSERT INTO `search_index` VALUES ('group', 43, 'node', 0, NULL, 4);
INSERT INTO `search_index` VALUES ('clicking', 43, 'node', 0, NULL, 1);
INSERT INTO `search_index` VALUES ('their', 43, 'node', 0, NULL, 2);
INSERT INTO `search_index` VALUES ('list', 43, 'node', 0, NULL, 1);
INSERT INTO `search_index` VALUES ('with', 43, 'node', 0, NULL, 1);
INSERT INTO `search_index` VALUES ('presented', 43, 'node', 0, NULL, 1);
INSERT INTO `search_index` VALUES ('groups', 43, 'node', 0, NULL, 7);
INSERT INTO `search_index` VALUES ('nontechnical', 52, 'node', 0, NULL, 0.957226);
INSERT INTO `search_index` VALUES ('offputting', 52, 'node', 0, NULL, 0.961087);
INSERT INTO `search_index` VALUES ('daunting', 52, 'node', 0, NULL, 0.96498);
INSERT INTO `search_index` VALUES ('instructions', 52, 'node', 0, NULL, 0.968904);
INSERT INTO `search_index` VALUES ('these', 52, 'node', 0, NULL, 0.972861);
INSERT INTO `search_index` VALUES ('ensures', 52, 'node', 0, NULL, 0.976851);
INSERT INTO `search_index` VALUES ('final', 52, 'node', 0, NULL, 0.980874);
INSERT INTO `search_index` VALUES ('nid', 52, 'node', 0, NULL, 3.93972);
INSERT INTO `search_index` VALUES ('text', 52, 'node', 0, NULL, 0.989021);
INSERT INTO `search_index` VALUES ('enter', 52, 'node', 0, NULL, 0.993146);
INSERT INTO `search_index` VALUES ('then', 52, 'node', 0, NULL, 0.997306);
INSERT INTO `search_index` VALUES ('editor', 52, 'node', 0, NULL, 1);
INSERT INTO `search_index` VALUES ('richtext', 52, 'node', 0, NULL, 1);
INSERT INTO `search_index` VALUES ('disable', 52, 'node', 0, NULL, 1);
INSERT INTO `search_index` VALUES ('argument', 52, 'node', 0, NULL, 1);
INSERT INTO `search_index` VALUES ('link', 52, 'node', 0, NULL, 1);
INSERT INTO `search_index` VALUES ('click', 52, 'node', 0, NULL, 1);
INSERT INTO `search_index` VALUES ('first', 52, 'node', 0, NULL, 1);
INSERT INTO `search_index` VALUES ('work', 52, 'node', 0, NULL, 1);
INSERT INTO `search_index` VALUES ('make', 52, 'node', 0, NULL, 1);
INSERT INTO `search_index` VALUES ('arguments', 52, 'node', 0, NULL, 1);
INSERT INTO `search_index` VALUES ('named', 52, 'node', 0, NULL, 1);
INSERT INTO `search_index` VALUES ('field', 52, 'node', 0, NULL, 2);
INSERT INTO `search_index` VALUES ('below', 52, 'node', 0, NULL, 2);
INSERT INTO `search_index` VALUES ('just', 52, 'node', 0, NULL, 1);
INSERT INTO `search_index` VALUES ('step', 52, 'node', 0, NULL, 4.97685);
INSERT INTO `search_index` VALUES ('last', 52, 'node', 0, NULL, 4);
INSERT INTO `search_index` VALUES ('there', 52, 'node', 0, NULL, 4);
INSERT INTO `search_index` VALUES ('yet', 52, 'node', 0, NULL, 1);
INSERT INTO `search_index` VALUES ('done', 52, 'node', 0, NULL, 1);
INSERT INTO `search_index` VALUES ('not', 52, 'node', 0, NULL, 1);
INSERT INTO `search_index` VALUES ('obviously', 52, 'node', 0, NULL, 1.97286);
INSERT INTO `search_index` VALUES ('but', 52, 'node', 0, NULL, 1);
INSERT INTO `search_index` VALUES ('working', 52, 'node', 0, NULL, 1);
INSERT INTO `search_index` VALUES ('choices', 52, 'node', 0, NULL, 1);
INSERT INTO `search_index` VALUES ('relevant', 52, 'node', 0, NULL, 1);
INSERT INTO `search_index` VALUES ('presents', 52, 'node', 0, NULL, 1);
INSERT INTO `search_index` VALUES ('only', 52, 'node', 0, NULL, 2.8967);
INSERT INTO `search_index` VALUES ('substitute', 52, 'node', 0, NULL, 1);
INSERT INTO `search_index` VALUES ('recognize', 52, 'node', 0, NULL, 1);
INSERT INTO `search_index` VALUES ('however', 52, 'node', 0, NULL, 1);
INSERT INTO `search_index` VALUES ('word', 52, 'node', 0, NULL, 1);
INSERT INTO `search_index` VALUES ('groupspecific', 52, 'node', 0, NULL, 1.97286);
INSERT INTO `search_index` VALUES ('names', 52, 'node', 0, NULL, 1);
INSERT INTO `search_index` VALUES ('prefaced', 52, 'node', 0, NULL, 1);
INSERT INTO `search_index` VALUES ('have', 52, 'node', 0, NULL, 1.91674);
INSERT INTO `search_index` VALUES ('questions', 52, 'node', 0, NULL, 1);
INSERT INTO `search_index` VALUES ('look', 52, 'node', 0, NULL, 1);
INSERT INTO `search_index` VALUES ('and', 52, 'node', 0, NULL, 5.89272);
INSERT INTO `search_index` VALUES ('example', 52, 'node', 0, NULL, 1);
INSERT INTO `search_index` VALUES ('see', 52, 'node', 0, NULL, 2);
INSERT INTO `search_index` VALUES ('appear', 52, 'node', 0, NULL, 1.97286);
INSERT INTO `search_index` VALUES ('question', 52, 'node', 0, NULL, 4);
INSERT INTO `search_index` VALUES ('term', 52, 'node', 0, NULL, 1);
INSERT INTO `search_index` VALUES ('with', 52, 'node', 0, NULL, 4.65203);
INSERT INTO `search_index` VALUES ('tag', 52, 'node', 0, NULL, 1);
INSERT INTO `search_index` VALUES ('they', 52, 'node', 0, NULL, 1.87957);
INSERT INTO `search_index` VALUES ('post', 52, 'node', 0, NULL, 1);
INSERT INTO `search_index` VALUES ('blog', 52, 'node', 0, NULL, 1);
INSERT INTO `search_index` VALUES ('creates', 52, 'node', 0, NULL, 1);
INSERT INTO `search_index` VALUES ('user', 52, 'node', 0, NULL, 1);
INSERT INTO `search_index` VALUES ('any', 52, 'node', 0, NULL, 1);
INSERT INTO `search_index` VALUES ('here', 52, 'node', 0, NULL, 1);
INSERT INTO `search_index` VALUES ('uses', 52, 'node', 0, NULL, 1);
INSERT INTO `search_index` VALUES ('potential', 52, 'node', 0, NULL, 1);
INSERT INTO `search_index` VALUES ('some', 52, 'node', 0, NULL, 1);
INSERT INTO `search_index` VALUES ('set', 52, 'node', 0, NULL, 1);
INSERT INTO `search_index` VALUES ('groupblogquestion', 52, 'node', 0, NULL, 1);
INSERT INTO `search_index` VALUES ('explanation', 52, 'node', 0, NULL, 1);
INSERT INTO `search_index` VALUES ('further', 52, 'node', 0, NULL, 1);
INSERT INTO `search_index` VALUES ('little', 52, 'node', 0, NULL, 1);
INSERT INTO `search_index` VALUES ('bears', 52, 'node', 0, NULL, 1);
INSERT INTO `search_index` VALUES ('that', 52, 'node', 0, NULL, 4.97286);
INSERT INTO `search_index` VALUES ('etc', 52, 'node', 0, NULL, 1);
INSERT INTO `search_index` VALUES ('different', 52, 'node', 0, NULL, 2.87313);
INSERT INTO `search_index` VALUES ('pages', 52, 'node', 0, NULL, 1);
INSERT INTO `search_index` VALUES ('wiki', 52, 'node', 0, NULL, 1);
INSERT INTO `search_index` VALUES ('groupwiki', 52, 'node', 0, NULL, 1);
INSERT INTO `search_index` VALUES ('group', 52, 'node', 0, NULL, 4);
INSERT INTO `search_index` VALUES ('for', 52, 'node', 0, NULL, 4);
INSERT INTO `search_index` VALUES ('assignments', 52, 'node', 0, NULL, 1);
INSERT INTO `search_index` VALUES ('all', 52, 'node', 0, NULL, 3);
INSERT INTO `search_index` VALUES ('show', 52, 'node', 0, NULL, 3);
INSERT INTO `search_index` VALUES ('will', 52, 'node', 0, NULL, 6.77626);
INSERT INTO `search_index` VALUES ('groupassignments', 52, 'node', 0, NULL, 1);
INSERT INTO `search_index` VALUES ('obvious', 52, 'node', 0, NULL, 1);
INSERT INTO `search_index` VALUES ('stating', 52, 'node', 0, NULL, 1);
INSERT INTO `search_index` VALUES ('risk', 52, 'node', 0, NULL, 1);
INSERT INTO `search_index` VALUES ('like', 52, 'node', 0, NULL, 1);
INSERT INTO `search_index` VALUES ('few', 52, 'node', 0, NULL, 1);
INSERT INTO `search_index` VALUES ('many', 52, 'node', 0, NULL, 1);
INSERT INTO `search_index` VALUES ('views', 52, 'node', 0, NULL, 5);
INSERT INTO `search_index` VALUES ('several', 52, 'node', 0, NULL, 4);
INSERT INTO `search_index` VALUES ('one', 52, 'node', 0, NULL, 9);
INSERT INTO `search_index` VALUES ('select', 52, 'node', 0, NULL, 5);
INSERT INTO `search_index` VALUES ('section', 52, 'node', 0, NULL, 3);
INSERT INTO `search_index` VALUES ('highlighted', 52, 'node', 0, NULL, 7);
INSERT INTO `search_index` VALUES ('view', 52, 'node', 0, NULL, 4);
INSERT INTO `search_index` VALUES ('correct', 52, 'node', 0, NULL, 1);
INSERT INTO `search_index` VALUES ('the', 52, 'node', 0, NULL, 26.8447);
INSERT INTO `search_index` VALUES ('selecting', 52, 'node', 0, NULL, 1);
INSERT INTO `search_index` VALUES ('this', 52, 'node', 0, NULL, 6.91558);
INSERT INTO `search_index` VALUES ('page', 52, 'node', 0, NULL, 1.97286);
INSERT INTO `search_index` VALUES ('home', 52, 'node', 0, NULL, 1.97286);
INSERT INTO `search_index` VALUES ('your', 52, 'node', 0, NULL, 1);
INSERT INTO `search_index` VALUES ('content', 52, 'node', 0, NULL, 4.97286);
INSERT INTO `search_index` VALUES ('specific', 52, 'node', 0, NULL, 2);
INSERT INTO `search_index` VALUES ('add', 52, 'node', 0, NULL, 1);
INSERT INTO `search_index` VALUES ('can', 52, 'node', 0, NULL, 2);
INSERT INTO `search_index` VALUES ('course', 52, 'node', 0, NULL, 3.93105);
INSERT INTO `search_index` VALUES ('are', 52, 'node', 0, NULL, 2.86784);
INSERT INTO `search_index` VALUES ('you', 52, 'node', 0, NULL, 6);
INSERT INTO `search_index` VALUES ('courses', 52, 'node', 0, NULL, 29.4798);
INSERT INTO `search_index` VALUES ('creating', 52, 'node', 0, NULL, 27);
INSERT INTO `search_index` VALUES ('users', 52, 'node', 0, NULL, 1.87367);
INSERT INTO `search_index` VALUES ('any', 43, 'node', 0, NULL, 1);
INSERT INTO `search_index` VALUES ('member', 43, 'node', 0, NULL, 1);
INSERT INTO `search_index` VALUES ('posted', 43, 'node', 0, NULL, 1);
INSERT INTO `search_index` VALUES ('has', 43, 'node', 0, NULL, 1);
INSERT INTO `search_index` VALUES ('content', 43, 'node', 0, NULL, 4);
INSERT INTO `search_index` VALUES ('all', 43, 'node', 0, NULL, 8);
INSERT INTO `search_index` VALUES ('includes', 43, 'node', 0, NULL, 1);
INSERT INTO `search_index` VALUES ('view', 43, 'node', 0, NULL, 2);
INSERT INTO `search_index` VALUES ('initial', 43, 'node', 0, NULL, 1);
INSERT INTO `search_index` VALUES ('snapshot', 43, 'node', 0, NULL, 1);
INSERT INTO `search_index` VALUES ('gives', 43, 'node', 0, NULL, 1);
INSERT INTO `search_index` VALUES ('this', 43, 'node', 0, NULL, 7);
INSERT INTO `search_index` VALUES ('site', 43, 'node', 0, NULL, 5);
INSERT INTO `search_index` VALUES ('section', 43, 'node', 0, NULL, 1);
INSERT INTO `search_index` VALUES ('work', 43, 'node', 0, NULL, 3);
INSERT INTO `search_index` VALUES ('the', 43, 'node', 0, NULL, 12);
INSERT INTO `search_index` VALUES ('taken', 43, 'node', 0, NULL, 1);
INSERT INTO `search_index` VALUES ('are', 43, 'node', 0, NULL, 2);
INSERT INTO `search_index` VALUES ('they', 43, 'node', 0, NULL, 4);
INSERT INTO `search_index` VALUES ('logs', 43, 'node', 0, NULL, 1);
INSERT INTO `search_index` VALUES ('user', 43, 'node', 0, NULL, 15);
INSERT INTO `search_index` VALUES ('when', 43, 'node', 0, NULL, 1);
INSERT INTO `search_index` VALUES ('logging', 43, 'node', 0, NULL, 26);
INSERT INTO `search_index` VALUES ('people', 52, 'node', 0, NULL, 1.84567);
INSERT INTO `search_index` VALUES ('new', 52, 'node', 0, NULL, 0.945829);
INSERT INTO `search_index` VALUES ('drupal', 52, 'node', 0, NULL, 0.942091);
INSERT INTO `search_index` VALUES ('ideally', 52, 'node', 0, NULL, 0.938382);
INSERT INTO `search_index` VALUES ('type', 52, 'node', 0, NULL, 0.934703);
INSERT INTO `search_index` VALUES ('creation', 52, 'node', 0, NULL, 0.931053);
INSERT INTO `search_index` VALUES ('screen', 52, 'node', 0, NULL, 0.927431);
INSERT INTO `search_index` VALUES ('seen', 52, 'node', 0, NULL, 0.923838);
INSERT INTO `search_index` VALUES ('who', 52, 'node', 0, NULL, 1.82313);
INSERT INTO `search_index` VALUES ('been', 52, 'node', 0, NULL, 0.916736);
INSERT INTO `search_index` VALUES ('trained', 52, 'node', 0, NULL, 0.913226);
INSERT INTO `search_index` VALUES ('how', 52, 'node', 0, NULL, 0.909743);
INSERT INTO `search_index` VALUES ('use', 52, 'node', 0, NULL, 0.906287);
INSERT INTO `search_index` VALUES ('willing', 52, 'node', 0, NULL, 0.902857);
INSERT INTO `search_index` VALUES ('experiment', 52, 'node', 0, NULL, 2.66866);
INSERT INTO `search_index` VALUES ('site', 52, 'node', 0, NULL, 0.896076);
INSERT INTO `search_index` VALUES ('become', 52, 'node', 0, NULL, 0.892724);
INSERT INTO `search_index` VALUES ('more', 52, 'node', 0, NULL, 0.889397);
INSERT INTO `search_index` VALUES ('familiar', 52, 'node', 0, NULL, 0.886095);
INSERT INTO `search_index` VALUES ('functionality', 52, 'node', 0, NULL, 1.75277);
INSERT INTO `search_index` VALUES ('hopefully', 52, 'node', 0, NULL, 0.879565);
INSERT INTO `search_index` VALUES ('start', 52, 'node', 0, NULL, 0.876337);
INSERT INTO `search_index` VALUES ('types', 52, 'node', 0, NULL, 0.873132);
INSERT INTO `search_index` VALUES ('getting', 52, 'node', 0, NULL, 3.4798);
INSERT INTO `search_index` VALUES ('started', 52, 'node', 0, NULL, 3.46717);
INSERT INTO `search_index` VALUES ('groups', 52, 'node', 0, NULL, 3.45463);
INSERT INTO `search_index` VALUES ('english', 17, 'node', 52, 'node', 11);
INSERT INTO `search_index` VALUES ('11', 17, 'node', 52, 'node', 11);
INSERT INTO `search_index` VALUES ('view', 171, 'node', 0, NULL, 27);
INSERT INTO `search_index` VALUES ('content', 171, 'node', 0, NULL, 32);
INSERT INTO `search_index` VALUES ('user', 171, 'node', 0, NULL, 32);
INSERT INTO `search_index` VALUES ('from', 171, 'node', 0, NULL, 1);
INSERT INTO `search_index` VALUES ('individual', 171, 'node', 0, NULL, 1);
INSERT INTO `search_index` VALUES ('users', 171, 'node', 0, NULL, 1);
INSERT INTO `search_index` VALUES ('and', 171, 'node', 0, NULL, 1);
INSERT INTO `search_index` VALUES ('get', 171, 'node', 0, NULL, 1);
INSERT INTO `search_index` VALUES ('rss', 171, 'node', 0, NULL, 5);
INSERT INTO `search_index` VALUES ('feed', 171, 'node', 0, NULL, 1);
INSERT INTO `search_index` VALUES ('specific', 171, 'node', 0, NULL, 1);
INSERT INTO `search_index` VALUES ('you', 171, 'node', 0, NULL, 1);
INSERT INTO `search_index` VALUES ('have', 171, 'node', 0, NULL, 1);
INSERT INTO `search_index` VALUES ('couple', 171, 'node', 0, NULL, 1);
INSERT INTO `search_index` VALUES ('options', 171, 'node', 0, NULL, 1);
INSERT INTO `search_index` VALUES ('for', 171, 'node', 0, NULL, 2);
INSERT INTO `search_index` VALUES ('blog', 171, 'node', 0, NULL, 5);
INSERT INTO `search_index` VALUES ('posts', 171, 'node', 0, NULL, 4);
INSERT INTO `search_index` VALUES ('append', 171, 'node', 0, NULL, 2);
INSERT INTO `search_index` VALUES ('username', 171, 'node', 0, NULL, 8);
INSERT INTO `search_index` VALUES ('the', 171, 'node', 0, NULL, 4);
INSERT INTO `search_index` VALUES ('end', 171, 'node', 0, NULL, 2);
INSERT INTO `search_index` VALUES ('site', 171, 'node', 0, NULL, 2);
INSERT INTO `search_index` VALUES ('url', 171, 'node', 0, NULL, 2);
INSERT INTO `search_index` VALUES ('all', 171, 'node', 0, NULL, 4);
INSERT INTO `search_index` VALUES ('allfrom', 171, 'node', 0, NULL, 1);
INSERT INTO `search_index` VALUES ('feeds', 171, 'node', 0, NULL, 4);
INSERT INTO `search_index` VALUES ('views', 171, 'node', 0, NULL, 4);
INSERT INTO `search_index` VALUES ('different', 43, 'node', 0, NULL, 2);
INSERT INTO `search_index` VALUES ('also', 43, 'node', 0, NULL, 2);
INSERT INTO `search_index` VALUES ('basis', 43, 'node', 0, NULL, 2);
INSERT INTO `search_index` VALUES ('worth', 43, 'node', 0, NULL, 1);
INSERT INTO `search_index` VALUES ('noting', 43, 'node', 0, NULL, 1);
INSERT INTO `search_index` VALUES ('ability', 43, 'node', 0, NULL, 2);
INSERT INTO `search_index` VALUES ('types', 43, 'node', 0, NULL, 1);
INSERT INTO `search_index` VALUES ('controlled', 43, 'node', 0, NULL, 1);
INSERT INTO `search_index` VALUES ('admin', 43, 'node', 0, NULL, 1);
INSERT INTO `search_index` VALUES ('limit', 43, 'node', 0, NULL, 1);
INSERT INTO `search_index` VALUES ('podcast', 43, 'node', 0, NULL, 1);
INSERT INTO `search_index` VALUES ('etc', 43, 'node', 0, NULL, 1);
INSERT INTO `search_index` VALUES ('documentation', 43, 'node', 0, NULL, 4);
INSERT INTO `search_index` VALUES ('getting', 43, 'node', 0, NULL, 4);
INSERT INTO `search_index` VALUES ('started', 43, 'node', 0, NULL, 4);
INSERT INTO `search_index` VALUES ('site', 172, 'node', 0, NULL, 39.9074);
INSERT INTO `search_index` VALUES ('roles', 172, 'node', 0, NULL, 32.9047);
INSERT INTO `search_index` VALUES ('the', 172, 'node', 0, NULL, 10.9931);
INSERT INTO `search_index` VALUES ('following', 172, 'node', 0, NULL, 1);
INSERT INTO `search_index` VALUES ('have', 172, 'node', 0, NULL, 6);
INSERT INTO `search_index` VALUES ('been', 172, 'node', 0, NULL, 1);
INSERT INTO `search_index` VALUES ('created', 172, 'node', 0, NULL, 1);
INSERT INTO `search_index` VALUES ('give', 172, 'node', 0, NULL, 1);
INSERT INTO `search_index` VALUES ('overview', 172, 'node', 0, NULL, 1);
INSERT INTO `search_index` VALUES ('how', 172, 'node', 0, NULL, 1);
INSERT INTO `search_index` VALUES ('can', 172, 'node', 0, NULL, 7);
INSERT INTO `search_index` VALUES ('used', 172, 'node', 0, NULL, 2.99315);
INSERT INTO `search_index` VALUES ('create', 172, 'node', 0, NULL, 8);
INSERT INTO `search_index` VALUES ('different', 172, 'node', 0, NULL, 2);
INSERT INTO `search_index` VALUES ('levels', 172, 'node', 0, NULL, 1);
INSERT INTO `search_index` VALUES ('access', 172, 'node', 0, NULL, 1);
INSERT INTO `search_index` VALUES ('and', 172, 'node', 0, NULL, 9);
INSERT INTO `search_index` VALUES ('look', 172, 'node', 0, NULL, 1);
INSERT INTO `search_index` VALUES ('feel', 172, 'node', 0, NULL, 1);
INSERT INTO `search_index` VALUES ('anonymous', 172, 'node', 0, NULL, 1);
INSERT INTO `search_index` VALUES ('user', 172, 'node', 0, NULL, 3);
INSERT INTO `search_index` VALUES ('this', 172, 'node', 0, NULL, 8);
INSERT INTO `search_index` VALUES ('role', 172, 'node', 0, NULL, 11);
INSERT INTO `search_index` VALUES ('refers', 172, 'node', 0, NULL, 1);
INSERT INTO `search_index` VALUES ('people', 172, 'node', 0, NULL, 2);
INSERT INTO `search_index` VALUES ('who', 172, 'node', 0, NULL, 3);
INSERT INTO `search_index` VALUES ('visit', 172, 'node', 0, NULL, 1);
INSERT INTO `search_index` VALUES ('but', 172, 'node', 0, NULL, 2);
INSERT INTO `search_index` VALUES ('are', 172, 'node', 0, NULL, 1);
INSERT INTO `search_index` VALUES ('not', 172, 'node', 0, NULL, 2);
INSERT INTO `search_index` VALUES ('members', 172, 'node', 0, NULL, 2);
INSERT INTO `search_index` VALUES ('signed', 172, 'node', 0, NULL, 1);
INSERT INTO `search_index` VALUES ('for', 172, 'node', 0, NULL, 4);
INSERT INTO `search_index` VALUES ('account', 172, 'node', 0, NULL, 2);
INSERT INTO `search_index` VALUES ('audio', 172, 'node', 0, NULL, 1);
INSERT INTO `search_index` VALUES ('users', 172, 'node', 0, NULL, 3);
INSERT INTO `search_index` VALUES ('podcasts', 172, 'node', 0, NULL, 1);
INSERT INTO `search_index` VALUES ('authenticated', 172, 'node', 0, NULL, 2);
INSERT INTO `search_index` VALUES ('default', 172, 'node', 0, NULL, 1);
INSERT INTO `search_index` VALUES ('all', 172, 'node', 0, NULL, 4);
INSERT INTO `search_index` VALUES ('blog', 172, 'node', 0, NULL, 1);
INSERT INTO `search_index` VALUES ('store', 172, 'node', 0, NULL, 1);
INSERT INTO `search_index` VALUES ('bookmarks', 172, 'node', 0, NULL, 1);
INSERT INTO `search_index` VALUES ('groups', 172, 'node', 0, NULL, 1);
INSERT INTO `search_index` VALUES ('image', 172, 'node', 0, NULL, 1);
INSERT INTO `search_index` VALUES ('galleries', 172, 'node', 0, NULL, 1);
INSERT INTO `search_index` VALUES ('portfolio', 172, 'node', 0, NULL, 1);
INSERT INTO `search_index` VALUES ('artifacts', 172, 'node', 0, NULL, 1);
INSERT INTO `search_index` VALUES ('instructor', 172, 'node', 0, NULL, 5);
INSERT INTO `search_index` VALUES ('instructors', 172, 'node', 0, NULL, 2);
INSERT INTO `search_index` VALUES ('rights', 172, 'node', 0, NULL, 5);
INSERT INTO `search_index` VALUES ('students', 172, 'node', 0, NULL, 1);
INSERT INTO `search_index` VALUES ('courses', 172, 'node', 0, NULL, 2);
INSERT INTO `search_index` VALUES ('assignments', 172, 'node', 0, NULL, 2);
INSERT INTO `search_index` VALUES ('maintainer', 172, 'node', 0, NULL, 1);
INSERT INTO `search_index` VALUES ('maintainers', 172, 'node', 0, NULL, 1);
INSERT INTO `search_index` VALUES ('full', 172, 'node', 0, NULL, 2);
INSERT INTO `search_index` VALUES ('over', 172, 'node', 0, NULL, 2);
INSERT INTO `search_index` VALUES ('editing', 172, 'node', 0, NULL, 1);
INSERT INTO `search_index` VALUES ('content', 172, 'node', 0, NULL, 1);
INSERT INTO `search_index` VALUES ('siteadmin', 172, 'node', 0, NULL, 2);
INSERT INTO `search_index` VALUES ('has', 172, 'node', 0, NULL, 1);
INSERT INTO `search_index` VALUES ('administrative', 172, 'node', 0, NULL, 1);
INSERT INTO `search_index` VALUES ('entire', 172, 'node', 0, NULL, 1);
INSERT INTO `search_index` VALUES ('should', 172, 'node', 0, NULL, 1);
INSERT INTO `search_index` VALUES ('sparingly', 172, 'node', 0, NULL, 1);
INSERT INTO `search_index` VALUES ('student', 172, 'node', 0, NULL, 6);
INSERT INTO `search_index` VALUES ('placeholder', 172, 'node', 0, NULL, 1);
INSERT INTO `search_index` VALUES ('added', 172, 'node', 0, NULL, 1);
INSERT INTO `search_index` VALUES ('security', 172, 'node', 0, NULL, 1);
INSERT INTO `search_index` VALUES ('removed', 172, 'node', 0, NULL, 1);
INSERT INTO `search_index` VALUES ('from', 172, 'node', 0, NULL, 1);
INSERT INTO `search_index` VALUES ('assigned', 172, 'node', 0, NULL, 2);
INSERT INTO `search_index` VALUES ('organization', 172, 'node', 0, NULL, 1);
INSERT INTO `search_index` VALUES ('limiting', 172, 'node', 0, NULL, 1);
INSERT INTO `search_index` VALUES ('membership', 172, 'node', 0, NULL, 1);
INSERT INTO `search_index` VALUES ('configuration', 172, 'node', 0, NULL, 4.9074);
INSERT INTO `search_index` VALUES ('means', 172, 'node', 0, NULL, 1);
INSERT INTO `search_index` VALUES ('that', 172, 'node', 0, NULL, 2);
INSERT INTO `search_index` VALUES ('even', 172, 'node', 0, NULL, 1);
INSERT INTO `search_index` VALUES ('someone', 172, 'node', 0, NULL, 1);
INSERT INTO `search_index` VALUES ('managed', 172, 'node', 0, NULL, 1);
INSERT INTO `search_index` VALUES ('they', 172, 'node', 0, NULL, 1);
INSERT INTO `search_index` VALUES ('would', 172, 'node', 0, NULL, 1);
INSERT INTO `search_index` VALUES ('until', 172, 'node', 0, NULL, 1);
INSERT INTO `search_index` VALUES ('admin', 172, 'node', 0, NULL, 1);
INSERT INTO `search_index` VALUES ('them', 172, 'node', 0, NULL, 1);
INSERT INTO `search_index` VALUES ('into', 172, 'node', 0, NULL, 1);
INSERT INTO `search_index` VALUES ('wiki', 172, 'node', 0, NULL, 2);
INSERT INTO `search_index` VALUES ('pages', 172, 'node', 0, NULL, 1);
INSERT INTO `search_index` VALUES ('revert', 172, 'node', 0, NULL, 1);
INSERT INTO `search_index` VALUES ('revisions', 172, 'node', 0, NULL, 1);
INSERT INTO `search_index` VALUES ('also', 172, 'node', 0, NULL, 1);
INSERT INTO `search_index` VALUES ('worth', 172, 'node', 0, NULL, 1);
INSERT INTO `search_index` VALUES ('noting', 172, 'node', 0, NULL, 1);
INSERT INTO `search_index` VALUES ('uses', 172, 'node', 0, NULL, 1);
INSERT INTO `search_index` VALUES ('generic', 172, 'node', 0, NULL, 1);
INSERT INTO `search_index` VALUES ('school', 172, 'node', 0, NULL, 1);
INSERT INTO `search_index` VALUES ('paradigm', 172, 'node', 0, NULL, 1);
INSERT INTO `search_index` VALUES ('contains', 172, 'node', 0, NULL, 1);
INSERT INTO `search_index` VALUES ('within', 172, 'node', 0, NULL, 1);
INSERT INTO `search_index` VALUES ('however', 172, 'node', 0, NULL, 1);
INSERT INTO `search_index` VALUES ('those', 172, 'node', 0, NULL, 1);
INSERT INTO `search_index` VALUES ('aren', 172, 'node', 0, NULL, 0.997306);
INSERT INTO `search_index` VALUES ('hierarchy', 172, 'node', 0, NULL, 0.993146);
INSERT INTO `search_index` VALUES ('effectively', 172, 'node', 0, NULL, 0.989021);
INSERT INTO `search_index` VALUES ('flattened', 172, 'node', 0, NULL, 0.98493);
INSERT INTO `search_index` VALUES ('permissions', 172, 'node', 0, NULL, 3.9235);

-- --------------------------------------------------------

-- 
-- Table structure for table `search_total`
-- 

CREATE TABLE `search_total` (
  `word` varchar(50) NOT NULL default '',
  `count` float default NULL,
  PRIMARY KEY  (`word`)
) ENGINE=MyISAM DEFAULT CHARSET=utf8;

-- 
-- Dumping data for table `search_total`
-- 

INSERT INTO `search_total` VALUES ('chess', 0.0107239);
INSERT INTO `search_total` VALUES ('club', 0.0045005);
INSERT INTO `search_total` VALUES ('description', 0.0163904);
INSERT INTO `search_total` VALUES ('get', 0.124939);
INSERT INTO `search_total` VALUES ('your', 0.124939);
INSERT INTO `search_total` VALUES ('this', 0.013002);
INSERT INTO `search_total` VALUES ('meets', 0.30103);
INSERT INTO `search_total` VALUES ('discuss', 0.176091);
INSERT INTO `search_total` VALUES ('all', 0.0193052);
INSERT INTO `search_total` VALUES ('things', 0.0461104);
INSERT INTO `search_total` VALUES ('about', 0.0088928);
INSERT INTO `search_total` VALUES ('particularly', 0.176091);
INSERT INTO `search_total` VALUES ('the', 0.00450904);
INSERT INTO `search_total` VALUES ('queen', 0.0137883);
INSERT INTO `search_total` VALUES ('gambit', 0.30103);
INSERT INTO `search_total` VALUES ('hank', 0.0107239);
INSERT INTO `search_total` VALUES ('title', 0.0791812);
INSERT INTO `search_total` VALUES ('new', 0.0147503);
INSERT INTO `search_total` VALUES ('assignment', 0.00286664);
INSERT INTO `search_total` VALUES ('sample', 0.0511525);
INSERT INTO `search_total` VALUES ('wiki', 0.00860017);
INSERT INTO `search_total` VALUES ('page', 0.0075567);
INSERT INTO `search_total` VALUES ('main', 0.0104655);
INSERT INTO `search_total` VALUES ('site', 0.00460587);
INSERT INTO `search_total` VALUES ('content', 0.00782917);
INSERT INTO `search_total` VALUES ('added', 0.124939);
INSERT INTO `search_total` VALUES ('alias', 0.30103);
INSERT INTO `search_total` VALUES ('and', 0.0213008);
INSERT INTO `search_total` VALUES ('link', 0.30103);
INSERT INTO `search_total` VALUES ('with', 0.0475578);
INSERT INTO `search_total` VALUES ('edit', 0.0511525);
INSERT INTO `search_total` VALUES ('bill', 0.00372558);
INSERT INTO `search_total` VALUES ('will', 0.0468632);
INSERT INTO `search_total` VALUES ('create', 0.0248236);
INSERT INTO `search_total` VALUES ('hello', 0.0104654);
INSERT INTO `search_total` VALUES ('text', 0.30103);
INSERT INTO `search_total` VALUES ('blog', 0.0579919);
INSERT INTO `search_total` VALUES ('are', 0.059222);
INSERT INTO `search_total` VALUES ('they', 0.0518894);
INSERT INTO `search_total` VALUES ('not', 0.124939);
INSERT INTO `search_total` VALUES ('nice', 0.124939);
INSERT INTO `search_total` VALUES ('editing', 0.176091);
INSERT INTO `search_total` VALUES ('see', 0.124939);
INSERT INTO `search_total` VALUES ('how', 0.0678933);
INSERT INTO `search_total` VALUES ('works', 0.30103);
INSERT INTO `search_total` VALUES ('that', 0.0415001);
INSERT INTO `search_total` VALUES ('can', 0.0299632);
INSERT INTO `search_total` VALUES ('you', 0.0457575);
INSERT INTO `search_total` VALUES ('like', 0.30103);
INSERT INTO `search_total` VALUES ('bookmark', 0.00408331);
INSERT INTO `search_total` VALUES ('has', 0.176091);
INSERT INTO `search_total` VALUES ('potential', 0.30103);
INSERT INTO `search_total` VALUES ('english', 0.00634018);
INSERT INTO `search_total` VALUES ('11', 0.00643411);
INSERT INTO `search_total` VALUES ('american', 0.189764);
INSERT INTO `search_total` VALUES ('literature', 0.176091);
INSERT INTO `search_total` VALUES ('course', 0.0676674);
INSERT INTO `search_total` VALUES ('overview', 0.0669468);
INSERT INTO `search_total` VALUES ('goes', 0.0991435);
INSERT INTO `search_total` VALUES ('here', 0.176091);
INSERT INTO `search_total` VALUES ('junior', 0.30103);
INSERT INTO `search_total` VALUES ('highlighted', 0.0511525);
INSERT INTO `search_total` VALUES ('assignments', 0.09691);
INSERT INTO `search_total` VALUES ('yet', 0.124939);
INSERT INTO `search_total` VALUES ('sorry', 0.0234811);
INSERT INTO `search_total` VALUES ('blogs', 0.00161563);
INSERT INTO `search_total` VALUES ('pages', 0.0457575);
INSERT INTO `search_total` VALUES ('for', 0.0280287);
INSERT INTO `search_total` VALUES ('question', 0.09691);
INSERT INTO `search_total` VALUES ('what', 0.00281325);
INSERT INTO `search_total` VALUES ('else', 0.0859967);
INSERT INTO `search_total` VALUES ('author', 0.00432137);
INSERT INTO `search_total` VALUES ('created', 0.0263289);
INSERT INTO `search_total` VALUES ('updated', 0.00432137);
INSERT INTO `search_total` VALUES ('comments', 0.0669468);
INSERT INTO `search_total` VALUES ('8', 0.09691);
INSERT INTO `search_total` VALUES ('hours', 0.0104654);
INSERT INTO `search_total` VALUES ('42', 0.09691);
INSERT INTO `search_total` VALUES ('min', 0.0263289);
INSERT INTO `search_total` VALUES ('ago', 0.0108109);
INSERT INTO `search_total` VALUES ('0', 0.0193052);
INSERT INTO `search_total` VALUES ('welcome', 0.00643411);
INSERT INTO `search_total` VALUES ('drupaled', 0.00299623);
INSERT INTO `search_total` VALUES ('install', 0.30103);
INSERT INTO `search_total` VALUES ('profile', 0.30103);
INSERT INTO `search_total` VALUES ('used', 0.0970591);
INSERT INTO `search_total` VALUES ('informal', 0.176091);
INSERT INTO `search_total` VALUES ('learning', 0.0142509);
INSERT INTO `search_total` VALUES ('where', 0.0316855);
INSERT INTO `search_total` VALUES ('users', 0.0382088);
INSERT INTO `search_total` VALUES ('have', 0.0417241);
INSERT INTO `search_total` VALUES ('comparable', 0.30103);
INSERT INTO `search_total` VALUES ('permissions', 0.0803045);
INSERT INTO `search_total` VALUES ('more', 0.129075);
INSERT INTO `search_total` VALUES ('hierarchical', 0.30103);
INSERT INTO `search_total` VALUES ('environment', 0.124939);
INSERT INTO `search_total` VALUES ('students', 0.176091);
INSERT INTO `search_total` VALUES ('teachers', 0.0304275);
INSERT INTO `search_total` VALUES ('classes', 0.159977);
INSERT INTO `search_total` VALUES ('working', 0.124939);
INSERT INTO `search_total` VALUES ('groups', 0.0144998);
INSERT INTO `search_total` VALUES ('some', 0.09691);
INSERT INTO `search_total` VALUES ('functionality', 0.102595);
INSERT INTO `search_total` VALUES ('within', 0.0580772);
INSERT INTO `search_total` VALUES ('includes', 0.176091);
INSERT INTO `search_total` VALUES ('personal', 0.0791812);
INSERT INTO `search_total` VALUES ('workspace', 0.176091);
INSERT INTO `search_total` VALUES ('group', 0.0413927);
INSERT INTO `search_total` VALUES ('ability', 0.0791812);
INSERT INTO `search_total` VALUES ('members', 0.124939);
INSERT INTO `search_total` VALUES ('formal', 0.30103);
INSERT INTO `search_total` VALUES ('class', 0.00645958);
INSERT INTO `search_total` VALUES ('spaces', 0.0485696);
INSERT INTO `search_total` VALUES ('podcasting', 0.00616031);
INSERT INTO `search_total` VALUES ('rss', 0.0669468);
INSERT INTO `search_total` VALUES ('feeds', 0.0791812);
INSERT INTO `search_total` VALUES ('entire', 0.176091);
INSERT INTO `search_total` VALUES ('individual', 0.09691);
INSERT INTO `search_total` VALUES ('courses', 0.0131695);
INSERT INTO `search_total` VALUES ('terms', 0.0577993);
INSERT INTO `search_total` VALUES ('image', 0.124939);
INSERT INTO `search_total` VALUES ('galleries', 0.124939);
INSERT INTO `search_total` VALUES ('file', 0.124939);
INSERT INTO `search_total` VALUES ('repositories', 0.30103);
INSERT INTO `search_total` VALUES ('private', 0.0135172);
INSERT INTO `search_total` VALUES ('invitationonly', 0.30103);
INSERT INTO `search_total` VALUES ('social', 0.0791812);
INSERT INTO `search_total` VALUES ('bookmarking', 0.124939);
INSERT INTO `search_total` VALUES ('searching', 0.30103);
INSERT INTO `search_total` VALUES ('descriptions', 0.30103);
INSERT INTO `search_total` VALUES ('spam', 0.30103);
INSERT INTO `search_total` VALUES ('protection', 0.30103);
INSERT INTO `search_total` VALUES ('calendars', 0.176091);
INSERT INTO `search_total` VALUES ('event', 0.30103);
INSERT INTO `search_total` VALUES ('sitewide', 0.0777297);
INSERT INTO `search_total` VALUES ('events', 0.149323);
INSERT INTO `search_total` VALUES ('every', 0.144308);
INSERT INTO `search_total` VALUES ('other', 0.176091);
INSERT INTO `search_total` VALUES ('tuesday', 0.30103);
INSERT INTO `search_total` VALUES ('log', 0.124939);
INSERT INTO `search_total` VALUES ('sings', 0.0157943);
INSERT INTO `search_total` VALUES ('favorite', 0.01524);
INSERT INTO `search_total` VALUES ('song', 0.30103);
INSERT INTO `search_total` VALUES ('admit', 0.30103);
INSERT INTO `search_total` VALUES ('made', 0.124939);
INSERT INTO `search_total` VALUES ('last', 0.0791812);
INSERT INTO `search_total` VALUES ('one', 0.0413927);
INSERT INTO `search_total` VALUES ('goal', 0.176091);
INSERT INTO `search_total` VALUES ('flexible', 0.30103);
INSERT INTO `search_total` VALUES ('framework', 0.177189);
INSERT INTO `search_total` VALUES ('allows', 0.176091);
INSERT INTO `search_total` VALUES ('set', 0.176091);
INSERT INTO `search_total` VALUES ('traditional', 0.30103);
INSERT INTO `search_total` VALUES ('depending', 0.30103);
INSERT INTO `search_total` VALUES ('needs', 0.128397);
INSERT INTO `search_total` VALUES ('learners', 0.176589);
INSERT INTO `search_total` VALUES ('current', 0.30103);
INSERT INTO `search_total` VALUES ('both', 0.0611757);
INSERT INTO `search_total` VALUES ('approaches', 0.30103);
INSERT INTO `search_total` VALUES ('supported', 0.178078);
INSERT INTO `search_total` VALUES ('first', 0.176091);
INSERT INTO `search_total` VALUES ('below', 0.176091);
INSERT INTO `search_total` VALUES ('show', 0.0791812);
INSERT INTO `search_total` VALUES ('revisions', 0.176091);
INSERT INTO `search_total` VALUES ('certainly', 0.30103);
INSERT INTO `search_total` VALUES ('rolling', 0.30103);
INSERT INTO `search_total` VALUES ('ariel', 0.30103);
INSERT INTO `search_total` VALUES ('post', 0.01524);
INSERT INTO `search_total` VALUES ('upgrade', 0.30103);
INSERT INTO `search_total` VALUES ('wikirific', 0.30103);
INSERT INTO `search_total` VALUES ('pass', 0.30103);
INSERT INTO `search_total` VALUES ('feedback', 0.00862305);
INSERT INTO `search_total` VALUES ('ideally', 0.180669);
INSERT INTO `search_total` VALUES ('section', 0.0791812);
INSERT INTO `search_total` VALUES ('those', 0.176091);
INSERT INTO `search_total` VALUES ('inclined', 0.30103);
INSERT INTO `search_total` VALUES ('pitch', 0.30103);
INSERT INTO `search_total` VALUES ('also', 0.09691);
INSERT INTO `search_total` VALUES ('getting', 0.00886712);
INSERT INTO `search_total` VALUES ('started', 0.0088694);
INSERT INTO `search_total` VALUES ('documentation', 0.0413927);
INSERT INTO `search_total` VALUES ('user', 0.00694886);
INSERT INTO `search_total` VALUES ('sees', 0.0377886);
INSERT INTO `search_total` VALUES ('when', 0.176091);
INSERT INTO `search_total` VALUES ('creating', 0.00877392);
INSERT INTO `search_total` VALUES ('specifically', 0.186555);
INSERT INTO `search_total` VALUES ('embedding', 0.30103);
INSERT INTO `search_total` VALUES ('views', 0.0413927);
INSERT INTO `search_total` VALUES ('into', 0.176091);
INSERT INTO `search_total` VALUES ('home', 0.125929);
INSERT INTO `search_total` VALUES ('add', 0.30103);
INSERT INTO `search_total` VALUES ('use', 0.30103);
INSERT INTO `search_total` VALUES ('just', 0.30103);
INSERT INTO `search_total` VALUES ('etc', 0.176091);
INSERT INTO `search_total` VALUES ('start', 0.30103);
INSERT INTO `search_total` VALUES ('but', 0.124939);
INSERT INTO `search_total` VALUES ('their', 0.176091);
INSERT INTO `search_total` VALUES ('been', 0.182335);
INSERT INTO `search_total` VALUES ('work', 0.09691);
INSERT INTO `search_total` VALUES ('who', 0.0818275);
INSERT INTO `search_total` VALUES ('then', 0.30103);
INSERT INTO `search_total` VALUES ('make', 0.30103);
INSERT INTO `search_total` VALUES ('different', 0.0589928);
INSERT INTO `search_total` VALUES ('types', 0.185787);
INSERT INTO `search_total` VALUES ('any', 0.176091);
INSERT INTO `search_total` VALUES ('from', 0.124939);
INSERT INTO `search_total` VALUES ('select', 0.0791812);
INSERT INTO `search_total` VALUES ('people', 0.0814804);
INSERT INTO `search_total` VALUES ('word', 0.30103);
INSERT INTO `search_total` VALUES ('only', 0.128793);
INSERT INTO `search_total` VALUES ('many', 0.30103);
INSERT INTO `search_total` VALUES ('them', 0.176091);
INSERT INTO `search_total` VALUES ('list', 0.30103);
INSERT INTO `search_total` VALUES ('logging', 0.0163904);
INSERT INTO `search_total` VALUES ('logs', 0.30103);
INSERT INTO `search_total` VALUES ('taken', 0.30103);
INSERT INTO `search_total` VALUES ('gives', 0.30103);
INSERT INTO `search_total` VALUES ('snapshot', 0.30103);
INSERT INTO `search_total` VALUES ('initial', 0.30103);
INSERT INTO `search_total` VALUES ('view', 0.012965);
INSERT INTO `search_total` VALUES ('posted', 0.30103);
INSERT INTO `search_total` VALUES ('member', 0.30103);
INSERT INTO `search_total` VALUES ('presented', 0.30103);
INSERT INTO `search_total` VALUES ('clicking', 0.30103);
INSERT INTO `search_total` VALUES ('name', 0.30103);
INSERT INTO `search_total` VALUES ('filter', 0.176091);
INSERT INTO `search_total` VALUES ('specific', 0.0791812);
INSERT INTO `search_total` VALUES ('tab', 0.0511525);
INSERT INTO `search_total` VALUES ('files', 0.0791812);
INSERT INTO `search_total` VALUES ('each', 0.30103);
INSERT INTO `search_total` VALUES ('repository', 0.176091);
INSERT INTO `search_total` VALUES ('attach', 0.30103);
INSERT INTO `search_total` VALUES ('posts', 0.0579919);
INSERT INTO `search_total` VALUES ('area', 0.30103);
INSERT INTO `search_total` VALUES ('automatically', 0.30103);
INSERT INTO `search_total` VALUES ('shows', 0.176091);
INSERT INTO `search_total` VALUES ('bookmarks', 0.0579919);
INSERT INTO `search_total` VALUES ('displays', 0.30103);
INSERT INTO `search_total` VALUES ('stored', 0.30103);
INSERT INTO `search_total` VALUES ('podcasts', 0.0669468);
INSERT INTO `search_total` VALUES ('particular', 0.124939);
INSERT INTO `search_total` VALUES ('activity', 0.30103);
INSERT INTO `search_total` VALUES ('groupsusing', 0.30103);
INSERT INTO `search_total` VALUES ('basis', 0.176091);
INSERT INTO `search_total` VALUES ('worth', 0.176091);
INSERT INTO `search_total` VALUES ('noting', 0.176091);
INSERT INTO `search_total` VALUES ('controlled', 0.30103);
INSERT INTO `search_total` VALUES ('admin', 0.176091);
INSERT INTO `search_total` VALUES ('limit', 0.30103);
INSERT INTO `search_total` VALUES ('podcast', 0.30103);
INSERT INTO `search_total` VALUES ('few', 0.30103);
INSERT INTO `search_total` VALUES ('these', 0.30103);
INSERT INTO `search_total` VALUES ('type', 0.30103);
INSERT INTO `search_total` VALUES ('look', 0.176091);
INSERT INTO `search_total` VALUES ('experiment', 0.138214);
INSERT INTO `search_total` VALUES ('drupal', 0.30103);
INSERT INTO `search_total` VALUES ('hopefully', 0.30103);
INSERT INTO `search_total` VALUES ('there', 0.09691);
INSERT INTO `search_total` VALUES ('little', 0.30103);
INSERT INTO `search_total` VALUES ('questions', 0.30103);
INSERT INTO `search_total` VALUES ('selecting', 0.30103);
INSERT INTO `search_total` VALUES ('correct', 0.30103);
INSERT INTO `search_total` VALUES ('several', 0.09691);
INSERT INTO `search_total` VALUES ('risk', 0.30103);
INSERT INTO `search_total` VALUES ('stating', 0.30103);
INSERT INTO `search_total` VALUES ('obvious', 0.30103);
INSERT INTO `search_total` VALUES ('groupassignments', 0.30103);
INSERT INTO `search_total` VALUES ('groupwiki', 0.30103);
INSERT INTO `search_total` VALUES ('bears', 0.30103);
INSERT INTO `search_total` VALUES ('further', 0.30103);
INSERT INTO `search_total` VALUES ('explanation', 0.30103);
INSERT INTO `search_total` VALUES ('groupblogquestion', 0.30103);
INSERT INTO `search_total` VALUES ('uses', 0.176091);
INSERT INTO `search_total` VALUES ('creates', 0.30103);
INSERT INTO `search_total` VALUES ('tag', 0.30103);
INSERT INTO `search_total` VALUES ('term', 0.30103);
INSERT INTO `search_total` VALUES ('appear', 0.178078);
INSERT INTO `search_total` VALUES ('example', 0.30103);
INSERT INTO `search_total` VALUES ('prefaced', 0.30103);
INSERT INTO `search_total` VALUES ('names', 0.30103);
INSERT INTO `search_total` VALUES ('groupspecific', 0.178078);
INSERT INTO `search_total` VALUES ('however', 0.176091);
INSERT INTO `search_total` VALUES ('recognize', 0.30103);
INSERT INTO `search_total` VALUES ('substitute', 0.30103);
INSERT INTO `search_total` VALUES ('presents', 0.30103);
INSERT INTO `search_total` VALUES ('relevant', 0.30103);
INSERT INTO `search_total` VALUES ('choices', 0.30103);
INSERT INTO `search_total` VALUES ('obviously', 0.178078);
INSERT INTO `search_total` VALUES ('done', 0.30103);
INSERT INTO `search_total` VALUES ('step', 0.0795178);
INSERT INTO `search_total` VALUES ('field', 0.176091);
INSERT INTO `search_total` VALUES ('named', 0.30103);
INSERT INTO `search_total` VALUES ('arguments', 0.30103);
INSERT INTO `search_total` VALUES ('click', 0.30103);
INSERT INTO `search_total` VALUES ('argument', 0.30103);
INSERT INTO `search_total` VALUES ('disable', 0.30103);
INSERT INTO `search_total` VALUES ('richtext', 0.30103);
INSERT INTO `search_total` VALUES ('editor', 0.30103);
INSERT INTO `search_total` VALUES ('enter', 0.30103);
INSERT INTO `search_total` VALUES ('nid', 0.0982369);
INSERT INTO `search_total` VALUES ('final', 0.30103);
INSERT INTO `search_total` VALUES ('ensures', 0.30103);
INSERT INTO `search_total` VALUES ('instructions', 0.30103);
INSERT INTO `search_total` VALUES ('daunting', 0.30103);
INSERT INTO `search_total` VALUES ('offputting', 0.30103);
INSERT INTO `search_total` VALUES ('nontechnical', 0.30103);
INSERT INTO `search_total` VALUES ('creation', 0.30103);
INSERT INTO `search_total` VALUES ('screen', 0.30103);
INSERT INTO `search_total` VALUES ('seen', 0.30103);
INSERT INTO `search_total` VALUES ('trained', 0.30103);
INSERT INTO `search_total` VALUES ('willing', 0.30103);
INSERT INTO `search_total` VALUES ('become', 0.30103);
INSERT INTO `search_total` VALUES ('familiar', 0.30103);
INSERT INTO `search_total` VALUES ('artifacts', 0.0669468);
INSERT INTO `search_total` VALUES ('portfolio', 0.0669468);
INSERT INTO `search_total` VALUES ('test', 0.00393029);
INSERT INTO `search_total` VALUES ('address', 0.176091);
INSERT INTO `search_total` VALUES ('url', 0.09691);
INSERT INTO `search_total` VALUES ('http', 0.0193052);
INSERT INTO `search_total` VALUES ('wwwgooglecom', 0.0193052);
INSERT INTO `search_total` VALUES ('search', 0.0377886);
INSERT INTO `search_total` VALUES ('dolly', 0.0377886);
INSERT INTO `search_total` VALUES ('utf8', 0.0193052);
INSERT INTO `search_total` VALUES ('rls', 0.0377886);
INSERT INTO `search_total` VALUES ('orgmozill', 0.0377886);
INSERT INTO `search_total` VALUES ('test2', 0.01524);
INSERT INTO `search_total` VALUES ('due', 0.176091);
INSERT INTO `search_total` VALUES ('date', 0.176091);
INSERT INTO `search_total` VALUES ('42007', 0.30103);
INSERT INTO `search_total` VALUES ('42507', 0.30103);
INSERT INTO `search_total` VALUES ('almeria', 0.011281);
INSERT INTO `search_total` VALUES ('jam', 0.0115819);
INSERT INTO `search_total` VALUES ('williams', 0.011281);
INSERT INTO `search_total` VALUES ('artist', 0.09691);
INSERT INTO `search_total` VALUES ('length', 0.09691);
INSERT INTO `search_total` VALUES ('203', 0.30103);
INSERT INTO `search_total` VALUES ('minutes', 0.30103);
INSERT INTO `search_total` VALUES ('188', 0.30103);
INSERT INTO `search_total` VALUES ('format', 0.09691);
INSERT INTO `search_total` VALUES ('mp3', 0.30103);
INSERT INTO `search_total` VALUES ('stereo', 0.30103);
INSERT INTO `search_total` VALUES ('44khz', 0.30103);
INSERT INTO `search_total` VALUES ('128kbps', 0.30103);
INSERT INTO `search_total` VALUES ('cbr', 0.30103);
INSERT INTO `search_total` VALUES ('clubhank', 0.30103);
INSERT INTO `search_total` VALUES ('jrcountryalmeria', 0.30103);
INSERT INTO `search_total` VALUES ('jam102002', 0.30103);
INSERT INTO `search_total` VALUES ('feed', 0.30103);
INSERT INTO `search_total` VALUES ('couple', 0.30103);
INSERT INTO `search_total` VALUES ('options', 0.30103);
INSERT INTO `search_total` VALUES ('append', 0.176091);
INSERT INTO `search_total` VALUES ('username', 0.0511525);
INSERT INTO `search_total` VALUES ('end', 0.176091);
INSERT INTO `search_total` VALUES ('allfrom', 0.30103);
INSERT INTO `search_total` VALUES ('roles', 0.013002);
INSERT INTO `search_total` VALUES ('following', 0.30103);
INSERT INTO `search_total` VALUES ('give', 0.30103);
INSERT INTO `search_total` VALUES ('levels', 0.30103);
INSERT INTO `search_total` VALUES ('access', 0.30103);
INSERT INTO `search_total` VALUES ('feel', 0.30103);
INSERT INTO `search_total` VALUES ('anonymous', 0.30103);
INSERT INTO `search_total` VALUES ('role', 0.0377886);
INSERT INTO `search_total` VALUES ('refers', 0.30103);
INSERT INTO `search_total` VALUES ('visit', 0.30103);
INSERT INTO `search_total` VALUES ('signed', 0.30103);
INSERT INTO `search_total` VALUES ('account', 0.176091);
INSERT INTO `search_total` VALUES ('audio', 0.30103);
INSERT INTO `search_total` VALUES ('authenticated', 0.176091);
INSERT INTO `search_total` VALUES ('default', 0.30103);
INSERT INTO `search_total` VALUES ('store', 0.30103);
INSERT INTO `search_total` VALUES ('instructor', 0.0791812);
INSERT INTO `search_total` VALUES ('instructors', 0.176091);
INSERT INTO `search_total` VALUES ('rights', 0.0791812);
INSERT INTO `search_total` VALUES ('maintainer', 0.30103);
INSERT INTO `search_total` VALUES ('maintainers', 0.30103);
INSERT INTO `search_total` VALUES ('full', 0.176091);
INSERT INTO `search_total` VALUES ('over', 0.176091);
INSERT INTO `search_total` VALUES ('siteadmin', 0.176091);
INSERT INTO `search_total` VALUES ('administrative', 0.30103);
INSERT INTO `search_total` VALUES ('should', 0.30103);
INSERT INTO `search_total` VALUES ('sparingly', 0.30103);
INSERT INTO `search_total` VALUES ('student', 0.0669468);
INSERT INTO `search_total` VALUES ('placeholder', 0.30103);
INSERT INTO `search_total` VALUES ('security', 0.30103);
INSERT INTO `search_total` VALUES ('removed', 0.30103);
INSERT INTO `search_total` VALUES ('assigned', 0.176091);
INSERT INTO `search_total` VALUES ('organization', 0.30103);
INSERT INTO `search_total` VALUES ('limiting', 0.30103);
INSERT INTO `search_total` VALUES ('membership', 0.30103);
INSERT INTO `search_total` VALUES ('configuration', 0.0805449);
INSERT INTO `search_total` VALUES ('means', 0.30103);
INSERT INTO `search_total` VALUES ('even', 0.30103);
INSERT INTO `search_total` VALUES ('someone', 0.30103);
INSERT INTO `search_total` VALUES ('managed', 0.30103);
INSERT INTO `search_total` VALUES ('would', 0.30103);
INSERT INTO `search_total` VALUES ('until', 0.30103);
INSERT INTO `search_total` VALUES ('revert', 0.30103);
INSERT INTO `search_total` VALUES ('generic', 0.30103);
INSERT INTO `search_total` VALUES ('school', 0.30103);
INSERT INTO `search_total` VALUES ('paradigm', 0.30103);
INSERT INTO `search_total` VALUES ('contains', 0.30103);
INSERT INTO `search_total` VALUES ('aren', 0.30103);
INSERT INTO `search_total` VALUES ('hierarchy', 0.30103);
INSERT INTO `search_total` VALUES ('effectively', 0.30103);
INSERT INTO `search_total` VALUES ('flattened', 0.30103);

-- --------------------------------------------------------

-- 
-- Table structure for table `sequences`
-- 

CREATE TABLE `sequences` (
  `name` varchar(255) NOT NULL default '',
  `id` int(10) unsigned NOT NULL default '0',
  PRIMARY KEY  (`name`)
) ENGINE=MyISAM DEFAULT CHARSET=utf8;

-- 
-- Dumping data for table `sequences`
-- 

INSERT INTO `sequences` VALUES ('users_uid', 158);
INSERT INTO `sequences` VALUES ('menu_mid', 178);
INSERT INTO `sequences` VALUES ('node_nid', 182);
INSERT INTO `sequences` VALUES ('node_revisions_vid', 251);
INSERT INTO `sequences` VALUES ('files_fid', 18);
INSERT INTO `sequences` VALUES ('view_view_vid', 39);
INSERT INTO `sequences` VALUES ('vocabulary_vid', 11);
INSERT INTO `sequences` VALUES ('term_data_tid', 143);
INSERT INTO `sequences` VALUES ('comments_cid', 21);

-- --------------------------------------------------------

-- 
-- Table structure for table `sessions`
-- 

CREATE TABLE `sessions` (
  `uid` int(10) unsigned NOT NULL default '0',
  `sid` varchar(64) NOT NULL default '',
  `hostname` varchar(128) NOT NULL default '',
  `timestamp` int(11) NOT NULL default '0',
  `cache` int(11) NOT NULL default '0',
  `session` longtext,
  PRIMARY KEY  (`sid`),
  KEY `uid` (`uid`),
  KEY `timestamp` (`timestamp`)
) ENGINE=MyISAM DEFAULT CHARSET=utf8;

-- 
-- Dumping data for table `sessions`
-- 

INSERT INTO `sessions` VALUES (1, '140f4a8547f96606addd3712dd1b85bb', '76.105.133.42', 1176682352, 0, 'og_last|N;last_submitted|a:2:{s:11:"destination";N;s:4:"hash";s:32:"4f52f30dd5ba95a9e9a434631acb7307";}audio_file|a:1:{i:169;O:8:"stdClass":5:{s:8:"origname";s:18:"10-Almeria Jam.mp3";s:8:"filename";s:18:"10-Almeria Jam.mp3";s:8:"filepath";s:30:"files/audio/10-Almeria Jam.mp3";s:8:"filemime";s:10:"audio/mpeg";s:8:"filesize";s:7:"1976155";}}audio_images|N;form|a:3:{s:32:"f74f68a19aae964445e329014035acae";a:2:{s:9:"timestamp";i:1176681575;s:4:"args";a:1:{i:0;s:14:"system_modules";}}s:32:"a13c7a7dd2603eb074aa7c818666ffe7";a:2:{s:9:"timestamp";i:1176681596;s:4:"args";a:1:{i:0;s:14:"system_modules";}}s:32:"ced98e9d152510e9b2f9b1e87c30964f";a:2:{s:9:"timestamp";i:1176682161;s:4:"args";a:1:{i:0;s:14:"system_modules";}}}');
INSERT INTO `sessions` VALUES (8, '136193bc76e175a5c273bdb2f1051883', '66.93.39.81', 1176764597, 0, 'og_last|N;last_submitted|a:2:{s:11:"destination";s:6:"user/8";s:4:"hash";s:32:"2afc33ef9b3ba8d0c7da248e7380f709";}');
INSERT INTO `sessions` VALUES (156, 'e73a5d71044bdc9f69131d8a57166573', '66.93.39.81', 1176761262, 0, 'og_last|N;last_submitted|a:2:{s:11:"destination";s:8:"user/156";s:4:"hash";s:32:"fe06301ad73d64e3d0916aa0bae84538";}');
INSERT INTO `sessions` VALUES (0, 'e77c47a3a6f3d847b1db9f6d993c6953', '137.149.66.146', 1176751869, 0, 'og_last|N;');
INSERT INTO `sessions` VALUES (8, '880a986cbb486ba9b64668a18d091d2f', '66.93.39.81', 1176764438, 0, 'og_last|N;last_submitted|a:2:{s:11:"destination";s:6:"user/8";s:4:"hash";s:32:"2afc33ef9b3ba8d0c7da248e7380f709";}');
INSERT INTO `sessions` VALUES (156, '72dc6aac65067eab6f14c454b8d27183', '66.93.39.81', 1176761285, 0, 'og_last|N;last_submitted|a:2:{s:11:"destination";s:8:"user/156";s:4:"hash";s:32:"fe06301ad73d64e3d0916aa0bae84538";}');
INSERT INTO `sessions` VALUES (156, '51ee2ec4e3b3a5b49fd1c39af6f4a7e8', '66.93.39.81', 1176761350, 0, 'og_last|N;last_submitted|a:2:{s:11:"destination";s:8:"user/156";s:4:"hash";s:32:"fe06301ad73d64e3d0916aa0bae84538";}');
INSERT INTO `sessions` VALUES (156, 'af2a27778056dafb8b701acfe12d04b5', '66.93.39.81', 1176761532, 0, 'og_last|N;last_submitted|a:2:{s:11:"destination";s:8:"user/156";s:4:"hash";s:32:"fe06301ad73d64e3d0916aa0bae84538";}');
INSERT INTO `sessions` VALUES (0, 'b3f5f4570927dab77f0ef1dce4961f92', '66.93.39.81', 1176761535, 0, 'og_last|N;');
INSERT INTO `sessions` VALUES (156, '11ac8dd8ecf2c9623ac49dd7be9ce202', '66.93.39.81', 1176787836, 0, 'og_last|N;last_submitted|a:2:{s:11:"destination";s:8:"user/156";s:4:"hash";s:32:"fe06301ad73d64e3d0916aa0bae84538";}');
INSERT INTO `sessions` VALUES (1, 'f89fe630524a1eb0a978efcb6bd48178', '76.105.133.42', 1176814740, 0, 'og_last|N;last_submitted|a:2:{s:11:"destination";s:17:"admin/build/views";s:4:"hash";s:32:"d40268fa420a5d2cb1e87bd2969d0d63";}');
INSERT INTO `sessions` VALUES (1, '7141f436711a55e7fab7cdfa7ebde8c4', '76.105.133.42', 1176843752, 0, 'og_last|N;last_submitted|a:2:{s:11:"destination";s:17:"admin/build/block";s:4:"hash";s:32:"b28c6bf28735729d173e031aaf65b2bc";}');

-- --------------------------------------------------------

-- 
-- Table structure for table `system`
-- 

CREATE TABLE `system` (
  `filename` varchar(255) NOT NULL default '',
  `name` varchar(255) NOT NULL default '',
  `type` varchar(255) NOT NULL default '',
  `description` varchar(255) NOT NULL default '',
  `status` int(11) NOT NULL default '0',
  `throttle` tinyint(4) NOT NULL default '0',
  `bootstrap` int(11) NOT NULL default '0',
  `schema_version` smallint(6) NOT NULL default '-1',
  `weight` int(11) NOT NULL default '0',
  PRIMARY KEY  (`filename`),
  KEY `weight` (`weight`)
) ENGINE=MyISAM DEFAULT CHARSET=utf8;

-- 
-- Dumping data for table `system`
-- 

INSERT INTO `system` VALUES ('themes/engines/phptemplate/phptemplate.engine', 'phptemplate', 'theme_engine', '', 1, 0, 0, -1, 0);
INSERT INTO `system` VALUES ('modules/system/system.module', 'system', 'module', 'Handles general site configuration for administrators.', 1, 0, 0, 1021, 0);
INSERT INTO `system` VALUES ('sites/all/modules/jstools/activeedit/activeedit.module', 'activeedit', 'module', 'Provides AJAX-based in place editing.', 0, 0, 0, -1, 0);
INSERT INTO `system` VALUES ('sites/all/modules/jstools/activemenu/activemenu.module', 'activemenu', 'module', 'Adds AJAX-based tree menu to navigation menu.', 1, 0, 0, 0, 0);
INSERT INTO `system` VALUES ('modules/aggregator/aggregator.module', 'aggregator', 'module', 'Aggregates syndicated content (RSS, RDF, and Atom feeds).', 1, 0, 0, 0, 0);
INSERT INTO `system` VALUES ('sites/all/modules/akismet/akismet.module', 'akismet', 'module', 'Use the Akismet Service to protect your site from spam.', 0, 0, 0, 2, 0);
INSERT INTO `system` VALUES ('sites/all/modules/audio/audio.module', 'audio', 'module', 'Allows you to upload and playback audio files.', 1, 0, 0, 111, 0);
INSERT INTO `system` VALUES ('sites/all/modules/audio/audio_getid3.module', 'audio_getid3', 'module', 'Adds the ability to read artist info from and write to audio files. Requires that the getID3 library be installed.', 1, 0, 0, 0, 0);
INSERT INTO `system` VALUES ('sites/all/modules/audio/audio_images.module', 'audio_images', 'module', 'Adds the ability to attach album art to audio nodes.', 0, 0, 0, 1, 0);
INSERT INTO `system` VALUES ('sites/all/modules/audio/contrib/import/audio_import.module', 'audio_import', 'module', 'Allows audio module admins to import batches of audio files.', 1, 0, 0, 0, 0);
INSERT INTO `system` VALUES ('sites/all/modules/mediafield/audiofield.module', 'audiofield', 'module', 'Defines audio field type for CCK content.', 0, 0, 0, 0, 0);
INSERT INTO `system` VALUES ('modules/block/block.module', 'block', 'module', 'Controls the boxes that are displayed around the main content.', 1, 0, 0, 0, 0);
INSERT INTO `system` VALUES ('modules/blog/blog.module', 'blog', 'module', 'Enables keeping easily and regularly updated user web pages or blogs.', 1, 0, 0, 0, 0);
INSERT INTO `system` VALUES ('modules/blogapi/blogapi.module', 'blogapi', 'module', 'Allows users to post content using applications that support XML-RPC blog APIs.', 0, 0, 0, -1, 0);
INSERT INTO `system` VALUES ('modules/book/book.module', 'book', 'module', 'Allows users to collaboratively author a book.', 0, 0, 0, -1, 0);
INSERT INTO `system` VALUES ('sites/all/modules/buddylist/buddylist.module', 'buddylist', 'module', 'Users add other users to their buddylists.', 1, 0, 0, 2, 0);
INSERT INTO `system` VALUES ('sites/all/modules/buddylist/contrib/buddylistinvite/buddylistinvite.module', 'buddylistinvite', 'module', 'Integrates the buddylist and invite modules.', 0, 0, 0, -1, 0);
INSERT INTO `system` VALUES ('sites/all/modules/calendar/calendar.module', 'calendar', 'module', 'Adds date calendar themes to views that can display any type of date field, and creates default calendar views.', 1, 0, 1, 0, 0);
INSERT INTO `system` VALUES ('sites/all/modules/jstools/collapsiblock/collapsiblock.module', 'collapsiblock', 'module', 'Makes blocks collapsible.', 0, 0, 0, 0, 0);
INSERT INTO `system` VALUES ('modules/color/color.module', 'color', 'module', 'Allows the user to change the color scheme of certain themes.', 1, 0, 0, 0, 0);
INSERT INTO `system` VALUES ('modules/comment/comment.module', 'comment', 'module', 'Allows users to comment on and discuss published content.', 1, 0, 0, 0, 0);
INSERT INTO `system` VALUES ('modules/contact/contact.module', 'contact', 'module', 'Enables the use of both personal and site-wide contact forms.', 1, 0, 0, 0, 0);
INSERT INTO `system` VALUES ('sites/all/modules/contemplate/contemplate.module', 'contemplate', 'module', 'Create templates to customize output of teaser and body content.', 0, 0, 0, 1, 10);
INSERT INTO `system` VALUES ('sites/all/modules/cck/content.module', 'content', 'module', 'Allows administrators to define new content types.', 1, 0, 1, 1008, 0);
INSERT INTO `system` VALUES ('sites/all/modules/cck/content_copy.module', 'content_copy', 'module', 'Enables ability to import/export field definitions.', 1, 0, 0, 0, 0);
INSERT INTO `system` VALUES ('sites/all/modules/date/date.module', 'date', 'module', 'Defines a date/time field type.', 1, 0, 1, 7, 0);
INSERT INTO `system` VALUES ('sites/all/modules/date/date_api.module', 'date_api', 'module', 'Makes the date api available to other modules.', 1, 0, 0, 0, 0);
INSERT INTO `system` VALUES ('sites/all/modules/daterange/daterange.module', 'daterange', 'module', 'Defines a daterange filter for the content module.', 1, 0, 0, 0, 0);
INSERT INTO `system` VALUES ('sites/all/modules/diff/diff.module', 'diff', 'module', 'Show difference between node revisions.', 1, 0, 0, 0, 1);
INSERT INTO `system` VALUES ('sites/all/modules/download_count/download_count.module', 'download_count', 'module', 'Increments a download counter and logs a descriptive message each time an attached file is downloaded.', 0, 0, 0, 0, 0);
INSERT INTO `system` VALUES ('modules/drupal/drupal.module', 'drupal', 'module', 'Lets you register your site with a central server and improve ranking of Drupal projects by posting information on your installed modules and themes', 0, 0, 0, -1, 0);
INSERT INTO `system` VALUES ('sites/all/modules/cck/fieldgroup.module', 'fieldgroup', 'module', 'Create field groups for CCK fields.', 1, 0, 0, 3, 0);
INSERT INTO `system` VALUES ('sites/all/modules/fileview/fileview.module', 'fileview', 'module', 'Online viewing of uploaded files', 0, 0, 0, -1, 0);
INSERT INTO `system` VALUES ('modules/filter/filter.module', 'filter', 'module', 'Handles the filtering of content in preparation for display.', 1, 0, 0, 0, 0);
INSERT INTO `system` VALUES ('modules/forum/forum.module', 'forum', 'module', 'Enables threaded discussions about general topics.', 0, 0, 0, -1, 0);
INSERT INTO `system` VALUES ('modules/help/help.module', 'help', 'module', 'Manages the display of online help.', 1, 0, 0, 0, 0);
INSERT INTO `system` VALUES ('sites/all/modules/hidden_content/hidden_content.module', 'hidden_content', 'module', 'This is a filter module that enables you to make parts of your homepage hidden to users that are not in a special role or user.', 0, 0, 0, -1, 0);
INSERT INTO `system` VALUES ('sites/all/modules/jstools/jscalendar/jscalendar.module', 'jscalendar', 'module', 'Enables popup calendars for selecting dates using the jscalendar library.', 1, 0, 0, 1, 10);
INSERT INTO `system` VALUES ('sites/all/modules/jstools/jstools.module', 'jstools', 'module', 'Provides common methods used by Javascript Tools modules.', 1, 0, 0, 0, 0);
INSERT INTO `system` VALUES ('modules/legacy/legacy.module', 'legacy', 'module', 'Provides legacy handlers for upgrades from older Drupal installations.', 0, 0, 0, -1, 0);
INSERT INTO `system` VALUES ('sites/all/modules/link/link.module', 'link', 'module', 'Defines simple link field types.', 1, 0, 0, 1, 0);
INSERT INTO `system` VALUES ('modules/locale/locale.module', 'locale', 'module', 'Enables the translation of the user interface to languages other than English.', 0, 0, 0, -1, 0);
INSERT INTO `system` VALUES ('sites/all/modules/login_destination/login_destination.module', 'login_destination', 'module', 'Controls which URL users will be redirected upon login.', 1, 0, 0, 0, 0);
INSERT INTO `system` VALUES ('modules/menu/menu.module', 'menu', 'module', 'Allows administrators to customize the site navigation menu.', 1, 0, 0, 0, 0);
INSERT INTO `system` VALUES ('sites/all/modules/mysite/mysite.module', 'mysite', 'module', 'Allows users to create a custom site view.', 0, 0, 0, -1, 0);
INSERT INTO `system` VALUES ('modules/node/node.module', 'node', 'module', 'Allows content to be submitted to the site and displayed on pages.', 1, 0, 0, 0, 0);
INSERT INTO `system` VALUES ('sites/all/modules/node_images/node_images.module', 'node_images', 'module', 'Allows users to upload images and asociate them to nodes.', 1, 0, 0, 0, 0);
INSERT INTO `system` VALUES ('sites/all/modules/cck/nodereference.module', 'nodereference', 'module', 'Defines a field type for referencing one node from another.', 1, 0, 0, 3, 0);
INSERT INTO `system` VALUES ('sites/all/modules/cck/number.module', 'number', 'module', 'Defines numeric field types.', 1, 0, 0, 5, 0);
INSERT INTO `system` VALUES ('sites/all/modules/og/og.module', 'og', 'module', 'Enable users to create and manage their own ''groups''', 1, 0, 1, 16, 0);
INSERT INTO `system` VALUES ('sites/all/modules/og_reg_codes/og_reg_codes.module', 'og_reg_codes', 'module', 'Make group codes available so users can join.', 0, 0, 0, 0, 0);
INSERT INTO `system` VALUES ('sites/all/modules/og_vocab/og_vocab.module', 'og_vocab', 'module', 'Enable groups to maintain their own vocabularies.', 1, 0, 1, 1, 5);
INSERT INTO `system` VALUES ('sites/all/modules/cck/optionwidgets.module', 'optionwidgets', 'module', 'Defines selection, check box and radio button widgets for text and numeric fields.', 1, 0, 0, 1, 0);
INSERT INTO `system` VALUES ('modules/path/path.module', 'path', 'module', 'Allows users to rename URLs.', 1, 0, 0, 0, 0);
INSERT INTO `system` VALUES ('modules/ping/ping.module', 'ping', 'module', 'Alerts other sites when your site has been updated.', 0, 0, 0, -1, 0);
INSERT INTO `system` VALUES ('modules/poll/poll.module', 'poll', 'module', 'Allows your site to capture votes on different topics in the form of multiple choice questions.', 0, 0, 0, -1, 0);
INSERT INTO `system` VALUES ('sites/all/modules/pollfield/pollfield.module', 'pollfield', 'module', 'Allows your site to capture votes on different topics in the form of multiple choice questions.', 0, 0, 0, 0, 0);
INSERT INTO `system` VALUES ('modules/profile/profile.module', 'profile', 'module', 'Supports configurable user profiles.', 1, 0, 0, 0, 0);
INSERT INTO `system` VALUES ('sites/all/modules/profile_csv/profile_csv.module', 'profile_csv', 'module', 'Allows exporting profile data in comma separated variable format.', 0, 0, 0, 0, 0);
INSERT INTO `system` VALUES ('modules/search/search.module', 'search', 'module', 'Enables site-wide keyword searching.', 1, 0, 0, 0, 0);
INSERT INTO `system` VALUES ('modules/statistics/statistics.module', 'statistics', 'module', 'Logs access statistics for your site.', 1, 0, 1, 1000, 0);
INSERT INTO `system` VALUES ('sites/all/modules/jstools/tabs/tabs.module', 'tabs', 'module', 'A helper module for creating tabbed pages.', 0, 0, 0, -1, 0);
INSERT INTO `system` VALUES ('sites/all/modules/tagadelic/tagadelic.module', 'tagadelic', 'module', 'Tagadelic makes weighted tag clouds from your taxonomy terms.', 1, 0, 0, 0, 0);
INSERT INTO `system` VALUES ('modules/taxonomy/taxonomy.module', 'taxonomy', 'module', 'Enables the categorization of content.', 1, 0, 0, 0, 0);
INSERT INTO `system` VALUES ('sites/all/modules/cck/text.module', 'text', 'module', 'Defines simple text field types.', 1, 0, 0, 5, 0);
INSERT INTO `system` VALUES ('modules/throttle/throttle.module', 'throttle', 'module', 'Handles the auto-throttling mechanism, to control site congestion.', 1, 0, 1, 0, 0);
INSERT INTO `system` VALUES ('modules/tracker/tracker.module', 'tracker', 'module', 'Enables tracking of recent posts for users.', 1, 0, 0, 0, 0);
INSERT INTO `system` VALUES ('sites/all/modules/update_status/update_status.module', 'update_status', 'module', 'Checks to see if your installation of Drupal and its modules are up to date.', 0, 0, 0, 0, 0);
INSERT INTO `system` VALUES ('modules/upload/upload.module', 'upload', 'module', 'Allows users to upload and attach files to content.', 1, 0, 0, 0, 0);
INSERT INTO `system` VALUES ('modules/user/user.module', 'user', 'module', 'Manages the user registration and login system.', 1, 0, 0, 0, 0);
INSERT INTO `system` VALUES ('sites/all/modules/cck/userreference.module', 'userreference', 'module', 'Defines a field type for referencing a user from a node.', 1, 0, 0, 4, 0);
INSERT INTO `system` VALUES ('sites/all/modules/mediafield/videofield.module', 'videofield', 'module', 'Defines video field type for CCK content.', 0, 0, 0, 0, 0);
INSERT INTO `system` VALUES ('sites/all/modules/viewfield/viewfield.module', 'viewfield', 'module', 'Defines a field type that displays the contents of a view in a node.', 1, 0, 0, 0, 0);
INSERT INTO `system` VALUES ('sites/all/modules/views/views.module', 'views', 'module', 'The views module creates customized views of node lists.', 1, 0, 0, 14, 10);
INSERT INTO `system` VALUES ('sites/all/modules/views_fastsearch/views_fastsearch.module', 'views_fastsearch', 'module', 'Defines a simple search filter for the views module.', 1, 0, 0, 0, 0);
INSERT INTO `system` VALUES ('sites/all/modules/views/views_rss.module', 'views_rss', 'module', 'RSS plugin for the views feed selector argument.', 1, 0, 0, 0, 0);
INSERT INTO `system` VALUES ('sites/all/modules/views/views_theme_wizard.module', 'views_theme_wizard', 'module', 'The views theme wizard helps create stub theming for views.', 1, 0, 0, 0, 0);
INSERT INTO `system` VALUES ('sites/all/modules/views/views_ui.module', 'views_ui', 'module', 'The Views UI module allows you to create and edit views.', 1, 0, 0, 0, 0);
INSERT INTO `system` VALUES ('modules/watchdog/watchdog.module', 'watchdog', 'module', 'Logs and records system events.', 1, 0, 0, 0, 0);
INSERT INTO `system` VALUES ('sites/all/modules/wikitools/wikitools.module', 'wikitools', 'module', 'Provides helper functionality to have wiki-like behaviour.', 1, 0, 0, 0, 0);
INSERT INTO `system` VALUES ('sites/all/themes/zen/zen-fixed/style.css', 'zen-fixed', 'theme', 'sites/all/themes/zen/page.tpl.php', 1, 0, 0, -1, 0);
INSERT INTO `system` VALUES ('themes/garland/minnelli/style.css', 'minnelli', 'theme', 'themes/garland/page.tpl.php', 0, 0, 0, -1, 0);
INSERT INTO `system` VALUES ('themes/chameleon/marvin/style.css', 'marvin', 'theme', 'themes/chameleon/chameleon.theme', 0, 0, 0, -1, 0);
INSERT INTO `system` VALUES ('sites/all/themes/zen_trevor/page.tpl.php', 'zen_trevor', 'theme', 'themes/engines/phptemplate/phptemplate.engine', 1, 0, 0, -1, 0);
INSERT INTO `system` VALUES ('sites/all/themes/zen/page.tpl.php', 'zen', 'theme', 'themes/engines/phptemplate/phptemplate.engine', 1, 0, 0, -1, 0);
INSERT INTO `system` VALUES ('themes/pushbutton/page.tpl.php', 'pushbutton', 'theme', 'themes/engines/phptemplate/phptemplate.engine', 0, 0, 0, -1, 0);
INSERT INTO `system` VALUES ('themes/garland/page.tpl.php', 'garland', 'theme', 'themes/engines/phptemplate/phptemplate.engine', 1, 0, 0, -1, 0);
INSERT INTO `system` VALUES ('sites/all/modules/userplus/userplus.module', 'userplus', 'module', 'The userplus module provides enhanced user administration features.', 1, 0, 0, 0, 0);
INSERT INTO `system` VALUES ('sites/all/modules/freelinking/freelinking.module', 'freelinking', 'module', 'Wiki-style freelinking for node content using CamelCase and delimiters.', 1, 0, 0, 2, 0);
INSERT INTO `system` VALUES ('sites/all/modules/moxie/moxie.module', 'moxie', 'module', 'The TinyMCE Javascript HTML WYSIWYG editor.', 0, 0, 0, 0, 0);
INSERT INTO `system` VALUES ('sites/all/modules/pathauto/pathauto.module', 'pathauto', 'module', 'Provides a mechanism for modules to automatically generate aliases for the content they manage.', 1, 0, 0, 0, 0);
INSERT INTO `system` VALUES ('sites/all/modules/recent_changes/recent_changes.module', 'recent_changes', 'module', 'Display a list of recent changes.', 1, 0, 0, 0, 0);
INSERT INTO `system` VALUES ('sites/all/modules/tokenauth/tokenauth.module', 'tokenauth', 'module', 'Enable feed readers and other simple clients to see certain private pages by providing an authentication token', 1, 0, 1, 0, 0);
INSERT INTO `system` VALUES ('themes/bluemarine/page.tpl.php', 'bluemarine', 'theme', 'themes/engines/phptemplate/phptemplate.engine', 0, 0, 0, -1, 0);
INSERT INTO `system` VALUES ('themes/chameleon/chameleon.theme', 'chameleon', 'theme', 'themes/chameleon/chameleon.theme', 0, 0, 0, -1, 0);
INSERT INTO `system` VALUES ('sites/all/modules/calendar/calendar_ical.module', 'calendar_ical', 'module', 'Adds ical functionality to calendar views.', 1, 0, 0, 0, 0);
INSERT INTO `system` VALUES ('sites/all/modules/content_taxonomy/content_taxonomy.module', 'content_taxonomy', 'module', 'Defines a field type for taxonomy terms', 0, 0, 0, -1, 0);
INSERT INTO `system` VALUES ('sites/all/modules/content_taxonomy/content_taxonomy_activeselect.module', 'content_taxonomy_activeselect', 'module', 'Defines a activeselect widget type for content_taxonomy', 0, 0, 0, -1, 0);
INSERT INTO `system` VALUES ('sites/all/modules/content_taxonomy/content_taxonomy_autocomplete.module', 'content_taxonomy_autocomplete', 'module', 'Defines a autocomplete widget type for content_taxonomy', 0, 0, 0, -1, 0);
INSERT INTO `system` VALUES ('sites/all/modules/content_taxonomy/content_taxonomy_options.module', 'content_taxonomy_options', 'module', 'Defines a option widget type for content_taxonomy for selects, radios/checkboxes', 0, 0, 0, -1, 0);
INSERT INTO `system` VALUES ('sites/all/modules/date/date_copy.module', 'date_copy', 'module', 'Import and export date data.', 0, 0, 0, -1, 0);
INSERT INTO `system` VALUES ('sites/all/modules/og_content_type_admin/og_content_type_admin.module', 'og_content_type_admin', 'module', 'Allows restriction of content type use based on group.', 0, 0, 0, 0, 3);
INSERT INTO `system` VALUES ('sites/all/modules/views_bonus/views_bonus_archive.module', 'views_bonus_archive', 'module', 'Provides the classic monthly archive view as a default view. When activated, you will find the new view in administer >> views', 1, 0, 0, 0, 0);
INSERT INTO `system` VALUES ('sites/all/modules/views_bonus/views_bonus_audio_playlist.module', 'views_bonus_audio_playlist', 'module', 'Displays a view of audio nodes in a flash player with playlist.', 1, 0, 0, 0, 0);
INSERT INTO `system` VALUES ('sites/all/modules/views_bonus/views_bonus_grid.module', 'views_bonus_grid', 'module', 'View type that outputs a LIST view in a simple grid. In your PHP argument code, you can use &lt;?php $view->gridcount = SOME_NUMBER; ?&gt; to change the column count', 0, 0, 0, -1, 0);
INSERT INTO `system` VALUES ('sites/all/modules/views_bonus/views_bonus_lineage_tree.module', 'views_bonus_lineage_tree', 'module', 'View type that displays summaries as nested taxonomy trees. Provides a new default view at administer >> views', 0, 0, 0, -1, 0);
INSERT INTO `system` VALUES ('sites/all/modules/views_bonus/views_bonus_panels_threecol.module', 'views_bonus_panels_threecol', 'module', 'Show views as teasers alternating left, middle and right.', 0, 0, 0, -1, 0);
INSERT INTO `system` VALUES ('sites/all/modules/views_bonus/views_bonus_panels_threecol_stk.module', 'views_bonus_panels_threecol_stk', 'module', 'Show views as teasers with the first entry spanning 3 columns on the top, then additional entries alternating left, middle and right beneath.', 0, 0, 0, -1, 0);
INSERT INTO `system` VALUES ('sites/all/modules/views_bonus/views_bonus_panels_threecol_term.module', 'views_bonus_panels_threecol_term', 'module', 'Sets up a view whose summary view is set up in 3 panels categorized by term. See README.txt for more information.', 0, 0, 0, -1, 0);
INSERT INTO `system` VALUES ('sites/all/modules/views_bonus/views_bonus_panels_twocol.module', 'views_bonus_panels_twocol', 'module', 'Show views as teasers in two columns.', 0, 0, 0, -1, 0);
INSERT INTO `system` VALUES ('sites/all/modules/views_bonus/views_bonus_panels_twocol_stk.module', 'views_bonus_panels_twocol_stk', 'module', 'Show views as teasers with the first entry spanning 2 columns on the top, then additional entries alternating left and right beneath.', 0, 0, 0, -1, 0);
INSERT INTO `system` VALUES ('sites/all/modules/views_bonus/views_bonus_sparkline.module', 'views_bonus_sparkline', 'module', 'View type that outputs a each field as a sparkline graph, with one data point for each node. Each field MUST contain a numeric value, not a text value.', 0, 0, 0, -1, 0);
INSERT INTO `system` VALUES ('sites/all/modules/views_bonus/views_bonus_summary_combo.module', 'views_bonus_summary_combo', 'module', 'View type puts a summary on top and an argument below.', 1, 0, 0, 0, 0);
INSERT INTO `system` VALUES ('sites/all/modules/views_bonus/views_bonus_tag_cloud.module', 'views_bonus_tag_cloud', 'module', 'Displays summary View as a tag cloud.', 1, 0, 0, 0, 0);
INSERT INTO `system` VALUES ('sites/all/modules/jstools/ajaxsubmit/ajaxsubmit.module', 'ajaxsubmit', 'module', 'Makes designated forms submit via AJAX.', 0, 0, 0, -1, 0);
INSERT INTO `system` VALUES ('sites/all/modules/jstools/dynamicload/dynamicload.module', 'dynamicload', 'module', 'Enables AJAX-based loading of selected page elements.', 0, 0, 0, -1, 0);
INSERT INTO `system` VALUES ('sites/all/modules/imce/imce.module', 'imce', 'module', 'An image/file uploader and browser supporting personal directories and user quota.', 1, 0, 0, 0, 0);
INSERT INTO `system` VALUES ('sites/all/modules/tinymce/tinymce.module', 'tinymce', 'module', 'The most popular WYSIWYG editor for advanced content editing.', 1, 0, 0, 1, 0);
INSERT INTO `system` VALUES ('sites/all/modules/audio/contrib/itunes/audio_itunes.module', 'audio_itunes', 'module', 'An iTunes specific RSS plugin for views feeds.', 0, 0, 0, -1, 0);
INSERT INTO `system` VALUES ('sites/all/modules/bio/bio.module', 'bio', 'module', 'Use a custom node type for user bios', 1, 0, 1, 1, 0);

-- --------------------------------------------------------

-- 
-- Table structure for table `term_data`
-- 

CREATE TABLE `term_data` (
  `tid` int(10) unsigned NOT NULL auto_increment,
  `vid` int(10) unsigned NOT NULL default '0',
  `name` varchar(255) NOT NULL default '',
  `description` longtext,
  `weight` tinyint(4) NOT NULL default '0',
  PRIMARY KEY  (`tid`),
  KEY `vid` (`vid`)
) ENGINE=MyISAM  DEFAULT CHARSET=utf8 AUTO_INCREMENT=144 ;

-- 
-- Dumping data for table `term_data`
-- 

INSERT INTO `term_data` VALUES (124, 5, 'test', '', 0);
INSERT INTO `term_data` VALUES (143, 6, 'getting started', '', 0);
INSERT INTO `term_data` VALUES (142, 6, 'users', '', 0);
INSERT INTO `term_data` VALUES (117, 5, 'quiz', '', 0);
INSERT INTO `term_data` VALUES (141, 9, 'test', '', 0);
INSERT INTO `term_data` VALUES (140, 8, 'test', '', 0);
INSERT INTO `term_data` VALUES (139, 11, 'film', '', 0);
INSERT INTO `term_data` VALUES (138, 11, 'graphic design', '', 0);
INSERT INTO `term_data` VALUES (137, 10, 'media', '', 0);
INSERT INTO `term_data` VALUES (136, 9, 'commercialism', '', 0);
INSERT INTO `term_data` VALUES (135, 9, 'bad music', '', 0);
INSERT INTO `term_data` VALUES (134, 8, 'music', '', 0);
INSERT INTO `term_data` VALUES (133, 8, 'computers', '', 0);
INSERT INTO `term_data` VALUES (131, 6, 'test', '', 0);

-- --------------------------------------------------------

-- 
-- Table structure for table `term_hierarchy`
-- 

CREATE TABLE `term_hierarchy` (
  `tid` int(10) unsigned NOT NULL default '0',
  `parent` int(10) unsigned NOT NULL default '0',
  PRIMARY KEY  (`tid`,`parent`),
  KEY `tid` (`tid`),
  KEY `parent` (`parent`)
) ENGINE=MyISAM DEFAULT CHARSET=utf8;

-- 
-- Dumping data for table `term_hierarchy`
-- 

INSERT INTO `term_hierarchy` VALUES (117, 0);
INSERT INTO `term_hierarchy` VALUES (124, 0);
INSERT INTO `term_hierarchy` VALUES (131, 0);
INSERT INTO `term_hierarchy` VALUES (133, 0);
INSERT INTO `term_hierarchy` VALUES (134, 0);
INSERT INTO `term_hierarchy` VALUES (135, 0);
INSERT INTO `term_hierarchy` VALUES (136, 0);
INSERT INTO `term_hierarchy` VALUES (137, 0);
INSERT INTO `term_hierarchy` VALUES (138, 0);
INSERT INTO `term_hierarchy` VALUES (139, 0);
INSERT INTO `term_hierarchy` VALUES (140, 0);
INSERT INTO `term_hierarchy` VALUES (141, 0);
INSERT INTO `term_hierarchy` VALUES (142, 0);
INSERT INTO `term_hierarchy` VALUES (143, 0);

-- --------------------------------------------------------

-- 
-- Table structure for table `term_node`
-- 

CREATE TABLE `term_node` (
  `nid` int(10) unsigned NOT NULL default '0',
  `tid` int(10) unsigned NOT NULL default '0',
  PRIMARY KEY  (`tid`,`nid`),
  KEY `nid` (`nid`),
  KEY `tid` (`tid`)
) ENGINE=MyISAM DEFAULT CHARSET=utf8;

-- 
-- Dumping data for table `term_node`
-- 

INSERT INTO `term_node` VALUES (167, 124);
INSERT INTO `term_node` VALUES (168, 124);
INSERT INTO `term_node` VALUES (178, 133);
INSERT INTO `term_node` VALUES (178, 134);
INSERT INTO `term_node` VALUES (178, 135);
INSERT INTO `term_node` VALUES (178, 136);
INSERT INTO `term_node` VALUES (178, 137);
INSERT INTO `term_node` VALUES (178, 138);
INSERT INTO `term_node` VALUES (178, 139);
INSERT INTO `term_node` VALUES (182, 142);
INSERT INTO `term_node` VALUES (182, 143);

-- --------------------------------------------------------

-- 
-- Table structure for table `term_relation`
-- 

CREATE TABLE `term_relation` (
  `tid1` int(10) unsigned NOT NULL default '0',
  `tid2` int(10) unsigned NOT NULL default '0',
  KEY `tid1` (`tid1`),
  KEY `tid2` (`tid2`)
) ENGINE=MyISAM DEFAULT CHARSET=utf8;

-- 
-- Dumping data for table `term_relation`
-- 


-- --------------------------------------------------------

-- 
-- Table structure for table `term_synonym`
-- 

CREATE TABLE `term_synonym` (
  `tid` int(10) unsigned NOT NULL default '0',
  `name` varchar(255) NOT NULL default '',
  KEY `tid` (`tid`),
  KEY `name` (`name`(3))
) ENGINE=MyISAM DEFAULT CHARSET=utf8;

-- 
-- Dumping data for table `term_synonym`
-- 


-- --------------------------------------------------------

-- 
-- Table structure for table `tinymce_role`
-- 

CREATE TABLE `tinymce_role` (
  `name` varchar(128) NOT NULL default '',
  `rid` tinyint(3) unsigned NOT NULL default '0',
  PRIMARY KEY  (`name`,`rid`)
) ENGINE=MyISAM DEFAULT CHARSET=utf8;

-- 
-- Dumping data for table `tinymce_role`
-- 

INSERT INTO `tinymce_role` VALUES ('default', 2);

-- --------------------------------------------------------

-- 
-- Table structure for table `tinymce_settings`
-- 

CREATE TABLE `tinymce_settings` (
  `name` varchar(128) NOT NULL default '',
  `settings` text NOT NULL,
  PRIMARY KEY  (`name`)
) ENGINE=MyISAM DEFAULT CHARSET=utf8;

-- 
-- Dumping data for table `tinymce_settings`
-- 

INSERT INTO `tinymce_settings` VALUES ('default', 'a:25:{s:4:"name";s:7:"default";s:4:"rids";a:1:{i:2;s:1:"2";}s:7:"default";s:4:"true";s:11:"user_choose";s:4:"true";s:11:"show_toggle";s:4:"true";s:5:"theme";s:8:"advanced";s:8:"language";s:2:"en";s:14:"safari_message";s:5:"false";s:6:"access";s:1:"1";s:12:"access_pages";s:25:"node/*\r\nuser/*\r\ncomment/*";s:7:"buttons";a:31:{s:8:"advimage";s:1:"1";s:7:"advlink";s:1:"1";s:8:"autosave";s:1:"1";s:11:"contextmenu";s:1:"1";s:12:"default-bold";s:1:"1";s:14:"default-italic";s:1:"1";s:17:"default-underline";s:1:"1";s:21:"default-strikethrough";s:1:"1";s:19:"default-justifyleft";s:1:"1";s:21:"default-justifycenter";s:1:"1";s:20:"default-justifyright";s:1:"1";s:15:"default-bullist";s:1:"1";s:15:"default-numlist";s:1:"1";s:15:"default-outdent";s:1:"1";s:14:"default-indent";s:1:"1";s:12:"default-link";s:1:"1";s:14:"default-unlink";s:1:"1";s:13:"default-image";s:1:"1";s:15:"default-cleanup";s:1:"1";s:17:"default-forecolor";s:1:"1";s:17:"default-backcolor";s:1:"1";s:11:"default-sup";s:1:"1";s:11:"default-sub";s:1:"1";s:20:"default-removeformat";s:1:"1";s:15:"default-charmap";s:1:"1";s:17:"emotions-emotions";s:1:"1";s:17:"font-formatselect";s:1:"1";s:15:"font-fontselect";s:1:"1";s:19:"font-fontsizeselect";s:1:"1";s:15:"paste-pasteword";s:1:"1";s:19:"table-tablecontrols";s:1:"1";}s:11:"toolbar_loc";s:3:"top";s:13:"toolbar_align";s:6:"center";s:8:"path_loc";s:6:"bottom";s:8:"resizing";s:4:"true";s:13:"block_formats";s:31:"p,address,pre,h1,h2,h3,h4,h5,h6";s:11:"verify_html";s:4:"true";s:12:"preformatted";s:5:"false";s:23:"convert_fonts_to_styles";s:4:"true";s:11:"css_setting";s:5:"theme";s:8:"css_path";s:0:"";s:11:"css_classes";s:0:"";s:2:"op";s:14:"Create profile";s:10:"form_token";s:32:"7df24d1bb2de360fa72fe1351e7f4609";s:7:"form_id";s:26:"tinymce_profile_form_build";}');

-- --------------------------------------------------------

-- 
-- Table structure for table `tokenauth_tokens`
-- 

CREATE TABLE `tokenauth_tokens` (
  `uid` int(11) NOT NULL default '0',
  `token` varchar(50) NOT NULL default '',
  PRIMARY KEY  (`token`),
  UNIQUE KEY `uid` (`uid`)
) ENGINE=MyISAM DEFAULT CHARSET=utf8;

-- 
-- Dumping data for table `tokenauth_tokens`
-- 

INSERT INTO `tokenauth_tokens` VALUES (0, 'mRTfRctcpw');
INSERT INTO `tokenauth_tokens` VALUES (1, '8upT9KrzUe');
INSERT INTO `tokenauth_tokens` VALUES (5, 'X7kmf8Dm2J');
INSERT INTO `tokenauth_tokens` VALUES (8, 'n7LCYHQjwN');
INSERT INTO `tokenauth_tokens` VALUES (156, 'zBcRWY6Jnp');
INSERT INTO `tokenauth_tokens` VALUES (157, 'PjBocE4ud6');
INSERT INTO `tokenauth_tokens` VALUES (158, 'LpCvq6jb3u');

-- --------------------------------------------------------

-- 
-- Table structure for table `url_alias`
-- 

CREATE TABLE `url_alias` (
  `pid` int(10) unsigned NOT NULL auto_increment,
  `src` varchar(128) NOT NULL default '',
  `dst` varchar(128) NOT NULL default '',
  PRIMARY KEY  (`pid`),
  UNIQUE KEY `dst` (`dst`),
  KEY `src` (`src`)
) ENGINE=MyISAM  DEFAULT CHARSET=utf8 AUTO_INCREMENT=1391 ;

-- 
-- Dumping data for table `url_alias`
-- 

INSERT INTO `url_alias` VALUES (96, 'node/9', 'wiki/main-page');
INSERT INTO `url_alias` VALUES (2, 'blog/1', 'blog/bill');
INSERT INTO `url_alias` VALUES (1383, 'blog/1/feed', 'blog/bill/feed');
INSERT INTO `url_alias` VALUES (210, 'blog/2/feed', 'blog/sally/feed');
INSERT INTO `url_alias` VALUES (1255, 'node/162/feed', 'group/162/feed');
INSERT INTO `url_alias` VALUES (1350, 'taxonomy/term/133/0/feed', 'likes/computers/feed');
INSERT INTO `url_alias` VALUES (208, 'blog/4/feed', 'blog/harry/feed');
INSERT INTO `url_alias` VALUES (10, 'blog/5', 'blog/ariel');
INSERT INTO `url_alias` VALUES (1345, 'blog/5/feed', 'blog/ariel/feed');
INSERT INTO `url_alias` VALUES (1253, 'node/161/feed', 'group/161/feed');
INSERT INTO `url_alias` VALUES (1202, 'blog/6/feed', 'blog/hank/feed');
INSERT INTO `url_alias` VALUES (15, 'node/3/feed', 'event/3/feed');
INSERT INTO `url_alias` VALUES (16, 'pathauto/node/event', 'event');
INSERT INTO `url_alias` VALUES (17, 'node/4', 'group/4');
INSERT INTO `url_alias` VALUES (132, 'node/4/feed', 'group/4/feed');
INSERT INTO `url_alias` VALUES (20, 'node/5/feed', 'audio/5/feed');
INSERT INTO `url_alias` VALUES (216, 'node/6/feed', 'assignment/6/feed');
INSERT INTO `url_alias` VALUES (23, 'pathauto/node/assignment', 'assignment');
INSERT INTO `url_alias` VALUES (25, 'node/7/feed', 'assignment/7/feed');
INSERT INTO `url_alias` VALUES (74, 'node/8/feed', 'wiki/sample-wiki-page/feed');
INSERT INTO `url_alias` VALUES (243, 'node/9/feed', 'wiki/main-page/feed');
INSERT INTO `url_alias` VALUES (30, 'node/10/feed', 'wiki/sample-page/feed');
INSERT INTO `url_alias` VALUES (1390, 'node/11', 'home');
INSERT INTO `url_alias` VALUES (214, 'node/11/feed', 'page/11/feed');
INSERT INTO `url_alias` VALUES (33, 'pathauto/node/page', 'page');
INSERT INTO `url_alias` VALUES (34, 'user/1/track', 'user/track/bill');
INSERT INTO `url_alias` VALUES (137, 'user/1/track/feed', 'user/bill/track/feed');
INSERT INTO `url_alias` VALUES (36, 'pathauto/tracker/user/bill', 'user/bill');
INSERT INTO `url_alias` VALUES (1257, 'node/163/feed', 'blog/bill/apr-14-2007/163/feed');
INSERT INTO `url_alias` VALUES (145, 'user/2/track/feed', 'user/sally/track/feed');
INSERT INTO `url_alias` VALUES (39, 'pathauto/tracker/user/sally', 'user/sally');
INSERT INTO `url_alias` VALUES (42, 'pathauto/tracker/user/jimmy', 'user/jimmy');
INSERT INTO `url_alias` VALUES (141, 'user/4/track/feed', 'user/harry/track/feed');
INSERT INTO `url_alias` VALUES (45, 'pathauto/tracker/user/harry', 'user/harry');
INSERT INTO `url_alias` VALUES (46, 'user/5/track', 'user/track/ariel');
INSERT INTO `url_alias` VALUES (135, 'user/5/track/feed', 'user/ariel/track/feed');
INSERT INTO `url_alias` VALUES (218, 'taxonomy/term/13/0/feed', 'keywords/private/feed');
INSERT INTO `url_alias` VALUES (1256, 'node/163', 'blog/bill/apr-14-2007/163');
INSERT INTO `url_alias` VALUES (139, 'user/6/track/feed', 'user/hank/track/feed');
INSERT INTO `url_alias` VALUES (51, 'pathauto/tracker/user/hank', 'user/hank');
INSERT INTO `url_alias` VALUES (1258, 'pathauto/node/blog/bill/apr-14-2007', 'blog/bill/apr-14-2007');
INSERT INTO `url_alias` VALUES (56, 'user/5', 'user/ariel');
INSERT INTO `url_alias` VALUES (95, 'node/12/feed', 'wiki/new-page/feed');
INSERT INTO `url_alias` VALUES (242, 'node/13/feed', 'wiki/ya/feed');
INSERT INTO `url_alias` VALUES (70, 'taxonomy/term/1/0/feed', 'keywords/sample/feed');
INSERT INTO `url_alias` VALUES (71, 'pathauto/taxonomy/keywords', 'keywords');
INSERT INTO `url_alias` VALUES (73, 'taxonomy/term/2/0/feed', 'keywords/wiki/feed');
INSERT INTO `url_alias` VALUES (77, 'taxonomy/term/3/0/feed', 'keywords/chess/feed');
INSERT INTO `url_alias` VALUES (79, 'taxonomy/term/4/0/feed', 'keywords/pawn/feed');
INSERT INTO `url_alias` VALUES (81, 'taxonomy/term/5/0/feed', 'keywords/queen/feed');
INSERT INTO `url_alias` VALUES (85, 'taxonomy/term/6/0/feed', 'keywords/hello/feed');
INSERT INTO `url_alias` VALUES (100, 'taxonomy/term/7/0/feed', 'keywords/new/feed');
INSERT INTO `url_alias` VALUES (102, 'taxonomy/term/8/0/feed', 'keywords/keyword/feed');
INSERT INTO `url_alias` VALUES (115, 'node/14/feed', 'wiki/check-it-out/feed');
INSERT INTO `url_alias` VALUES (110, 'node/15/feed', 'blog-entry/15/feed');
INSERT INTO `url_alias` VALUES (111, 'pathauto/node/blog-entry', 'blog-entry');
INSERT INTO `url_alias` VALUES (117, 'taxonomy/term/9/0/feed', 'keywords/link/feed');
INSERT INTO `url_alias` VALUES (119, 'taxonomy/term/10/0/feed', 'keywords/best/feed');
INSERT INTO `url_alias` VALUES (121, 'taxonomy/term/11/0/feed', 'keywords/evah/feed');
INSERT INTO `url_alias` VALUES (123, 'node/16/feed', 'bookmark/16/feed');
INSERT INTO `url_alias` VALUES (124, 'pathauto/node/bookmark', 'bookmark');
INSERT INTO `url_alias` VALUES (1334, 'node/17', 'course/17');
INSERT INTO `url_alias` VALUES (1335, 'node/17/feed', 'course/17/feed');
INSERT INTO `url_alias` VALUES (127, 'pathauto/node/course', 'course');
INSERT INTO `url_alias` VALUES (129, 'taxonomy/term/12/0/feed', 'keywords/question/feed');
INSERT INTO `url_alias` VALUES (131, 'node/18/feed', 'blog-entry/18/feed');
INSERT INTO `url_alias` VALUES (133, 'pathauto/node/group', 'group');
INSERT INTO `url_alias` VALUES (630, 'blog/7/feed', 'blog/frida/feed');
INSERT INTO `url_alias` VALUES (150, 'user/7/track/feed', 'user/frida/track/feed');
INSERT INTO `url_alias` VALUES (200, 'user/8', 'user/aliya');
INSERT INTO `url_alias` VALUES (152, 'blog/8', 'blog/aliya');
INSERT INTO `url_alias` VALUES (1344, 'blog/8/feed', 'blog/aliya/feed');
INSERT INTO `url_alias` VALUES (154, 'user/8/track', 'user/track/aliya');
INSERT INTO `url_alias` VALUES (155, 'user/8/track/feed', 'user/aliya/track/feed');
INSERT INTO `url_alias` VALUES (227, 'blog/9/feed', 'blog/chuck/feed');
INSERT INTO `url_alias` VALUES (160, 'user/9/track/feed', 'user/chuck/track/feed');
INSERT INTO `url_alias` VALUES (211, 'blog/10/feed', 'blog/ted/feed');
INSERT INTO `url_alias` VALUES (165, 'user/10/track/feed', 'user/ted/track/feed');
INSERT INTO `url_alias` VALUES (202, 'blog/11/feed', 'blog/anna/feed');
INSERT INTO `url_alias` VALUES (170, 'user/11/track/feed', 'user/anna/track/feed');
INSERT INTO `url_alias` VALUES (172, 'node/18/feed', 'blogpost/feed');
INSERT INTO `url_alias` VALUES (174, 'node/18/feed', 'blogpost/18/feed');
INSERT INTO `url_alias` VALUES (175, 'pathauto/node/blogpost', 'blogpost');
INSERT INTO `url_alias` VALUES (182, 'node/19/feed', 'poll/19/feed');
INSERT INTO `url_alias` VALUES (178, 'pathauto/node/poll', 'poll');
INSERT INTO `url_alias` VALUES (187, 'user/1/track/feed', 'user/track/bill/feed');
INSERT INTO `url_alias` VALUES (188, 'pathauto/tracker/user/track', 'user/track');
INSERT INTO `url_alias` VALUES (189, 'user/2/track/feed', 'user/track/sally/feed');
INSERT INTO `url_alias` VALUES (190, 'user/3/track/feed', 'user/track/jimmy/feed');
INSERT INTO `url_alias` VALUES (191, 'user/4/track/feed', 'user/track/harry/feed');
INSERT INTO `url_alias` VALUES (192, 'user/5/track/feed', 'user/track/ariel/feed');
INSERT INTO `url_alias` VALUES (193, 'user/6/track/feed', 'user/track/hank/feed');
INSERT INTO `url_alias` VALUES (194, 'user/7/track/feed', 'user/track/frida/feed');
INSERT INTO `url_alias` VALUES (195, 'user/8/track/feed', 'user/track/aliya/feed');
INSERT INTO `url_alias` VALUES (196, 'user/9/track/feed', 'user/track/chuck/feed');
INSERT INTO `url_alias` VALUES (197, 'user/10/track/feed', 'user/track/ted/feed');
INSERT INTO `url_alias` VALUES (198, 'user/11/track/feed', 'user/track/anna/feed');
INSERT INTO `url_alias` VALUES (220, 'node/20/feed', 'blogpost/20/feed');
INSERT INTO `url_alias` VALUES (222, 'taxonomy/term/14/0/feed', 'keywords/english-11/feed');
INSERT INTO `url_alias` VALUES (224, 'taxonomy/term/15/0/feed', 'keywords/groups/feed');
INSERT INTO `url_alias` VALUES (225, 'node/21', 'wiki/english-11-wiki-page');
INSERT INTO `url_alias` VALUES (263, 'node/21/feed', 'wiki/english-11-wiki-page/feed');
INSERT INTO `url_alias` VALUES (229, 'taxonomy/term/16/0/feed', 'keywords/poetry/feed');
INSERT INTO `url_alias` VALUES (231, 'node/22/feed', 'assignment/22/feed');
INSERT INTO `url_alias` VALUES (233, 'taxonomy/term/17/0/feed', 'keywords/war-and-peace/feed');
INSERT INTO `url_alias` VALUES (235, 'taxonomy/term/18/0/feed', 'keywords/tolstoy/feed');
INSERT INTO `url_alias` VALUES (237, 'taxonomy/term/19/0/feed', 'keywords/lighthearted/feed');
INSERT INTO `url_alias` VALUES (239, 'node/23/feed', 'assignment/23/feed');
INSERT INTO `url_alias` VALUES (246, 'taxonomy/term/20/0/feed', 'keywords/new-keyword/feed');
INSERT INTO `url_alias` VALUES (247, 'node/13/feed', 'wiki/changing-title/feed');
INSERT INTO `url_alias` VALUES (251, 'taxonomy/term/21/0/feed', 'keywords/hank/feed');
INSERT INTO `url_alias` VALUES (255, 'node/24/feed', 'wiki/all-about-hank/feed');
INSERT INTO `url_alias` VALUES (258, 'node/25/feed', 'blogpost/25/feed');
INSERT INTO `url_alias` VALUES (262, 'blog/12/feed', 'blog/budtheteacher/feed');
INSERT INTO `url_alias` VALUES (265, 'taxonomy/term/22/0/feed', 'keywords/search/feed');
INSERT INTO `url_alias` VALUES (267, 'taxonomy/term/23/0/feed', 'keywords/bookmark/feed');
INSERT INTO `url_alias` VALUES (269, 'node/26/feed', 'bookmark/26/feed');
INSERT INTO `url_alias` VALUES (271, 'taxonomy/term/131/0/feed', 'keywords/test/feed');
INSERT INTO `url_alias` VALUES (273, 'taxonomy/term/25/0/feed', 'keywords/try/feed');
INSERT INTO `url_alias` VALUES (275, 'taxonomy/term/26/0/feed', 'keywords/explore/feed');
INSERT INTO `url_alias` VALUES (277, 'taxonomy/term/27/0/feed', 'keywords/learn/feed');
INSERT INTO `url_alias` VALUES (279, 'node/27/feed', 'blogpost/27/feed');
INSERT INTO `url_alias` VALUES (287, 'blog/13/feed', 'blog/cel4145/feed');
INSERT INTO `url_alias` VALUES (284, 'taxonomy/term/28/0/feed', 'keywords/cowabunga/feed');
INSERT INTO `url_alias` VALUES (293, 'taxonomy/term/29/0/feed', 'keywords/feedback/feed');
INSERT INTO `url_alias` VALUES (286, 'node/28/feed', 'blogpost/28/feed');
INSERT INTO `url_alias` VALUES (295, 'taxonomy/term/30/0/feed', 'keywords/get-involved/feed');
INSERT INTO `url_alias` VALUES (553, 'node/29/feed', 'wiki/feedback/feed');
INSERT INTO `url_alias` VALUES (301, 'taxonomy/term/31/0/feed', 'keywords/documentation/feed');
INSERT INTO `url_alias` VALUES (303, 'taxonomy/term/32/0/feed', 'keywords/how/feed');
INSERT INTO `url_alias` VALUES (305, 'taxonomy/term/143/0/feed', 'keywords/getting-started/feed');
INSERT INTO `url_alias` VALUES (306, 'node/30', 'wiki/getting-started');
INSERT INTO `url_alias` VALUES (307, 'node/30/feed', 'wiki/getting-started/feed');
INSERT INTO `url_alias` VALUES (313, 'blog/14/feed', 'blog/larry/feed');
INSERT INTO `url_alias` VALUES (318, 'node/31/feed', 'blogpost/31/feed');
INSERT INTO `url_alias` VALUES (320, 'taxonomy/term/34/0/feed', 'keywords/coffee/feed');
INSERT INTO `url_alias` VALUES (322, 'taxonomy/term/35/0/feed', 'keywords/urban-grind/feed');
INSERT INTO `url_alias` VALUES (1220, 'node/32/feed', 'wiki/add-your-favorite-coffee-drink/feed');
INSERT INTO `url_alias` VALUES (327, 'blog/15/feed', 'blog/joe/feed');
INSERT INTO `url_alias` VALUES (330, 'node/33/feed', 'poll/33/feed');
INSERT INTO `url_alias` VALUES (332, 'taxonomy/term/36/0/feed', 'keywords/apostrophe/feed');
INSERT INTO `url_alias` VALUES (334, 'node/34/feed', 'blogpost/34/feed');
INSERT INTO `url_alias` VALUES (338, 'taxonomy/term/37/0/feed', 'keywords/broken/feed');
INSERT INTO `url_alias` VALUES (340, 'taxonomy/term/38/0/feed', 'keywords/oops/feed');
INSERT INTO `url_alias` VALUES (408, 'node/35/feed', 'wiki/broken-stuff/feed');
INSERT INTO `url_alias` VALUES (344, 'node/36/feed', 'wiki/contributors/feed');
INSERT INTO `url_alias` VALUES (346, 'blog/16/feed', 'blog/reggie/feed');
INSERT INTO `url_alias` VALUES (350, 'blog/17/feed', 'blog/durff/feed');
INSERT INTO `url_alias` VALUES (352, 'node/37/feed', 'blogpost/37/feed');
INSERT INTO `url_alias` VALUES (363, 'blog/18/feed', 'blog/turbo/feed');
INSERT INTO `url_alias` VALUES (358, 'taxonomy/term/39/0/feed', 'keywords/akismet/feed');
INSERT INTO `url_alias` VALUES (360, 'taxonomy/term/40/0/feed', 'keywords/check/feed');
INSERT INTO `url_alias` VALUES (362, 'node/38/feed', 'blogpost/38/feed');
INSERT INTO `url_alias` VALUES (383, 'blog/19/feed', 'blog/marlowk/feed');
INSERT INTO `url_alias` VALUES (373, 'node/39/feed', 'blogpost/39/feed');
INSERT INTO `url_alias` VALUES (376, 'blog/20/feed', 'blog/rock/feed');
INSERT INTO `url_alias` VALUES (378, 'taxonomy/term/41/0/feed', 'keywords/openacademic/feed');
INSERT INTO `url_alias` VALUES (380, 'taxonomy/term/42/0/feed', 'keywords/gpl/feed');
INSERT INTO `url_alias` VALUES (382, 'node/40/feed', 'blogpost/40/feed');
INSERT INTO `url_alias` VALUES (385, 'taxonomy/term/43/0/feed', 'keywords/chess-openings/feed');
INSERT INTO `url_alias` VALUES (609, 'node/41/feed', 'blogpost/41/feed');
INSERT INTO `url_alias` VALUES (391, 'blog/21/feed', 'blog/marc/feed');
INSERT INTO `url_alias` VALUES (394, 'blog/22/feed', 'blog/david-blakesley/feed');
INSERT INTO `url_alias` VALUES (396, 'blog/23/feed', 'blog/pz/feed');
INSERT INTO `url_alias` VALUES (505, 'blog/24/feed', 'blog/pvilmar/feed');
INSERT INTO `url_alias` VALUES (401, 'blog/25/feed', 'blog/abubnic/feed');
INSERT INTO `url_alias` VALUES (403, 'blog/26/feed', 'blog/dumont/feed');
INSERT INTO `url_alias` VALUES (406, 'blog/27/feed', 'blog/cmcraft/feed');
INSERT INTO `url_alias` VALUES (414, 'blog/28/feed', 'blog/blkdrama/feed');
INSERT INTO `url_alias` VALUES (412, 'blog/29/feed', 'blog/paul-harding/feed');
INSERT INTO `url_alias` VALUES (416, 'node/42/feed', 'blogpost/42/feed');
INSERT INTO `url_alias` VALUES (1299, 'node/43', 'wiki/logging');
INSERT INTO `url_alias` VALUES (1300, 'node/43/feed', 'wiki/logging/feed');
INSERT INTO `url_alias` VALUES (429, 'blog/30/feed', 'blog/phiggins/feed');
INSERT INTO `url_alias` VALUES (432, 'taxonomy/term/44/0/feed', 'keywords/sample-experiment-test-explore/feed');
INSERT INTO `url_alias` VALUES (434, 'node/44/feed', 'blogpost/44/feed');
INSERT INTO `url_alias` VALUES (437, 'node/45/feed', 'blogpost/45/feed');
INSERT INTO `url_alias` VALUES (439, 'taxonomy/term/45/0/feed', 'keywords/web2-0/feed');
INSERT INTO `url_alias` VALUES (441, 'taxonomy/term/46/0/feed', 'keywords/resources/feed');
INSERT INTO `url_alias` VALUES (443, 'taxonomy/term/47/0/feed', 'keywords/class/feed');
INSERT INTO `url_alias` VALUES (445, 'node/46/feed', 'bookmark/46/feed');
INSERT INTO `url_alias` VALUES (448, 'blog/31/feed', 'blog/wpbanks/feed');
INSERT INTO `url_alias` VALUES (501, 'blog/32/feed', 'blog/blakej/feed');
INSERT INTO `url_alias` VALUES (457, 'blog/33/feed', 'blog/tester/feed');
INSERT INTO `url_alias` VALUES (1251, 'node/47/feed', 'course/47/feed');
INSERT INTO `url_alias` VALUES (456, 'node/48/feed', 'assignment/48/feed');
INSERT INTO `url_alias` VALUES (459, 'node/49/feed', 'blogpost/49/feed');
INSERT INTO `url_alias` VALUES (464, 'blog/34/feed', 'blog/chum/feed');
INSERT INTO `url_alias` VALUES (466, 'blog/35/feed', 'blog/downes/feed');
INSERT INTO `url_alias` VALUES (1127, 'blog/36/feed', 'blog/paulallison/feed');
INSERT INTO `url_alias` VALUES (472, 'node/50/feed', 'image/50/feed');
INSERT INTO `url_alias` VALUES (473, 'pathauto/node/image', 'image');
INSERT INTO `url_alias` VALUES (474, 'node/51', 'course/51');
INSERT INTO `url_alias` VALUES (475, 'node/51/feed', 'course/51/feed');
INSERT INTO `url_alias` VALUES (1264, 'node/165/feed', 'bookmark/bill/15-apr-2007/165/feed');
INSERT INTO `url_alias` VALUES (477, 'taxonomy/term/48/0/feed', 'goal-3-01-evaluate-forces-shape-lithosphere-including/folding-and-faulting/feed');
INSERT INTO `url_alias` VALUES (478, 'pathauto/taxonomy/goal-3-01-evaluate-forces-shape-lithosphere-including', 'goal-3-01-evaluate-forces-shape-lithosphere-including');
INSERT INTO `url_alias` VALUES (487, 'taxonomy/term/49/0/feed', 'keywords/courses/feed');
INSERT INTO `url_alias` VALUES (1283, 'node/52', 'wiki/creating-courses');
INSERT INTO `url_alias` VALUES (543, 'node/52/feed', 'wiki/creating-groups/feed');
INSERT INTO `url_alias` VALUES (1171, 'blog/37/feed', 'blog/doug/feed');
INSERT INTO `url_alias` VALUES (498, 'blog/38/feed', 'blog/skoontastic/feed');
INSERT INTO `url_alias` VALUES (500, 'node/53/feed', 'wiki/so-what/feed');
INSERT INTO `url_alias` VALUES (541, 'node/54/feed', 'course/54/feed');
INSERT INTO `url_alias` VALUES (508, 'blog/39/feed', 'blog/chrislehmann/feed');
INSERT INTO `url_alias` VALUES (512, 'node/55/feed', 'blogpost/55/feed');
INSERT INTO `url_alias` VALUES (517, 'blog/40/feed', 'blog/jp/feed');
INSERT INTO `url_alias` VALUES (519, 'blog/41/feed', 'blog/davidpc/feed');
INSERT INTO `url_alias` VALUES (521, 'blog/42/feed', 'blog/prueba/feed');
INSERT INTO `url_alias` VALUES (524, 'blog/43/feed', 'blog/scabadri/feed');
INSERT INTO `url_alias` VALUES (1177, 'blog/44/feed', 'blog/deburca/feed');
INSERT INTO `url_alias` VALUES (532, 'node/56/feed', 'course/56/feed');
INSERT INTO `url_alias` VALUES (531, 'node/57/feed', 'wiki/test-wiki/feed');
INSERT INTO `url_alias` VALUES (539, 'blog/45/feed', 'blog/eahoefler/feed');
INSERT INTO `url_alias` VALUES (548, 'blog/46/feed', 'blog/cspran/feed');
INSERT INTO `url_alias` VALUES (654, 'blog/47/feed', 'blog/dave/feed');
INSERT INTO `url_alias` VALUES (552, 'node/59/feed', 'blogpost/59/feed');
INSERT INTO `url_alias` VALUES (555, 'taxonomy/term/50/0/feed', 'keywords/blog/feed');
INSERT INTO `url_alias` VALUES (557, 'taxonomy/term/51/0/feed', 'keywords/education/feed');
INSERT INTO `url_alias` VALUES (559, 'node/60/feed', 'bookmark/60/feed');
INSERT INTO `url_alias` VALUES (561, 'taxonomy/term/52/0/feed', 'keywords/eliot/feed');
INSERT INTO `url_alias` VALUES (563, 'taxonomy/term/53/0/feed', 'keywords/modernism/feed');
INSERT INTO `url_alias` VALUES (565, 'taxonomy/term/54/0/feed', 'keywords/despair/feed');
INSERT INTO `url_alias` VALUES (568, 'node/61/feed', 'assignment/61/feed');
INSERT INTO `url_alias` VALUES (587, 'blog/48/feed', 'blog/jstearns/feed');
INSERT INTO `url_alias` VALUES (572, 'node/62/feed', 'group/62/feed');
INSERT INTO `url_alias` VALUES (574, 'node/63/feed', 'course/63/feed');
INSERT INTO `url_alias` VALUES (576, 'taxonomy/term/55/0/feed', 'keywords/copyright/feed');
INSERT INTO `url_alias` VALUES (1388, 'node/182/feed', 'wiki/site-users/feed');
INSERT INTO `url_alias` VALUES (578, 'taxonomy/term/56/0/feed', 'keywords/software/feed');
INSERT INTO `url_alias` VALUES (581, 'node/64/feed', 'assignment/64/feed');
INSERT INTO `url_alias` VALUES (1387, 'node/182', 'wiki/site-users');
INSERT INTO `url_alias` VALUES (583, 'taxonomy/term/57/0/feed', 'keywords/questions/feed');
INSERT INTO `url_alias` VALUES (1167, 'node/65/feed', 'wiki/questions/feed');
INSERT INTO `url_alias` VALUES (586, 'pathauto/node/wiki', 'wiki');
INSERT INTO `url_alias` VALUES (592, 'blog/49/feed', 'blog/jeff/feed');
INSERT INTO `url_alias` VALUES (595, 'blog/50/feed', 'blog/alicemercer/feed');
INSERT INTO `url_alias` VALUES (1382, 'blog/158/feed', 'blog/johnny/feed');
INSERT INTO `url_alias` VALUES (597, 'taxonomy/term/58/0/feed', 'keywords/search-engine/feed');
INSERT INTO `url_alias` VALUES (599, 'node/66/feed', 'bookmark/66/feed');
INSERT INTO `url_alias` VALUES (1259, 'node/164', 'blog-entry/bill/14-apr-2007/164');
INSERT INTO `url_alias` VALUES (602, 'blog/51/feed', 'blog/esp/feed');
INSERT INTO `url_alias` VALUES (604, 'blog/52/feed', 'blog/emiliano/feed');
INSERT INTO `url_alias` VALUES (607, 'blog/53/feed', 'blog/jluft/feed');
INSERT INTO `url_alias` VALUES (613, 'node/67/feed', 'group/67/feed');
INSERT INTO `url_alias` VALUES (1381, 'blog/158', 'blog/johnny');
INSERT INTO `url_alias` VALUES (615, 'taxonomy/term/59/0/feed', 'keywords/portfolio/feed');
INSERT INTO `url_alias` VALUES (1380, 'node/181/feed', 'bio/jimmy-0/feed');
INSERT INTO `url_alias` VALUES (617, 'taxonomy/term/60/0/feed', 'keywords/deleted-group/feed');
INSERT INTO `url_alias` VALUES (621, 'taxonomy/term/61/0/feed', 'keywords/imdb/feed');
INSERT INTO `url_alias` VALUES (1378, 'node/180/feed', 'bio/jimmy/feed');
INSERT INTO `url_alias` VALUES (623, 'taxonomy/term/62/0/feed', 'keywords/film-study/feed');
INSERT INTO `url_alias` VALUES (1386, 'taxonomy/term/143', 'keywords/getting-started');
INSERT INTO `url_alias` VALUES (625, 'taxonomy/term/63/0/feed', 'keywords/movie/feed');
INSERT INTO `url_alias` VALUES (627, 'taxonomy/term/64/0/feed', 'keywords/cinema/feed');
INSERT INTO `url_alias` VALUES (632, 'node/69/feed', 'bookmark/69/feed');
INSERT INTO `url_alias` VALUES (644, 'node/70/feed', 'course/70/feed');
INSERT INTO `url_alias` VALUES (1260, 'node/164/feed', 'blog-entry/bill/14-apr-2007/164/feed');
INSERT INTO `url_alias` VALUES (640, 'blog/54/feed', 'blog/arush/feed');
INSERT INTO `url_alias` VALUES (642, 'blog/55/feed', 'blog/jdungan/feed');
INSERT INTO `url_alias` VALUES (780, 'blog/56/feed', 'blog/eodonnell/feed');
INSERT INTO `url_alias` VALUES (1376, 'taxonomy/term/141/0/feed', 'dislikes/test/feed');
INSERT INTO `url_alias` VALUES (649, 'taxonomy/term/65/0/feed', 'keywords/sweet/feed');
INSERT INTO `url_alias` VALUES (651, 'node/71/feed', 'blogpost/71/feed');
INSERT INTO `url_alias` VALUES (1261, 'pathauto/node/blog-entry/bill', 'blog-entry/bill');
INSERT INTO `url_alias` VALUES (655, 'blog/57/feed', 'blog/badgerjen01/feed');
INSERT INTO `url_alias` VALUES (699, 'node/72/feed', 'wiki/my-wiki-post/feed');
INSERT INTO `url_alias` VALUES (660, 'node/73/feed', 'blogpost/73/feed');
INSERT INTO `url_alias` VALUES (1375, 'taxonomy/term/141', 'dislikes/test');
INSERT INTO `url_alias` VALUES (662, 'taxonomy/term/66/0/feed', 'keywords/jimmy/feed');
INSERT INTO `url_alias` VALUES (669, 'node/74/feed', 'wiki/jimmys-wiki-page/feed');
INSERT INTO `url_alias` VALUES (672, 'blog/58/feed', 'blog/test/feed');
INSERT INTO `url_alias` VALUES (668, 'node/75/feed', 'group/75/feed');
INSERT INTO `url_alias` VALUES (671, 'blog/59/feed', 'blog/gratefulalways/feed');
INSERT INTO `url_alias` VALUES (674, 'node/76/feed', 'blogpost/76/feed');
INSERT INTO `url_alias` VALUES (1262, 'pathauto/node/blog-entry/bill/14-apr-2007', 'blog-entry/bill/14-apr-2007');
INSERT INTO `url_alias` VALUES (679, 'blog/60/feed', 'blog/jschinker/feed');
INSERT INTO `url_alias` VALUES (682, 'taxonomy/term/67/0/feed', 'keywords/anything/feed');
INSERT INTO `url_alias` VALUES (684, 'node/77/feed', 'blogpost/77/feed');
INSERT INTO `url_alias` VALUES (686, 'node/78/feed', 'wiki/test2/feed');
INSERT INTO `url_alias` VALUES (1374, 'taxonomy/term/140/0/feed', 'likes/test/feed');
INSERT INTO `url_alias` VALUES (688, 'taxonomy/term/68/0/feed', 'keywords/edtechtalk/feed');
INSERT INTO `url_alias` VALUES (1373, 'taxonomy/term/140', 'likes/test');
INSERT INTO `url_alias` VALUES (690, 'taxonomy/term/69/0/feed', 'keywords/drupaled/feed');
INSERT INTO `url_alias` VALUES (692, 'node/80/feed', 'wiki/another-wiki-entry/feed');
INSERT INTO `url_alias` VALUES (695, 'blog/61/feed', 'blog/jeff-flynn/feed');
INSERT INTO `url_alias` VALUES (1037, 'blog/62/feed', 'blog/leeb/feed');
INSERT INTO `url_alias` VALUES (756, 'blog/63/feed', 'blog/cevanoff/feed');
INSERT INTO `url_alias` VALUES (1265, 'pathauto/node/bookmark/bill', 'bookmark/bill');
INSERT INTO `url_alias` VALUES (858, 'blog/64/feed', 'blog/nbrodsky/feed');
INSERT INTO `url_alias` VALUES (708, 'taxonomy/term/70/0/feed', 'keywords/introduction/feed');
INSERT INTO `url_alias` VALUES (1372, 'pathauto/node/audio/jimmy/16-apr-2007', 'audio/jimmy/16-apr-2007');
INSERT INTO `url_alias` VALUES (710, 'taxonomy/term/71/0/feed', 'keywords/greeting/feed');
INSERT INTO `url_alias` VALUES (712, 'node/81/feed', 'blogpost/81/feed');
INSERT INTO `url_alias` VALUES (714, 'taxonomy/term/72/0/feed', 'keywords/math/feed');
INSERT INTO `url_alias` VALUES (716, 'node/82/feed', 'bookmark/82/feed');
INSERT INTO `url_alias` VALUES (1371, 'pathauto/node/audio/jimmy', 'audio/jimmy');
INSERT INTO `url_alias` VALUES (718, 'taxonomy/term/73/0/feed', 'keywords/blogs/feed');
INSERT INTO `url_alias` VALUES (720, 'taxonomy/term/74/0/feed', 'keywords/writing/feed');
INSERT INTO `url_alias` VALUES (1370, 'node/179/feed', 'audio/jimmy/16-apr-2007/179/feed');
INSERT INTO `url_alias` VALUES (722, 'taxonomy/term/75/0/feed', 'keywords/teaching/feed');
INSERT INTO `url_alias` VALUES (724, 'taxonomy/term/76/0/feed', 'keywords/learning/feed');
INSERT INTO `url_alias` VALUES (726, 'node/83/feed', 'assignment/83/feed');
INSERT INTO `url_alias` VALUES (1368, 'node/178/feed', 'bio/aliya/feed');
INSERT INTO `url_alias` VALUES (728, 'taxonomy/term/77/0/feed', 'keywords/interactive-tools/feed');
INSERT INTO `url_alias` VALUES (738, 'node/84/feed', 'assignment/84/feed');
INSERT INTO `url_alias` VALUES (739, 'blog/65/feed', 'blog/dvos/feed');
INSERT INTO `url_alias` VALUES (1367, 'node/178', 'bio/aliya');
INSERT INTO `url_alias` VALUES (734, 'taxonomy/term/78/0/feed', 'keywords/motivation/feed');
INSERT INTO `url_alias` VALUES (737, 'node/85/feed', 'assignment/85/feed');
INSERT INTO `url_alias` VALUES (741, 'taxonomy/term/79/0/feed', 'keywords/assessment/feed');
INSERT INTO `url_alias` VALUES (743, 'taxonomy/term/80/0/feed', 'keywords/abilities/feed');
INSERT INTO `url_alias` VALUES (745, 'node/86/feed', 'assignment/86/feed');
INSERT INTO `url_alias` VALUES (779, 'node/87/feed', 'blogpost/87/feed');
INSERT INTO `url_alias` VALUES (1366, 'taxonomy/term/139/0/feed', 'professional-interests/film/feed');
INSERT INTO `url_alias` VALUES (751, 'taxonomy/term/81/0/feed', 'keywords/podcasting/feed');
INSERT INTO `url_alias` VALUES (776, 'node/88/feed', 'wiki/podcasting/feed');
INSERT INTO `url_alias` VALUES (755, 'node/89/feed', 'group/89/feed');
INSERT INTO `url_alias` VALUES (759, 'blog/66/feed', 'blog/lingardm/feed');
INSERT INTO `url_alias` VALUES (761, 'taxonomy/term/82/0/feed', 'keywords/screencast/feed');
INSERT INTO `url_alias` VALUES (764, 'node/90/feed', 'wiki/bills-excellent-drupal-adventure/feed');
INSERT INTO `url_alias` VALUES (1365, 'taxonomy/term/139', 'professional-interests/film');
INSERT INTO `url_alias` VALUES (766, 'taxonomy/term/83/0/feed', 'keywords/drupal/feed');
INSERT INTO `url_alias` VALUES (768, 'taxonomy/term/84/0/feed', 'keywords/ple/feed');
INSERT INTO `url_alias` VALUES (770, 'taxonomy/term/85/0/feed', 'keywords/elgg/feed');
INSERT INTO `url_alias` VALUES (774, 'node/91/feed', 'blogpost/91/feed');
INSERT INTO `url_alias` VALUES (1266, 'pathauto/node/bookmark/bill/15-apr-2007', 'bookmark/bill/15-apr-2007');
INSERT INTO `url_alias` VALUES (782, 'blog/67/feed', 'blog/jpatten/feed');
INSERT INTO `url_alias` VALUES (1364, 'pathauto/taxonomy/professional-interests', 'professional-interests');
INSERT INTO `url_alias` VALUES (784, 'taxonomy/term/86/0/feed', 'keywords/patten/feed');
INSERT INTO `url_alias` VALUES (786, 'node/93/feed', 'course/93/feed');
INSERT INTO `url_alias` VALUES (796, 'blog/68/feed', 'blog/oliver/feed');
INSERT INTO `url_alias` VALUES (791, 'taxonomy/term/87/0/feed', 'keywords/love/feed');
INSERT INTO `url_alias` VALUES (793, 'taxonomy/term/88/0/feed', 'keywords/woman/feed');
INSERT INTO `url_alias` VALUES (863, 'node/94/feed', 'blogpost/94/feed');
INSERT INTO `url_alias` VALUES (799, 'blog/69/feed', 'blog/sendkathy/feed');
INSERT INTO `url_alias` VALUES (801, 'node/95/feed', 'group/95/feed');
INSERT INTO `url_alias` VALUES (1363, 'taxonomy/term/138/0/feed', 'professional-interests/graphic-design/feed');
INSERT INTO `url_alias` VALUES (803, 'taxonomy/term/89/0/feed', 'keywords/classroom/feed');
INSERT INTO `url_alias` VALUES (805, 'node/96/feed', 'assignment/96/feed');
INSERT INTO `url_alias` VALUES (807, 'taxonomy/term/90/0/feed', 'keywords/podcast/feed');
INSERT INTO `url_alias` VALUES (1362, 'taxonomy/term/138', 'professional-interests/graphic-design');
INSERT INTO `url_alias` VALUES (809, 'taxonomy/term/91/0/feed', 'keywords/review/feed');
INSERT INTO `url_alias` VALUES (811, 'taxonomy/term/92/0/feed', 'keywords/clasroom/feed');
INSERT INTO `url_alias` VALUES (814, 'node/97/feed', 'assignment/97/feed');
INSERT INTO `url_alias` VALUES (1361, 'pathauto/taxonomy/personal-interests', 'personal-interests');
INSERT INTO `url_alias` VALUES (816, 'taxonomy/term/93/0/feed', 'keywords/links/feed');
INSERT INTO `url_alias` VALUES (818, 'node/98/feed', 'assignment/98/feed');
INSERT INTO `url_alias` VALUES (820, 'blog/70/feed', 'blog/technospud/feed');
INSERT INTO `url_alias` VALUES (1040, 'blog/71/feed', 'blog/gchaix/feed');
INSERT INTO `url_alias` VALUES (826, 'blog/72/feed', 'blog/misterphil/feed');
INSERT INTO `url_alias` VALUES (1268, 'node/166/feed', 'bookmark/bill/15-apr-2007/166/feed');
INSERT INTO `url_alias` VALUES (837, 'blog/73/feed', 'blog/patrickdelaney/feed');
INSERT INTO `url_alias` VALUES (830, 'blog/74/feed', 'blog/rcoder/feed');
INSERT INTO `url_alias` VALUES (832, 'blog/75/feed', 'blog/tldickman/feed');
INSERT INTO `url_alias` VALUES (836, 'node/99/feed', 'blogpost/99/feed');
INSERT INTO `url_alias` VALUES (1269, 'taxonomy/term/124', 'type-assignment/test');
INSERT INTO `url_alias` VALUES (839, 'blog/76/feed', 'blog/wadec/feed');
INSERT INTO `url_alias` VALUES (841, 'blog/77/feed', 'blog/davisbg/feed');
INSERT INTO `url_alias` VALUES (1270, 'taxonomy/term/124/0/feed', 'type-assignment/test/feed');
INSERT INTO `url_alias` VALUES (899, 'blog/78/feed', 'blog/mr-davis/feed');
INSERT INTO `url_alias` VALUES (846, 'blog/79/feed', 'blog/sacushman/feed');
INSERT INTO `url_alias` VALUES (849, 'node/100/feed', 'group/100/feed');
INSERT INTO `url_alias` VALUES (851, 'node/101/feed', 'assignment/101/feed');
INSERT INTO `url_alias` VALUES (853, 'blog/80/feed', 'blog/bwpblog/feed');
INSERT INTO `url_alias` VALUES (1273, 'node/167', 'assignment/167');
INSERT INTO `url_alias` VALUES (855, 'blog/81/feed', 'blog/mbearce/feed');
INSERT INTO `url_alias` VALUES (862, 'blog/82/feed', 'blog/mbrownstone/feed');
INSERT INTO `url_alias` VALUES (861, 'node/103/feed', 'group/103/feed');
INSERT INTO `url_alias` VALUES (865, 'node/104/feed', 'course/104/feed');
INSERT INTO `url_alias` VALUES (867, 'node/105/feed', 'image/105/feed');
INSERT INTO `url_alias` VALUES (1263, 'node/165', 'bookmark/bill/15-apr-2007/165');
INSERT INTO `url_alias` VALUES (869, 'taxonomy/term/94/0/feed', 'environment/history/feed');
INSERT INTO `url_alias` VALUES (870, 'pathauto/taxonomy/environment', 'environment');
INSERT INTO `url_alias` VALUES (872, 'taxonomy/term/95/0/feed', 'keywords/glossary/feed');
INSERT INTO `url_alias` VALUES (879, 'node/106/feed', 'assignment/106/feed');
INSERT INTO `url_alias` VALUES (1144, 'node/107/feed', 'wiki/my-wikie/feed');
INSERT INTO `url_alias` VALUES (1274, 'node/167/feed', 'assignment/167/feed');
INSERT INTO `url_alias` VALUES (881, 'blog/83/feed', 'blog/miolas/feed');
INSERT INTO `url_alias` VALUES (883, 'node/108/feed', 'course/108/feed');
INSERT INTO `url_alias` VALUES (885, 'node/109/feed', 'group/109/feed');
INSERT INTO `url_alias` VALUES (1275, 'node/168', 'assignment/168');
INSERT INTO `url_alias` VALUES (887, 'blog/84/feed', 'blog/whereduck/feed');
INSERT INTO `url_alias` VALUES (1276, 'node/168/feed', 'assignment/168/feed');
INSERT INTO `url_alias` VALUES (894, 'blog/85/feed', 'blog/bigdcrew65/feed');
INSERT INTO `url_alias` VALUES (891, 'node/110/feed', 'group/110/feed');
INSERT INTO `url_alias` VALUES (893, 'blog/86/feed', 'blog/koko/feed');
INSERT INTO `url_alias` VALUES (896, 'blog/87/feed', 'blog/vanillfish/feed');
INSERT INTO `url_alias` VALUES (898, 'blog/88/feed', 'blog/macman/feed');
INSERT INTO `url_alias` VALUES (1360, 'taxonomy/term/137/0/feed', 'personal-interests/media/feed');
INSERT INTO `url_alias` VALUES (901, 'taxonomy/term/96/0/feed', 'keywords/mla/feed');
INSERT INTO `url_alias` VALUES (903, 'taxonomy/term/97/0/feed', 'keywords/punctuation/feed');
INSERT INTO `url_alias` VALUES (905, 'node/111/feed', 'blogpost/111/feed');
INSERT INTO `url_alias` VALUES (1359, 'taxonomy/term/137', 'personal-interests/media');
INSERT INTO `url_alias` VALUES (907, 'taxonomy/term/98/0/feed', 'keywords/research/feed');
INSERT INTO `url_alias` VALUES (909, 'taxonomy/term/99/0/feed', 'keywords/paper/feed');
INSERT INTO `url_alias` VALUES (1358, 'taxonomy/term/136/0/feed', 'dislikes/commercialism/feed');
INSERT INTO `url_alias` VALUES (911, 'taxonomy/term/100/0/feed', 'keywords/i-search/feed');
INSERT INTO `url_alias` VALUES (914, 'node/112/feed', 'blogpost/112/feed');
INSERT INTO `url_alias` VALUES (917, 'blog/89/feed', 'blog/robwales/feed');
INSERT INTO `url_alias` VALUES (920, 'blog/90/feed', 'blog/ruben/feed');
INSERT INTO `url_alias` VALUES (922, 'blog/91/feed', 'blog/zenjester/feed');
INSERT INTO `url_alias` VALUES (927, 'blog/92/feed', 'blog/bart-massey/feed');
INSERT INTO `url_alias` VALUES (926, 'blog/93/feed', 'blog/cyberjohno7/feed');
INSERT INTO `url_alias` VALUES (930, 'blog/94/feed', 'blog/pnelson/feed');
INSERT INTO `url_alias` VALUES (933, 'blog/95/feed', 'blog/mjsivy/feed');
INSERT INTO `url_alias` VALUES (935, 'blog/96/feed', 'blog/mshaver/feed');
INSERT INTO `url_alias` VALUES (937, 'blog/97/feed', 'blog/swizzin/feed');
INSERT INTO `url_alias` VALUES (939, 'blog/98/feed', 'blog/bwwojci/feed');
INSERT INTO `url_alias` VALUES (941, 'node/113/feed', 'course/113/feed');
INSERT INTO `url_alias` VALUES (944, 'blog/99/feed', 'blog/kevin-reynen/feed');
INSERT INTO `url_alias` VALUES (947, 'blog/100/feed', 'blog/lqcpr/feed');
INSERT INTO `url_alias` VALUES (949, 'blog/101/feed', 'blog/stivrichardoff/feed');
INSERT INTO `url_alias` VALUES (951, 'taxonomy/term/101/0/feed', 'keywords/math-elementary/feed');
INSERT INTO `url_alias` VALUES (953, 'node/114/feed', 'bookmark/114/feed');
INSERT INTO `url_alias` VALUES (1357, 'taxonomy/term/136', 'dislikes/commercialism');
INSERT INTO `url_alias` VALUES (955, 'taxonomy/term/102/0/feed', 'keywords/pacing-guide/feed');
INSERT INTO `url_alias` VALUES (1356, 'pathauto/taxonomy/dislikes', 'dislikes');
INSERT INTO `url_alias` VALUES (957, 'taxonomy/term/103/0/feed', 'keywords/standard-course-study/feed');
INSERT INTO `url_alias` VALUES (959, 'node/115/feed', 'wiki/what-are-you-teaching-week/feed');
INSERT INTO `url_alias` VALUES (961, 'node/116/feed', 'blogpost/116/feed');
INSERT INTO `url_alias` VALUES (963, 'blog/102/feed', 'blog/lpapworth/feed');
INSERT INTO `url_alias` VALUES (965, 'blog/103/feed', 'blog/drupaledspk/feed');
INSERT INTO `url_alias` VALUES (1085, 'node/117/feed', 'course/117/feed');
INSERT INTO `url_alias` VALUES (970, 'blog/104/feed', 'blog/markfullmer/feed');
INSERT INTO `url_alias` VALUES (972, 'taxonomy/term/104/0/feed', 'keywords/testdrive/feed');
INSERT INTO `url_alias` VALUES (1355, 'taxonomy/term/135/0/feed', 'dislikes/bad-music/feed');
INSERT INTO `url_alias` VALUES (974, 'taxonomy/term/105/0/feed', 'keywords/course/feed');
INSERT INTO `url_alias` VALUES (976, 'node/118/feed', 'blogpost/118/feed');
INSERT INTO `url_alias` VALUES (1354, 'taxonomy/term/135', 'dislikes/bad-music');
INSERT INTO `url_alias` VALUES (978, 'taxonomy/term/106/0/feed', 'keywords/assignment/feed');
INSERT INTO `url_alias` VALUES (980, 'taxonomy/term/107/0/feed', 'keywords/first/feed');
INSERT INTO `url_alias` VALUES (982, 'node/119/feed', 'assignment/119/feed');
INSERT INTO `url_alias` VALUES (984, 'node/120/feed', 'bookmark/120/feed');
INSERT INTO `url_alias` VALUES (1353, 'taxonomy/term/134/0/feed', 'likes/music/feed');
INSERT INTO `url_alias` VALUES (986, 'taxonomy/term/108/0/feed', 'keywords/example/feed');
INSERT INTO `url_alias` VALUES (1015, 'node/121/feed', 'wiki/example-wiki-entry-drupaled/feed');
INSERT INTO `url_alias` VALUES (991, 'blog/105/feed', 'blog/spex/feed');
INSERT INTO `url_alias` VALUES (1352, 'taxonomy/term/134', 'likes/music');
INSERT INTO `url_alias` VALUES (993, 'taxonomy/term/109/0/feed', 'keywords/primary-sources/feed');
INSERT INTO `url_alias` VALUES (1351, 'pathauto/taxonomy/likes', 'likes');
INSERT INTO `url_alias` VALUES (995, 'taxonomy/term/110/0/feed', 'keywords/california/feed');
INSERT INTO `url_alias` VALUES (997, 'taxonomy/term/111/0/feed', 'keywords/multimedia/feed');
INSERT INTO `url_alias` VALUES (999, 'node/122/feed', 'bookmark/122/feed');
INSERT INTO `url_alias` VALUES (1002, 'blog/106/feed', 'blog/daruma/feed');
INSERT INTO `url_alias` VALUES (1348, 'blog/157/feed', 'blog/sammy/feed');
INSERT INTO `url_alias` VALUES (1004, 'taxonomy/term/112/0/feed', 'keywords/feladat/feed');
INSERT INTO `url_alias` VALUES (1006, 'node/123/feed', 'assignment/123/feed');
INSERT INTO `url_alias` VALUES (1337, 'blog/157', 'blog/sammy');
INSERT INTO `url_alias` VALUES (1008, 'taxonomy/term/113/0/feed', 'keywords/jap-n-weboldalak/feed');
INSERT INTO `url_alias` VALUES (1010, 'node/124/feed', 'bookmark/124/feed');
INSERT INTO `url_alias` VALUES (1012, 'node/125/feed', 'course/125/feed');
INSERT INTO `url_alias` VALUES (1018, 'blog/107/feed', 'blog/klausd/feed');
INSERT INTO `url_alias` VALUES (1020, 'node/127', 'blogpost/127');
INSERT INTO `url_alias` VALUES (1022, 'node/127/feed', 'blogpost/127/feed');
INSERT INTO `url_alias` VALUES (1026, 'blog/108/feed', 'blog/rflint/feed');
INSERT INTO `url_alias` VALUES (1029, 'node/128/feed', 'group/128/feed');
INSERT INTO `url_alias` VALUES (1034, 'blog/109/feed', 'blog/teacherjim/feed');
INSERT INTO `url_alias` VALUES (1033, 'blog/110/feed', 'blog/gochimex/feed');
INSERT INTO `url_alias` VALUES (1036, 'blog/111/feed', 'blog/pips1/feed');
INSERT INTO `url_alias` VALUES (1166, 'node/129/feed', 'course/129/feed');
INSERT INTO `url_alias` VALUES (1042, 'blog/112/feed', 'blog/tfr/feed');
INSERT INTO `url_alias` VALUES (1044, 'taxonomy/term/114/0/feed', 'keywords/exploring/feed');
INSERT INTO `url_alias` VALUES (1046, 'node/130/feed', 'blogpost/130/feed');
INSERT INTO `url_alias` VALUES (1048, 'node/131/feed', 'group/131/feed');
INSERT INTO `url_alias` VALUES (1051, 'blog/113/feed', 'blog/pingele/feed');
INSERT INTO `url_alias` VALUES (1053, 'blog/114/feed', 'blog/instructor/feed');
INSERT INTO `url_alias` VALUES (1056, 'blog/115/feed', 'blog/nickwinker/feed');
INSERT INTO `url_alias` VALUES (1062, 'node/132/feed', 'assignment/132/feed');
INSERT INTO `url_alias` VALUES (1325, 'node/177/feed', 'blog/bill/16-apr-2007/177/feed');
INSERT INTO `url_alias` VALUES (1061, 'taxonomy/term/115/0/feed', 'keywords/chess-club/feed');
INSERT INTO `url_alias` VALUES (1336, 'blog/156', 'blog/jimmy');
INSERT INTO `url_alias` VALUES (1064, 'taxonomy/term/116/0/feed', 'keywords/important/feed');
INSERT INTO `url_alias` VALUES (1065, 'taxonomy/term/117', 'type-assignment/quiz');
INSERT INTO `url_alias` VALUES (1066, 'taxonomy/term/117/0/feed', 'type-assignment/quiz/feed');
INSERT INTO `url_alias` VALUES (1067, 'pathauto/taxonomy/type-assignment', 'type-assignment');
INSERT INTO `url_alias` VALUES (1073, 'node/133/feed', 'assignment/133/feed');
INSERT INTO `url_alias` VALUES (1076, 'blog/116/feed', 'blog/vanillafish22/feed');
INSERT INTO `url_alias` VALUES (1078, 'blog/117/feed', 'blog/schumi/feed');
INSERT INTO `url_alias` VALUES (1323, 'pathauto/taxonomy/sample-vocabulary', 'sample-vocabulary');
INSERT INTO `url_alias` VALUES (1082, 'taxonomy/term/118/0/feed', 'keywords/technology-responsible-use/feed');
INSERT INTO `url_alias` VALUES (1084, 'node/134/feed', 'assignment/134/feed');
INSERT INTO `url_alias` VALUES (1087, 'blog/118/feed', 'blog/smeech/feed');
INSERT INTO `url_alias` VALUES (1089, 'node/135/feed', 'bookmark/135/feed');
INSERT INTO `url_alias` VALUES (1091, 'taxonomy/term/119/0/feed', 'keywords/photoediting/feed');
INSERT INTO `url_alias` VALUES (1093, 'node/136/feed', 'assignment/136/feed');
INSERT INTO `url_alias` VALUES (1095, 'node/137/feed', 'assignment/137/feed');
INSERT INTO `url_alias` VALUES (1097, 'blog/119/feed', 'blog/alphabravoc/feed');
INSERT INTO `url_alias` VALUES (1099, 'blog/120/feed', 'blog/sbrandt/feed');
INSERT INTO `url_alias` VALUES (1101, 'node/140/feed', 'blogpost/140/feed');
INSERT INTO `url_alias` VALUES (1104, 'blog/121/feed', 'blog/wittenbp/feed');
INSERT INTO `url_alias` VALUES (1107, 'node/141/feed', 'course/141/feed');
INSERT INTO `url_alias` VALUES (1109, 'node/142/feed', 'wiki/ps-wiki/feed');
INSERT INTO `url_alias` VALUES (1112, 'blog/122/feed', 'blog/wmostrey/feed');
INSERT INTO `url_alias` VALUES (1114, 'blog/123/feed', 'blog/mitchellt/feed');
INSERT INTO `url_alias` VALUES (1117, 'blog/124/feed', 'blog/hrare/feed');
INSERT INTO `url_alias` VALUES (1119, 'blog/125/feed', 'blog/ju/feed');
INSERT INTO `url_alias` VALUES (1121, 'blog/126/feed', 'blog/frexeipru/feed');
INSERT INTO `url_alias` VALUES (1124, 'blog/127/feed', 'blog/scauxter/feed');
INSERT INTO `url_alias` VALUES (1126, 'blog/128/feed', 'blog/pablojbf/feed');
INSERT INTO `url_alias` VALUES (1131, 'blog/129/feed', 'blog/w98/feed');
INSERT INTO `url_alias` VALUES (1133, 'node/143/feed', 'assignment/143/feed');
INSERT INTO `url_alias` VALUES (1135, 'blog/130/feed', 'blog/zjvv/feed');
INSERT INTO `url_alias` VALUES (1137, 'blog/131/feed', 'blog/tester2/feed');
INSERT INTO `url_alias` VALUES (1140, 'blog/132/feed', 'blog/jsalazar/feed');
INSERT INTO `url_alias` VALUES (1143, 'blog/133/feed', 'blog/killermonkey/feed');
INSERT INTO `url_alias` VALUES (1146, 'node/144/feed', 'bookmark/144/feed');
INSERT INTO `url_alias` VALUES (1148, 'node/145/feed', 'blogpost/145/feed');
INSERT INTO `url_alias` VALUES (1151, 'blog/134/feed', 'blog/burningdog/feed');
INSERT INTO `url_alias` VALUES (1154, 'blog/135/feed', 'blog/jknight/feed');
INSERT INTO `url_alias` VALUES (1157, 'blog/136/feed', 'blog/ptamas/feed');
INSERT INTO `url_alias` VALUES (1159, 'blog/137/feed', 'blog/coachk/feed');
INSERT INTO `url_alias` VALUES (1161, 'blog/138/feed', 'blog/sarah-m/feed');
INSERT INTO `url_alias` VALUES (1322, 'taxonomy/term/132/0/feed', 'sample-vocabulary/test/feed');
INSERT INTO `url_alias` VALUES (1163, 'taxonomy/term/120/0/feed', 'keywords/cool-stuff/feed');
INSERT INTO `url_alias` VALUES (1165, 'node/146/feed', 'blogpost/146/feed');
INSERT INTO `url_alias` VALUES (1170, 'blog/139/feed', 'blog/cromanin/feed');
INSERT INTO `url_alias` VALUES (1173, 'blog/140/feed', 'blog/ehelfant/feed');
INSERT INTO `url_alias` VALUES (1176, 'blog/141/feed', 'blog/chicks/feed');
INSERT INTO `url_alias` VALUES (1180, 'node/149/feed', 'wiki/media-wiki-comparison/feed');
INSERT INTO `url_alias` VALUES (1183, 'blog/142/feed', 'blog/pwoessner/feed');
INSERT INTO `url_alias` VALUES (1201, 'node/150/feed', 'group/150/feed');
INSERT INTO `url_alias` VALUES (1349, 'taxonomy/term/133', 'likes/computers');
INSERT INTO `url_alias` VALUES (1187, 'taxonomy/term/121/0/feed', 'keywords/test-trial-evaluation/feed');
INSERT INTO `url_alias` VALUES (1189, 'node/151/feed', 'assignment/151/feed');
INSERT INTO `url_alias` VALUES (1191, 'node/152/feed', 'blogpost/152/feed');
INSERT INTO `url_alias` VALUES (1193, 'node/153/feed', 'bookmark/153/feed');
INSERT INTO `url_alias` VALUES (1320, 'node/176/feed', 'course/176/feed');
INSERT INTO `url_alias` VALUES (1195, 'taxonomy/term/122/0/feed', 'keywords/test-trial-evaluate/feed');
INSERT INTO `url_alias` VALUES (1197, 'node/154/feed', 'wiki/sample-wiki/feed');
INSERT INTO `url_alias` VALUES (1200, 'node/155/feed', 'course/155/feed');
INSERT INTO `url_alias` VALUES (1205, 'blog/143/feed', 'blog/joeleo/feed');
INSERT INTO `url_alias` VALUES (1209, 'blog/144/feed', 'blog/twelch/feed');
INSERT INTO `url_alias` VALUES (1212, 'blog/145/feed', 'blog/badmaster/feed');
INSERT INTO `url_alias` VALUES (1215, 'blog/146/feed', 'blog/hal/feed');
INSERT INTO `url_alias` VALUES (1217, 'blog/147/feed', 'blog/jeffmorrie/feed');
INSERT INTO `url_alias` VALUES (1223, 'blog/148/feed', 'blog/dewey-bayer/feed');
INSERT INTO `url_alias` VALUES (1222, 'blog/149/feed', 'blog/brettev/feed');
INSERT INTO `url_alias` VALUES (1225, 'blog/150/feed', 'blog/gkpavey/feed');
INSERT INTO `url_alias` VALUES (1227, 'blog/151/feed', 'blog/cameron/feed');
INSERT INTO `url_alias` VALUES (1230, 'blog/152/feed', 'blog/tvarner/feed');
INSERT INTO `url_alias` VALUES (1347, 'blog/156/feed', 'blog/jimmy/feed');
INSERT INTO `url_alias` VALUES (1232, 'taxonomy/term/123/0/feed', 'keywords/fhsd/feed');
INSERT INTO `url_alias` VALUES (1234, 'node/156/feed', 'bookmark/156/feed');
INSERT INTO `url_alias` VALUES (1236, 'node/157/feed', 'course/157/feed');
INSERT INTO `url_alias` VALUES (1239, 'blog/153/feed', 'blog/neals/feed');
INSERT INTO `url_alias` VALUES (1241, 'node/158/feed', 'blogpost/158/feed');
INSERT INTO `url_alias` VALUES (1244, 'blog/154/feed', 'blog/fredmed/feed');
INSERT INTO `url_alias` VALUES (1246, 'blog/155/feed', 'blog/gmasky/feed');
INSERT INTO `url_alias` VALUES (1248, 'node/159/feed', 'assignment/159/feed');
INSERT INTO `url_alias` VALUES (1250, 'node/160/feed', 'group/160/feed');
INSERT INTO `url_alias` VALUES (1384, 'taxonomy/term/142', 'keywords/users');
INSERT INTO `url_alias` VALUES (1278, 'node/169/feed', 'audio/bill/15-apr-2007/169/feed');
INSERT INTO `url_alias` VALUES (1279, 'pathauto/node/audio/bill', 'audio/bill');
INSERT INTO `url_alias` VALUES (1280, 'pathauto/node/audio/bill/15-apr-2007', 'audio/bill/15-apr-2007');
INSERT INTO `url_alias` VALUES (1282, 'node/170/feed', 'audio/bill/15-apr-2007/170/feed');
INSERT INTO `url_alias` VALUES (1284, 'node/52/feed', 'wiki/creating-courses/feed');
INSERT INTO `url_alias` VALUES (1286, 'taxonomy/term/125/0/feed', 'keywords/rss/feed');
INSERT INTO `url_alias` VALUES (1318, 'pathauto/node/blog/bill/16-apr-2007', 'blog/bill/16-apr-2007');
INSERT INTO `url_alias` VALUES (1288, 'taxonomy/term/126/0/feed', 'keywords/feeds/feed');
INSERT INTO `url_alias` VALUES (1290, 'taxonomy/term/127/0/feed', 'keywords/views/feed');
INSERT INTO `url_alias` VALUES (1297, 'node/171', 'wiki/view-content-user');
INSERT INTO `url_alias` VALUES (1298, 'node/171/feed', 'wiki/view-content-user/feed');
INSERT INTO `url_alias` VALUES (1317, 'node/175/feed', 'blog/bill/16-apr-2007/175/feed');
INSERT INTO `url_alias` VALUES (1302, 'taxonomy/term/128/0/feed', 'keywords/roles/feed');
INSERT INTO `url_alias` VALUES (1304, 'taxonomy/term/129/0/feed', 'keywords/permissions/feed');
INSERT INTO `url_alias` VALUES (1315, 'taxonomy/term/131', 'keywords/test');
INSERT INTO `url_alias` VALUES (1306, 'taxonomy/term/130/0/feed', 'keywords/site-configuration/feed');
INSERT INTO `url_alias` VALUES (1307, 'node/172', 'wiki/site-roles');
INSERT INTO `url_alias` VALUES (1308, 'node/172/feed', 'wiki/site-roles/feed');
INSERT INTO `url_alias` VALUES (1369, 'node/179', 'audio/jimmy/16-apr-2007/179');
INSERT INTO `url_alias` VALUES (1310, 'node/173/feed', 'bio/bill/feed');
INSERT INTO `url_alias` VALUES (1311, 'pathauto/node/bio', 'bio');
INSERT INTO `url_alias` VALUES (1385, 'taxonomy/term/142/0/feed', 'keywords/users/feed');
INSERT INTO `url_alias` VALUES (1313, 'node/174/feed', 'bookmark/bill/16-apr-2007/174/feed');
INSERT INTO `url_alias` VALUES (1314, 'pathauto/node/bookmark/bill/16-apr-2007', 'bookmark/bill/16-apr-2007');

-- --------------------------------------------------------

-- 
-- Table structure for table `users`
-- 

CREATE TABLE `users` (
  `uid` int(10) unsigned NOT NULL default '0',
  `name` varchar(60) NOT NULL default '',
  `pass` varchar(32) NOT NULL default '',
  `mail` varchar(64) default '',
  `mode` tinyint(4) NOT NULL default '0',
  `sort` tinyint(4) default '0',
  `threshold` tinyint(4) default '0',
  `theme` varchar(255) NOT NULL default '',
  `signature` varchar(255) NOT NULL default '',
  `created` int(11) NOT NULL default '0',
  `access` int(11) NOT NULL default '0',
  `login` int(11) NOT NULL default '0',
  `status` tinyint(4) NOT NULL default '0',
  `timezone` varchar(8) default NULL,
  `language` varchar(12) NOT NULL default '',
  `picture` varchar(255) NOT NULL default '',
  `init` varchar(64) default '',
  `data` longtext,
  PRIMARY KEY  (`uid`),
  UNIQUE KEY `name` (`name`),
  KEY `access` (`access`)
) ENGINE=MyISAM DEFAULT CHARSET=utf8;

-- 
-- Dumping data for table `users`
-- 

INSERT INTO `users` VALUES (0, '', '', '', 0, 0, 0, '', '', 0, 0, 0, 0, NULL, '', '', '', NULL);
INSERT INTO `users` VALUES (1, 'admin', 'dbe99cc6224f2987a01e50071c18887e', 'contact@funnymonkey.com', 0, 0, 0, '', '', 1172776008, 1176843752, 1176824737, 1, '-28800', '', '', 'bill@funnymonkey.com', 'a:7:{s:8:"og_email";s:1:"1";s:7:"contact";i:1;s:14:"tinymce_status";s:4:"true";s:14:"picture_delete";s:0:"";s:14:"picture_upload";s:0:"";s:14:"buddylist_mail";i:1;s:18:"admin_compact_mode";b:1;}');
INSERT INTO `users` VALUES (5, 'ariel', '4900d0a19b6894a4a514e9ff3afcc2c0', 'ariel@funnymonkeydata.com', 0, 0, 0, '', '', 1173034316, 1176813260, 1176812663, 1, NULL, '', '', 'ariel@funnymonkeydata.com', 'a:1:{s:7:"contact";i:1;}');
INSERT INTO `users` VALUES (8, 'aliya', 'e3cb970693574ea75d091a6049f8a3ff', 'aliya@funnymonkeydata.com', 0, 0, 0, '', '', 1173651757, 1176811106, 1176811085, 1, NULL, '', '', 'aliya@funnymonkeydata.com', 'a:1:{s:7:"contact";i:1;}');
INSERT INTO `users` VALUES (156, 'jimmy', 'c2fe677a63ffd5b7ffd8facbf327dad0', 'jimmy@funnymonkeydata.com', 0, 0, 0, '', '', 1176753279, 1176809955, 1176809478, 1, NULL, '', '', 'jimmy@funnymonkeydata.com', 'a:1:{s:7:"contact";i:1;}');
INSERT INTO `users` VALUES (157, 'sammy', '4385695633f8c6c8ab52592092cecf04', 'sammy@funnymonkeydata.com', 0, 0, 0, '', '', 1176753279, 0, 0, 1, NULL, '', '', 'sammy@funnymonkeydata.com', 'a:1:{s:7:"contact";i:1;}');
INSERT INTO `users` VALUES (158, 'johnny', 'f4eb27cea7255cea4d1ffabf593372e8', 'johnny@bugonjugular.com', 0, 0, 0, '', '', 1176780371, 1176787661, 1176780389, 1, NULL, '', '', 'johnny@bugonjugular.com', 'a:1:{s:7:"contact";i:1;}');

-- --------------------------------------------------------

-- 
-- Table structure for table `users_roles`
-- 

CREATE TABLE `users_roles` (
  `uid` int(10) unsigned NOT NULL default '0',
  `rid` int(10) unsigned NOT NULL default '0',
  PRIMARY KEY  (`uid`,`rid`)
) ENGINE=MyISAM DEFAULT CHARSET=utf8;

-- 
-- Dumping data for table `users_roles`
-- 

INSERT INTO `users_roles` VALUES (1, 3);
INSERT INTO `users_roles` VALUES (1, 4);
INSERT INTO `users_roles` VALUES (1, 5);
INSERT INTO `users_roles` VALUES (1, 6);
INSERT INTO `users_roles` VALUES (1, 7);
INSERT INTO `users_roles` VALUES (1, 8);
INSERT INTO `users_roles` VALUES (5, 3);
INSERT INTO `users_roles` VALUES (5, 6);
INSERT INTO `users_roles` VALUES (8, 3);
INSERT INTO `users_roles` VALUES (156, 7);
INSERT INTO `users_roles` VALUES (157, 6);
INSERT INTO `users_roles` VALUES (158, 7);

-- --------------------------------------------------------

-- 
-- Table structure for table `variable`
-- 

CREATE TABLE `variable` (
  `name` varchar(48) NOT NULL default '',
  `value` longtext NOT NULL,
  PRIMARY KEY  (`name`)
) ENGINE=MyISAM DEFAULT CHARSET=utf8;

-- 
-- Dumping data for table `variable`
-- 

INSERT INTO `variable` VALUES ('filter_html_1', 's:1:"1";');
INSERT INTO `variable` VALUES ('node_options_forum', 'a:1:{i:0;s:6:"status";}');
INSERT INTO `variable` VALUES ('menu_primary_menu', 'i:2;');
INSERT INTO `variable` VALUES ('menu_secondary_menu', 'i:2;');
INSERT INTO `variable` VALUES ('install_profile', 's:7:"default";');
INSERT INTO `variable` VALUES ('node_options_page', 'a:1:{i:0;s:6:"status";}');
INSERT INTO `variable` VALUES ('comment_page', 's:1:"0";');
INSERT INTO `variable` VALUES ('drupal_private_key', 's:64:"56a09031856d9f1a4fd3d604347aed6ec92258108e7ff4de0c56ca0496fad853";');
INSERT INTO `variable` VALUES ('file_directory_temp', 's:4:"/tmp";');
INSERT INTO `variable` VALUES ('content_schema_version', 'i:1003;');
INSERT INTO `variable` VALUES ('cron_last', 'i:1176727488;');
INSERT INTO `variable` VALUES ('date_version', 's:1:"7";');
INSERT INTO `variable` VALUES ('node_options_assignment', 'a:1:{i:0;s:6:"status";}');
INSERT INTO `variable` VALUES ('comment_assignment', 's:1:"2";');
INSERT INTO `variable` VALUES ('upload_assignment', 's:1:"1";');
INSERT INTO `variable` VALUES ('node_images_position_assignment', 's:4:"hide";');
INSERT INTO `variable` VALUES ('node_images_gallery_link_assignment', 's:1:"0";');
INSERT INTO `variable` VALUES ('node_images_teaser_images_assignment', 's:1:"2";');
INSERT INTO `variable` VALUES ('node_images_body_images_assignment', 's:0:"";');
INSERT INTO `variable` VALUES ('node_images_teaser_format_assignment', 's:6:"thumbs";');
INSERT INTO `variable` VALUES ('node_images_body_format_assignment', 's:6:"thumbs";');
INSERT INTO `variable` VALUES ('date_default_timezone_name', 's:3:"GMT";');
INSERT INTO `variable` VALUES ('node_options_image', 'a:1:{i:0;s:6:"status";}');
INSERT INTO `variable` VALUES ('comment_image', 's:1:"2";');
INSERT INTO `variable` VALUES ('upload_image', 's:1:"0";');
INSERT INTO `variable` VALUES ('node_images_position_image', 's:5:"above";');
INSERT INTO `variable` VALUES ('node_images_gallery_link_image', 's:1:"1";');
INSERT INTO `variable` VALUES ('node_images_teaser_images_image', 's:1:"4";');
INSERT INTO `variable` VALUES ('node_images_body_images_image', 's:2:"12";');
INSERT INTO `variable` VALUES ('node_images_teaser_format_image', 's:6:"thumbs";');
INSERT INTO `variable` VALUES ('node_images_body_format_image', 's:6:"thumbs";');
INSERT INTO `variable` VALUES ('node_options_podcast', 'a:1:{i:0;s:6:"status";}');
INSERT INTO `variable` VALUES ('comment_podcast', 's:1:"2";');
INSERT INTO `variable` VALUES ('upload_podcast', 's:1:"0";');
INSERT INTO `variable` VALUES ('node_images_position_podcast', 's:4:"hide";');
INSERT INTO `variable` VALUES ('node_images_gallery_link_podcast', 's:1:"0";');
INSERT INTO `variable` VALUES ('node_images_teaser_images_podcast', 's:1:"2";');
INSERT INTO `variable` VALUES ('node_images_body_images_podcast', 's:0:"";');
INSERT INTO `variable` VALUES ('node_images_teaser_format_podcast', 's:6:"thumbs";');
INSERT INTO `variable` VALUES ('node_images_body_format_podcast', 's:6:"thumbs";');
INSERT INTO `variable` VALUES ('audio_getid3_path', 's:22:"misc/lib/getid3/getid3";');
INSERT INTO `variable` VALUES ('audio_getid3_show_warnings', 'i:0;');
INSERT INTO `variable` VALUES ('audio_player_wav', 's:9:"1pixelout";');
INSERT INTO `variable` VALUES ('audio_player_mp3', 's:9:"1pixelout";');
INSERT INTO `variable` VALUES ('node_options_course', 'a:1:{i:0;s:6:"status";}');
INSERT INTO `variable` VALUES ('comment_course', 's:1:"0";');
INSERT INTO `variable` VALUES ('upload_course', 's:1:"0";');
INSERT INTO `variable` VALUES ('node_images_position_course', 's:4:"hide";');
INSERT INTO `variable` VALUES ('node_images_gallery_link_course', 's:1:"0";');
INSERT INTO `variable` VALUES ('node_images_teaser_images_course', 's:1:"2";');
INSERT INTO `variable` VALUES ('node_images_body_images_course', 's:0:"";');
INSERT INTO `variable` VALUES ('node_images_teaser_format_course', 's:6:"thumbs";');
INSERT INTO `variable` VALUES ('node_images_body_format_course', 's:6:"thumbs";');
INSERT INTO `variable` VALUES ('node_options_group', 'a:1:{i:0;s:6:"status";}');
INSERT INTO `variable` VALUES ('comment_group', 's:1:"0";');
INSERT INTO `variable` VALUES ('upload_group', 's:1:"0";');
INSERT INTO `variable` VALUES ('node_images_position_group', 's:4:"hide";');
INSERT INTO `variable` VALUES ('node_images_gallery_link_group', 's:1:"0";');
INSERT INTO `variable` VALUES ('node_images_teaser_images_group', 's:1:"2";');
INSERT INTO `variable` VALUES ('node_images_body_images_group', 's:0:"";');
INSERT INTO `variable` VALUES ('node_images_teaser_format_group', 's:6:"thumbs";');
INSERT INTO `variable` VALUES ('node_images_body_format_group', 's:6:"thumbs";');
INSERT INTO `variable` VALUES ('node_options_audio', 'a:1:{i:0;s:6:"status";}');
INSERT INTO `variable` VALUES ('comment_audio', 's:1:"2";');
INSERT INTO `variable` VALUES ('upload_audio', 's:1:"0";');
INSERT INTO `variable` VALUES ('node_images_position_audio', 's:4:"hide";');
INSERT INTO `variable` VALUES ('node_images_gallery_link_audio', 's:1:"0";');
INSERT INTO `variable` VALUES ('node_images_teaser_images_audio', 's:1:"2";');
INSERT INTO `variable` VALUES ('node_images_body_images_audio', 's:0:"";');
INSERT INTO `variable` VALUES ('node_images_teaser_format_audio', 's:6:"thumbs";');
INSERT INTO `variable` VALUES ('node_images_body_format_audio', 's:6:"thumbs";');
INSERT INTO `variable` VALUES ('node_options_blog', 'a:1:{i:0;s:6:"status";}');
INSERT INTO `variable` VALUES ('comment_blog', 's:1:"2";');
INSERT INTO `variable` VALUES ('upload_blog', 's:1:"1";');
INSERT INTO `variable` VALUES ('node_images_position_blog', 's:4:"hide";');
INSERT INTO `variable` VALUES ('node_images_gallery_link_blog', 's:1:"0";');
INSERT INTO `variable` VALUES ('node_images_teaser_images_blog', 's:1:"2";');
INSERT INTO `variable` VALUES ('node_images_body_images_blog', 's:0:"";');
INSERT INTO `variable` VALUES ('node_images_teaser_format_blog', 's:6:"thumbs";');
INSERT INTO `variable` VALUES ('node_images_body_format_blog', 's:6:"thumbs";');
INSERT INTO `variable` VALUES ('upload_page', 's:1:"1";');
INSERT INTO `variable` VALUES ('node_images_position_page', 's:4:"hide";');
INSERT INTO `variable` VALUES ('node_images_gallery_link_page', 's:1:"0";');
INSERT INTO `variable` VALUES ('node_images_teaser_images_page', 's:1:"2";');
INSERT INTO `variable` VALUES ('node_images_body_images_page', 's:0:"";');
INSERT INTO `variable` VALUES ('node_images_teaser_format_page', 's:6:"thumbs";');
INSERT INTO `variable` VALUES ('node_images_body_format_page', 's:6:"thumbs";');
INSERT INTO `variable` VALUES ('node_options_story', 'a:1:{i:0;s:6:"status";}');
INSERT INTO `variable` VALUES ('comment_story', 's:1:"2";');
INSERT INTO `variable` VALUES ('upload_story', 's:1:"1";');
INSERT INTO `variable` VALUES ('node_images_position_story', 's:4:"hide";');
INSERT INTO `variable` VALUES ('node_images_gallery_link_story', 's:1:"0";');
INSERT INTO `variable` VALUES ('node_images_teaser_images_story', 's:1:"2";');
INSERT INTO `variable` VALUES ('node_images_body_images_story', 's:0:"";');
INSERT INTO `variable` VALUES ('node_images_teaser_format_story', 's:6:"thumbs";');
INSERT INTO `variable` VALUES ('node_images_body_format_story', 's:6:"thumbs";');
INSERT INTO `variable` VALUES ('theme_default', 's:10:"zen_trevor";');
INSERT INTO `variable` VALUES ('upload_max_resolution', 's:7:"640x640";');
INSERT INTO `variable` VALUES ('upload_list_default', 's:1:"1";');
INSERT INTO `variable` VALUES ('upload_extensions_default', 's:66:"jpg jpeg gif png txt html doc xls pdf ppt pps odt ods odp swf flv ";');
INSERT INTO `variable` VALUES ('upload_uploadsize_default', 's:1:"2";');
INSERT INTO `variable` VALUES ('upload_usersize_default', 's:1:"2";');
INSERT INTO `variable` VALUES ('roles', 'a:2:{i:2;s:18:"authenticated user";i:5;s:9:"siteadmin";}');
INSERT INTO `variable` VALUES ('node_options_event', 'a:1:{i:0;s:6:"status";}');
INSERT INTO `variable` VALUES ('comment_event', 's:1:"2";');
INSERT INTO `variable` VALUES ('upload_event', 's:1:"1";');
INSERT INTO `variable` VALUES ('node_images_position_event', 's:4:"hide";');
INSERT INTO `variable` VALUES ('node_images_gallery_link_event', 's:1:"0";');
INSERT INTO `variable` VALUES ('node_images_teaser_images_event', 's:1:"2";');
INSERT INTO `variable` VALUES ('node_images_body_images_event', 's:0:"";');
INSERT INTO `variable` VALUES ('node_images_teaser_format_event', 's:6:"thumbs";');
INSERT INTO `variable` VALUES ('node_images_body_format_event', 's:6:"thumbs";');
INSERT INTO `variable` VALUES ('site_mission', 's:0:"";');
INSERT INTO `variable` VALUES ('anonymous', 's:9:"Anonymous";');
INSERT INTO `variable` VALUES ('site_frontpage', 's:4:"home";');
INSERT INTO `variable` VALUES ('site_name', 's:8:"DrupalEd";');
INSERT INTO `variable` VALUES ('site_slogan', 's:19:"All this, and more.";');
INSERT INTO `variable` VALUES ('theme_zen_settings', 'a:16:{s:11:"toggle_logo";i:1;s:11:"toggle_name";i:1;s:13:"toggle_slogan";i:1;s:14:"toggle_mission";i:1;s:24:"toggle_node_user_picture";i:0;s:27:"toggle_comment_user_picture";i:0;s:13:"toggle_search";i:1;s:14:"toggle_favicon";i:1;s:12:"default_logo";i:1;s:9:"logo_path";s:0:"";s:11:"logo_upload";s:0:"";s:15:"default_favicon";i:0;s:12:"favicon_path";s:17:"files/favicon.ico";s:14:"favicon_upload";s:0:"";s:2:"op";s:18:"Save configuration";s:10:"form_token";s:32:"6105cecd670dc83e9c6d2e1cdaf6a2be";}');
INSERT INTO `variable` VALUES ('module_action', 's:7:"Disable";');
INSERT INTO `variable` VALUES ('og_visibility_directory', 's:1:"2";');
INSERT INTO `variable` VALUES ('og_visibility_registration', 's:1:"3";');
INSERT INTO `variable` VALUES ('og_notification', 's:1:"1";');
INSERT INTO `variable` VALUES ('og_help', 's:0:"";');
INSERT INTO `variable` VALUES ('og_audience_checkboxes', 'i:1;');
INSERT INTO `variable` VALUES ('og_visibility', 's:1:"3";');
INSERT INTO `variable` VALUES ('og_audience_required', 's:1:"0";');
INSERT INTO `variable` VALUES ('og_omitted', 'a:4:{s:3:"bio";s:3:"bio";s:5:"event";s:5:"event";s:4:"page";s:4:"page";s:5:"story";s:5:"story";}');
INSERT INTO `variable` VALUES ('og_home_page_view', 's:10:"og_ghp_ron";');
INSERT INTO `variable` VALUES ('og_node_types', 'a:2:{s:6:"course";s:6:"course";s:5:"group";s:5:"group";}');
INSERT INTO `variable` VALUES ('og_new_node_subject', 's:25:"@group: ''@title'' at @site";');
INSERT INTO `variable` VALUES ('og_new_node_body', 's:195:"@type ''@subject'' by @username\r\n\r\n@body\r\n\r\n!read_more: !content_url\r\nPost reply: !reply_url\r\n\r\n--\r\nYou are subscribed to the group ''@group'' at @site.\r\nTo manage your subscription, visit !group_url";');
INSERT INTO `variable` VALUES ('og_admin_email_body', 's:184:"@body\r\n\r\n--\r\nThis message was sent by an administrator in the ''@group'' group at @site. To visit this group, browse to !url_group. To unsubscribe from this group, visit !url_unsubscribe";');
INSERT INTO `variable` VALUES ('og_approve_user_subject', 's:42:"Subscription request approved for ''@title''";');
INSERT INTO `variable` VALUES ('og_approve_user_body', 's:61:"You may now post messages in this group located at !group_url";');
INSERT INTO `variable` VALUES ('og_deny_user_subject', 's:40:"Subscription request denied for ''@title''";');
INSERT INTO `variable` VALUES ('og_deny_user_body', 's:44:"Sorry, your subscription request was denied.";');
INSERT INTO `variable` VALUES ('og_invite_user_subject', 's:46:"Invitation to join the group ''@group'' at @site";');
INSERT INTO `variable` VALUES ('og_invite_user_body', 's:167:"Hi. I''m a member of ''@group'' and I welcome you to join this group as well. Please see the link and message below.\r\n\r\n@group\r\n@description\r\nSubscribe: !group_url\r\n@body";');
INSERT INTO `variable` VALUES ('og_request_user_subject', 's:50:"Subscription request for ''@group'' from ''@username''";');
INSERT INTO `variable` VALUES ('og_request_user_body', 's:127:"To instantly approve this request, visit !approve_url.\r\nYou may deny this request or manage subscribers at !group_url. !request";');
INSERT INTO `variable` VALUES ('og_new_admin_subject', 's:51:"You are now an administrator for the group ''@group''";');
INSERT INTO `variable` VALUES ('og_new_admin_body', 's:129:"@username, you are now an administrator for the group ''@group''.\r\n\r\nYou can administer this group by logging in here:\r\n !group_url";');
INSERT INTO `variable` VALUES ('og_member_pics', 'i:1;');
INSERT INTO `variable` VALUES ('og_enabled', 'i:1;');
INSERT INTO `variable` VALUES ('userplus_max_add_users', 's:2:"25";');
INSERT INTO `variable` VALUES ('userplus_max_show_user_roles', 's:2:"50";');
INSERT INTO `variable` VALUES ('userplus_max_show_user_groups', 's:2:"50";');
INSERT INTO `variable` VALUES ('date_default_timezone', 's:1:"0";');
INSERT INTO `variable` VALUES ('configurable_timezones', 's:1:"0";');
INSERT INTO `variable` VALUES ('date_format_short', 's:11:"m/d/Y - H:i";');
INSERT INTO `variable` VALUES ('date_format_medium', 's:14:"D, m/d/Y - H:i";');
INSERT INTO `variable` VALUES ('date_format_long', 's:15:"l, F j, Y - H:i";');
INSERT INTO `variable` VALUES ('date_first_day', 's:1:"0";');
INSERT INTO `variable` VALUES ('jscalendar_css', 's:59:"sites/all/modules/jstools/jscalendar/lib/calendar-blue2.css";');
INSERT INTO `variable` VALUES ('node_options_bookmark', 'a:1:{i:0;s:6:"status";}');
INSERT INTO `variable` VALUES ('comment_bookmark', 's:1:"2";');
INSERT INTO `variable` VALUES ('upload_bookmark', 's:1:"0";');
INSERT INTO `variable` VALUES ('node_images_position_bookmark', 's:4:"hide";');
INSERT INTO `variable` VALUES ('node_images_gallery_link_bookmark', 's:1:"0";');
INSERT INTO `variable` VALUES ('node_images_teaser_images_bookmark', 's:1:"2";');
INSERT INTO `variable` VALUES ('node_images_body_images_bookmark', 's:0:"";');
INSERT INTO `variable` VALUES ('node_images_teaser_format_bookmark', 's:6:"thumbs";');
INSERT INTO `variable` VALUES ('node_images_body_format_bookmark', 's:6:"thumbs";');
INSERT INTO `variable` VALUES ('node_options_wiki', 'a:2:{i:0;s:6:"status";i:1;s:8:"revision";}');
INSERT INTO `variable` VALUES ('comment_wiki', 's:1:"0";');
INSERT INTO `variable` VALUES ('upload_wiki', 's:1:"1";');
INSERT INTO `variable` VALUES ('node_images_position_wiki', 's:4:"hide";');
INSERT INTO `variable` VALUES ('node_images_gallery_link_wiki', 's:1:"0";');
INSERT INTO `variable` VALUES ('node_images_teaser_images_wiki', 's:1:"2";');
INSERT INTO `variable` VALUES ('node_images_body_images_wiki', 's:0:"";');
INSERT INTO `variable` VALUES ('node_images_teaser_format_wiki', 's:6:"thumbs";');
INSERT INTO `variable` VALUES ('node_images_body_format_wiki', 's:6:"thumbs";');
INSERT INTO `variable` VALUES ('wikitools_path', 's:4:"wiki";');
INSERT INTO `variable` VALUES ('wikitools_main_page_title', 's:9:"Main Page";');
INSERT INTO `variable` VALUES ('wikitools_node_types', 'a:1:{s:4:"wiki";s:4:"wiki";}');
INSERT INTO `variable` VALUES ('wikitools_options', 'a:8:{s:13:"node creation";s:13:"node creation";s:11:"node search";s:11:"node search";s:13:"auto redirect";s:13:"auto redirect";s:13:"unique titles";s:13:"unique titles";s:15:"move protection";s:15:"move protection";s:17:"delete protection";s:17:"delete protection";s:19:"underscore as space";s:19:"underscore as space";s:13:"dash as space";s:13:"dash as space";}');
INSERT INTO `variable` VALUES ('title_disallowed_characters', 's:5:"[]{}|";');
INSERT INTO `variable` VALUES ('wikitools_hijack_freelinking', 'i:1;');
INSERT INTO `variable` VALUES ('freelinking_nodetype', 's:4:"wiki";');
INSERT INTO `variable` VALUES ('freelinking_notfound', 's:16:"no access search";');
INSERT INTO `variable` VALUES ('freelinking_restriction', 's:4:"wiki";');
INSERT INTO `variable` VALUES ('freelinking_camelcase', 'i:0;');
INSERT INTO `variable` VALUES ('freelinking_onceonly', 'i:0;');
INSERT INTO `variable` VALUES ('filter_url_length_1', 's:2:"72";');
INSERT INTO `variable` VALUES ('allowed_html_1', 's:187:"<a> <em> <strong> <cite> <code> <ul> <ol> <li> <dl> <dt> <dd> <b> <div> <sub> <sup> <blockquote> <img> <strike> <span> <quote> <del> <u> <i> <b> <center> <font> <p> <br> <table> <tr> <td>";');
INSERT INTO `variable` VALUES ('filter_html_help_1', 'i:0;');
INSERT INTO `variable` VALUES ('filter_html_nofollow_1', 'i:0;');
INSERT INTO `variable` VALUES ('node_cron_last', 's:10:"1176726876";');
INSERT INTO `variable` VALUES ('node_cron_comments_scale', 'd:1;');
INSERT INTO `variable` VALUES ('node_cron_views_scale', 'd:1;');
INSERT INTO `variable` VALUES ('statistics_day_timestamp', 'i:1176677491;');
INSERT INTO `variable` VALUES ('theme_zen_trevor_settings', 'a:16:{s:11:"toggle_logo";i:1;s:11:"toggle_name";i:1;s:13:"toggle_slogan";i:0;s:14:"toggle_mission";i:1;s:24:"toggle_node_user_picture";i:0;s:27:"toggle_comment_user_picture";i:0;s:13:"toggle_search";i:1;s:14:"toggle_favicon";i:1;s:12:"default_logo";i:1;s:9:"logo_path";s:0:"";s:11:"logo_upload";s:0:"";s:15:"default_favicon";i:0;s:12:"favicon_path";s:17:"files/favicon.ico";s:14:"favicon_upload";s:0:"";s:2:"op";s:18:"Save configuration";s:10:"form_token";s:32:"8b90a93817576afd1cac1585c728a0c1";}');
INSERT INTO `variable` VALUES ('cache', 's:1:"1";');
INSERT INTO `variable` VALUES ('cache_lifetime', 's:1:"0";');
INSERT INTO `variable` VALUES ('preprocess_css', 'b:0;');
INSERT INTO `variable` VALUES ('feed_default_items', 's:2:"10";');
INSERT INTO `variable` VALUES ('feed_item_length', 's:6:"teaser";');
INSERT INTO `variable` VALUES ('og_reg_codes_salt', 's:32:"35181645545ec217db82151.70272823";');
INSERT INTO `variable` VALUES ('og_reg_codes_salt_timestamp', 'i:1173102973;');
INSERT INTO `variable` VALUES ('profile_csv_role2', 'i:1;');
INSERT INTO `variable` VALUES ('profile_csv_role3', 'i:1;');
INSERT INTO `variable` VALUES ('profile_csv_role4', 'i:1;');
INSERT INTO `variable` VALUES ('profile_csv_role5', 'i:1;');
INSERT INTO `variable` VALUES ('profile_csv_status', 's:1:"2";');
INSERT INTO `variable` VALUES ('profile_csv_param_uid', 'i:1;');
INSERT INTO `variable` VALUES ('profile_csv_param_name', 'i:1;');
INSERT INTO `variable` VALUES ('profile_csv_param_mail', 'i:1;');
INSERT INTO `variable` VALUES ('profile_csv_param_profile_2', 'i:1;');
INSERT INTO `variable` VALUES ('profile_csv_param_profile_1', 'i:1;');
INSERT INTO `variable` VALUES ('pathauto_version', 'a:2:{s:4:"text";s:9:"2005-9-18";s:5:"build";i:5;}');
INSERT INTO `variable` VALUES ('pathauto_indexaliases_bulkupdate', 'b:0;');
INSERT INTO `variable` VALUES ('pathauto_blog_supportsfeeds', 's:4:"feed";');
INSERT INTO `variable` VALUES ('pathauto_node_supportsfeeds', 's:4:"feed";');
INSERT INTO `variable` VALUES ('pathauto_taxonomy_supportsfeeds', 's:6:"0/feed";');
INSERT INTO `variable` VALUES ('pathauto_tracker_supportsfeeds', 's:4:"feed";');
INSERT INTO `variable` VALUES ('pathauto_user_supportsfeeds', 'N;');
INSERT INTO `variable` VALUES ('pathauto_modulelist', 'a:5:{i:0;s:4:"blog";i:1;s:4:"node";i:2;s:8:"taxonomy";i:3;s:7:"tracker";i:4;s:4:"user";}');
INSERT INTO `variable` VALUES ('pathauto_verbose', 'i:0;');
INSERT INTO `variable` VALUES ('pathauto_separator', 's:1:"-";');
INSERT INTO `variable` VALUES ('pathauto_quotes', 's:1:"0";');
INSERT INTO `variable` VALUES ('pathauto_max_length', 's:3:"100";');
INSERT INTO `variable` VALUES ('pathauto_max_component_length', 's:3:"100";');
INSERT INTO `variable` VALUES ('pathauto_indexaliases', 'i:1;');
INSERT INTO `variable` VALUES ('pathauto_update_action', 's:1:"2";');
INSERT INTO `variable` VALUES ('pathauto_ignore_words', 's:108:"a,an,as,at,before,but,by,for,from,is,in,into,like,of,off,on,onto,per,since,than,the,this,that,to,up,via,with";');
INSERT INTO `variable` VALUES ('pathauto_blog_pattern', 's:11:"blog/[user]";');
INSERT INTO `variable` VALUES ('pathauto_blog_bulkupdate', 'i:0;');
INSERT INTO `variable` VALUES ('pathauto_blog_applytofeeds', 'i:1;');
INSERT INTO `variable` VALUES ('pathauto_node_pattern', 's:0:"";');
INSERT INTO `variable` VALUES ('pathauto_node_assignment_pattern', 's:12:"[type]/[nid]";');
INSERT INTO `variable` VALUES ('pathauto_node_course_pattern', 's:12:"[type]/[nid]";');
INSERT INTO `variable` VALUES ('pathauto_node_event_pattern', 's:12:"[type]/[nid]";');
INSERT INTO `variable` VALUES ('pathauto_node_group_pattern', 's:12:"[type]/[nid]";');
INSERT INTO `variable` VALUES ('pathauto_node_page_pattern', 's:0:"";');
INSERT INTO `variable` VALUES ('pathauto_node_story_pattern', 's:0:"";');
INSERT INTO `variable` VALUES ('pathauto_node_wiki_pattern', 's:12:"wiki/[title]";');
INSERT INTO `variable` VALUES ('pathauto_node_bulkupdate', 'i:0;');
INSERT INTO `variable` VALUES ('pathauto_node_applytofeeds', 'i:1;');
INSERT INTO `variable` VALUES ('pathauto_taxonomy_pattern', 's:17:"[vocab]/[catpath]";');
INSERT INTO `variable` VALUES ('pathauto_taxonomy_1_pattern', 's:0:"";');
INSERT INTO `variable` VALUES ('pathauto_taxonomy_bulkupdate', 'i:0;');
INSERT INTO `variable` VALUES ('pathauto_taxonomy_applytofeeds', 'i:1;');
INSERT INTO `variable` VALUES ('pathauto_tracker_pattern', 's:0:"";');
INSERT INTO `variable` VALUES ('pathauto_tracker_bulkupdate', 'i:0;');
INSERT INTO `variable` VALUES ('pathauto_tracker_applytofeeds', 'i:0;');
INSERT INTO `variable` VALUES ('pathauto_user_pattern', 's:0:"";');
INSERT INTO `variable` VALUES ('pathauto_user_bulkupdate', 'i:0;');
INSERT INTO `variable` VALUES ('theme_settings', 'a:29:{s:11:"toggle_logo";i:1;s:11:"toggle_name";i:1;s:13:"toggle_slogan";i:0;s:14:"toggle_mission";i:1;s:24:"toggle_node_user_picture";i:0;s:27:"toggle_comment_user_picture";i:0;s:13:"toggle_search";i:1;s:14:"toggle_favicon";i:1;s:27:"toggle_node_info_assignment";i:1;s:22:"toggle_node_info_audio";i:1;s:21:"toggle_node_info_blog";i:1;s:25:"toggle_node_info_bookmark";i:1;s:23:"toggle_node_info_course";i:0;s:22:"toggle_node_info_event";i:1;s:22:"toggle_node_info_group";i:0;s:22:"toggle_node_info_image";i:1;s:21:"toggle_node_info_page";i:0;s:21:"toggle_node_info_poll";i:1;s:35:"toggle_node_info_portfolio_artifact";i:1;s:22:"toggle_node_info_story";i:0;s:21:"toggle_node_info_wiki";i:0;s:12:"default_logo";i:1;s:9:"logo_path";s:0:"";s:11:"logo_upload";s:0:"";s:15:"default_favicon";i:0;s:12:"favicon_path";s:17:"files/favicon.ico";s:14:"favicon_upload";s:0:"";s:2:"op";s:18:"Save configuration";s:10:"form_token";s:32:"96ed410e86cb4ace0d54c1a38a4e3f38";}');
INSERT INTO `variable` VALUES ('user_register', 's:1:"1";');
INSERT INTO `variable` VALUES ('user_email_verification', 'i:1;');
INSERT INTO `variable` VALUES ('user_registration_help', 's:0:"";');
INSERT INTO `variable` VALUES ('user_mail_welcome_subject', 's:38:"Account details for !username at !site";');
INSERT INTO `variable` VALUES ('user_mail_welcome_body', 's:442:"!username,\r\n\r\nThank you for registering at !site. You may now log in to !login_uri using the following username and password:\r\n\r\nusername: !username\r\npassword: !password\r\n\r\nYou may also log in by clicking on this link or copying and pasting it in your browser:\r\n\r\n!login_url\r\n\r\nThis is a one-time login, so it can be used only once.\r\n\r\nAfter logging in, you will be redirected to !edit_uri so you can change your password.\r\n\r\n\r\n--  !site team";');
INSERT INTO `variable` VALUES ('user_mail_admin_subject', 's:52:"An administrator created an account for you at !site";');
INSERT INTO `variable` VALUES ('user_mail_admin_body', 's:468:"!username,\r\n\r\nA site administrator at !site has created an account for you. You may now log in to !login_uri using the following username and password:\r\n\r\nusername: !username\r\npassword: !password\r\n\r\nYou may also log in by clicking on this link or copying and pasting it in your browser:\r\n\r\n!login_url\r\n\r\nThis is a one-time login, so it can be used only once.\r\n\r\nAfter logging in, you will be redirected to !edit_uri so you can change your password.\r\n\r\n\r\n--  !site team";');
INSERT INTO `variable` VALUES ('user_mail_approval_subject', 's:63:"Account details for !username at !site (pending admin approval)";');
INSERT INTO `variable` VALUES ('user_mail_approval_body', 's:508:"!username,\r\n\r\nThank you for registering at !site. Your application for an account is currently pending approval. Once it has been granted, you may log in to !login_uri using the following username and password:\r\n\r\nusername: !username\r\npassword: !password\r\n\r\nYou may also log in by clicking on this link or copying and pasting it in your browser:\r\n\r\n!login_url\r\n\r\nThis is a one-time login, so it can be used only once.\r\n\r\nAfter logging in, you may wish to change your password at !edit_uri\r\n\r\n\r\n--  !site team";');
INSERT INTO `variable` VALUES ('user_mail_pass_subject', 's:52:"Replacement login information for !username at !site";');
INSERT INTO `variable` VALUES ('user_mail_pass_body', 's:416:"!username,\r\n\r\nA request to reset the password for your account has been made at !site.\r\n\r\nYou may now log in to !uri_brief clicking on this link or copying and pasting it in your browser:\r\n\r\n!login_url\r\n\r\nThis is a one-time login, so it can be used only once. It expires after one day and nothing will happen if it''s not used.\r\n\r\nAfter logging in, you will be redirected to !edit_uri so you can change your password.";');
INSERT INTO `variable` VALUES ('user_pictures', 's:1:"1";');
INSERT INTO `variable` VALUES ('user_picture_path', 's:8:"pictures";');
INSERT INTO `variable` VALUES ('user_picture_default', 's:0:"";');
INSERT INTO `variable` VALUES ('user_picture_dimensions', 's:5:"85x85";');
INSERT INTO `variable` VALUES ('user_picture_file_size', 's:2:"30";');
INSERT INTO `variable` VALUES ('user_picture_guidelines', 's:0:"";');
INSERT INTO `variable` VALUES ('update_access_fixed', 'b:1;');
INSERT INTO `variable` VALUES ('og_reg_code_required', 'i:0;');
INSERT INTO `variable` VALUES ('og_reg_codes_role', 's:1:"2";');
INSERT INTO `variable` VALUES ('og_reg_codes_message', 's:55:"To join this group, use the registration code %reg_code";');
INSERT INTO `variable` VALUES ('node_options_poll', 'a:1:{i:0;s:6:"status";}');
INSERT INTO `variable` VALUES ('comment_poll', 's:1:"2";');
INSERT INTO `variable` VALUES ('upload_poll', 's:1:"1";');
INSERT INTO `variable` VALUES ('node_images_position_poll', 's:4:"hide";');
INSERT INTO `variable` VALUES ('node_images_gallery_link_poll', 's:1:"0";');
INSERT INTO `variable` VALUES ('node_images_teaser_images_poll', 's:1:"2";');
INSERT INTO `variable` VALUES ('node_images_body_images_poll', 's:0:"";');
INSERT INTO `variable` VALUES ('node_images_teaser_format_poll', 's:6:"thumbs";');
INSERT INTO `variable` VALUES ('node_images_body_format_poll', 's:6:"thumbs";');
INSERT INTO `variable` VALUES ('pathauto_node_poll_pattern', 's:12:"[type]/[nid]";');
INSERT INTO `variable` VALUES ('ld_condition_type', 's:6:"always";');
INSERT INTO `variable` VALUES ('ld_url_destination', 's:6:"mywork";');
INSERT INTO `variable` VALUES ('ld_url_type', 's:6:"static";');
INSERT INTO `variable` VALUES ('buddylist_require_approval', 's:1:"1";');
INSERT INTO `variable` VALUES ('buddylist_buddygroups', 'i:1;');
INSERT INTO `variable` VALUES ('buddylist_prof_buddies', 's:1:"8";');
INSERT INTO `variable` VALUES ('buddylist_blocklisting_size', 's:1:"8";');
INSERT INTO `variable` VALUES ('buddylist_posts_block', 's:1:"7";');
INSERT INTO `variable` VALUES ('buddylist_list_block_title', 's:10:"My friends";');
INSERT INTO `variable` VALUES ('buddylist_block_title', 's:21:"My friends'' ramblings";');
INSERT INTO `variable` VALUES ('buddylist_status_block_title', 's:18:"My friends'' status";');
INSERT INTO `variable` VALUES ('buddylist_user_mail', 'i:1;');
INSERT INTO `variable` VALUES ('buddylist_send_add', 'i:1;');
INSERT INTO `variable` VALUES ('buddylist_add_subject', 's:43:"[@site] You are @adder_name''s newest @buddy";');
INSERT INTO `variable` VALUES ('buddylist_add_message', 's:200:"Hi @addee_name,\r\n\r\nYou are @adder_name''s newest @buddy.\r\n\r\nHere''s a link to @adder_name''s profile. If you''d like, you can add them as one of your @buddies:\r\n\r\n  @adder_link\r\n\r\nRegards,\r\nThe @site team";');
INSERT INTO `variable` VALUES ('buddylist_send_remove', 'i:0;');
INSERT INTO `variable` VALUES ('buddylist_remove_subject', 's:60:"[@site] You have been removed from @adder_name''s @buddy list";');
INSERT INTO `variable` VALUES ('buddylist_remove_message', 's:189:"Hi @addee_name,\r\n\r\nYou have been removed from  @adder_name''s  @buddy list.\r\n\r\nHere''s a link to @adder_name''s profile:\r\n\r\n  @adder_link\r\n\r\nEnjoy your new freedom!\r\n\r\nRegards,\r\nThe @site team";');
INSERT INTO `variable` VALUES ('buddylist_send_request', 'i:1;');
INSERT INTO `variable` VALUES ('buddylist_request_subject', 's:67:"[@site] @adder_name has requested to add you to his/her @buddy list";');
INSERT INTO `variable` VALUES ('buddylist_request_message', 's:311:"Hi @addee_name,\r\n\r\n@adder_name has requested to add you to his/her @buddy list.\r\n\r\nHere''s a link to @adder_name''s profile:\r\n\r\n  @adder_link\r\n\r\nTo approve/deny this request, log in to @siteurl and see your pending @buddy requests\r\nat @pending_requests_link.\r\n\r\nEnjoy your new freedom!\r\n\r\nRegards,\r\nThe @site team";');
INSERT INTO `variable` VALUES ('buddylist_send_approval', 'i:1;');
INSERT INTO `variable` VALUES ('buddylist_approval_subject', 's:61:"[@site] @addee_name has approved your @buddy list add request";');
INSERT INTO `variable` VALUES ('buddylist_approval_message', 's:200:"Hi @adder_name,\r\n\r\n@addee_name has approved your request to join his/her @buddy list.\r\n\r\nHere''s a link to your buddylist:\r\n\r\n  @adder_list_link\r\n\r\nEnjoy your new freedom!\r\n\r\nRegards,\r\nThe @site team\r\n";');
INSERT INTO `variable` VALUES ('node_options_portfolio_artifact', 'a:1:{i:0;s:6:"status";}');
INSERT INTO `variable` VALUES ('comment_portfolio_artifact', 's:1:"2";');
INSERT INTO `variable` VALUES ('upload_portfolio_artifact', 's:1:"1";');
INSERT INTO `variable` VALUES ('node_images_position_portfolio_artifact', 's:4:"hide";');
INSERT INTO `variable` VALUES ('node_images_gallery_link_portfolio_artifact', 's:1:"0";');
INSERT INTO `variable` VALUES ('node_images_teaser_images_portfolio_artifact', 's:1:"2";');
INSERT INTO `variable` VALUES ('node_images_body_images_portfolio_artifact', 's:0:"";');
INSERT INTO `variable` VALUES ('node_images_teaser_format_portfolio_artifact', 's:6:"thumbs";');
INSERT INTO `variable` VALUES ('node_images_body_format_portfolio_artifact', 's:6:"thumbs";');
INSERT INTO `variable` VALUES ('clean_url', 's:1:"0";');
INSERT INTO `variable` VALUES ('ld_condition_snippet', 's:0:"";');
INSERT INTO `variable` VALUES ('site_mail', 's:23:"contact@funnymonkey.com";');
INSERT INTO `variable` VALUES ('akismet_wpapikey', 's:0:"";');
INSERT INTO `variable` VALUES ('akismet_connection_enabled', 's:1:"1";');
INSERT INTO `variable` VALUES ('akismet_connection_timeout', 's:2:"10";');
INSERT INTO `variable` VALUES ('akismet_remove_spam_age', 's:6:"259200";');
INSERT INTO `variable` VALUES ('akismet_records_per_page', 's:2:"50";');
INSERT INTO `variable` VALUES ('akismet_blocks_counter', 's:1:"1";');
INSERT INTO `variable` VALUES ('akismet_email_enabled', 's:1:"1";');
INSERT INTO `variable` VALUES ('akismet_check_nodetypes', 'a:14:{i:0;i:1;i:1;i:1;s:10:"assignment";i:0;s:5:"audio";i:0;s:4:"blog";i:0;s:8:"bookmark";i:0;s:6:"course";i:0;s:5:"event";i:0;s:5:"group";i:0;s:5:"image";i:0;s:4:"page";i:0;s:18:"portfolio_artifact";i:0;s:5:"story";i:0;s:4:"wiki";i:0;}');
INSERT INTO `variable` VALUES ('node_options_bio', 'a:1:{i:0;s:6:"status";}');
INSERT INTO `variable` VALUES ('akismet_node_publish_links', 's:1:"0";');
INSERT INTO `variable` VALUES ('akismet_node_spam_links', 's:1:"0";');
INSERT INTO `variable` VALUES ('akismet_check_comments', 's:1:"1";');
INSERT INTO `variable` VALUES ('akismet_comment_publish_links', 's:1:"1";');
INSERT INTO `variable` VALUES ('akismet_comment_spam_links', 's:1:"1";');
INSERT INTO `variable` VALUES ('akismet_counter_spam', 's:1:"0";');
INSERT INTO `variable` VALUES ('akismet_counter_since', 'a:3:{s:5:"month";s:1:"3";s:3:"day";s:2:"16";s:4:"year";s:4:"2007";}');
INSERT INTO `variable` VALUES ('akismet_counter_date_format', 's:6:"F j, Y";');
INSERT INTO `variable` VALUES ('akismet_antispambot_delay', 's:2:"60";');
INSERT INTO `variable` VALUES ('akismet_antispambot_rules', 'a:3:{s:2:"ip";s:2:"ip";s:4:"mail";s:4:"mail";s:4:"body";s:4:"body";}');
INSERT INTO `variable` VALUES ('akismet_antispambot_action', 's:3:"503";');
INSERT INTO `variable` VALUES ('rebuild', 's:19:"Rebuild permissions";');
INSERT INTO `variable` VALUES ('default_nodes_main', 's:2:"10";');
INSERT INTO `variable` VALUES ('teaser_length', 's:1:"0";');
INSERT INTO `variable` VALUES ('node_preview', 's:1:"0";');
INSERT INTO `variable` VALUES ('node_cron_last_nid', 's:3:"172";');
INSERT INTO `variable` VALUES ('site_footer', 's:235:"<p>Site design by <a href="http://www.funnymonkey.com">FunnyMonkey</a></p>\r\nTheme based on <a href="http://drupal.org/project/zen">Zen</a>, with some very nice modifications by <a href="http://www.trevortwining.com/">Trevor Twining</a>";');
INSERT INTO `variable` VALUES ('og_content_type_admin_no_change', 'i:0;');
INSERT INTO `variable` VALUES ('pathauto_taxonomy_3_pattern', 's:0:"";');
INSERT INTO `variable` VALUES ('pathauto_taxonomy_4_pattern', 's:0:"";');
INSERT INTO `variable` VALUES ('pathauto_taxonomy_2_pattern', 's:0:"";');
INSERT INTO `variable` VALUES ('pathauto_taxonomy_5_pattern', 's:0:"";');
INSERT INTO `variable` VALUES ('pathauto_node_blog_pattern', 's:35:"blog/[user]/[dd]-[mon]-[yyyy]/[nid]";');
INSERT INTO `variable` VALUES ('pathauto_node_audio_pattern', 's:37:"[type]/[user]/[dd]-[mon]-[yyyy]/[nid]";');
INSERT INTO `variable` VALUES ('pathauto_node_bookmark_pattern', 's:37:"[type]/[user]/[dd]-[mon]-[yyyy]/[nid]";');
INSERT INTO `variable` VALUES ('pathauto_node_image_pattern', 's:37:"[type]/[user]/[dd]-[mon]-[yyyy]/[nid]";');
INSERT INTO `variable` VALUES ('pathauto_node_portfolio_artifact_pattern', 's:37:"[type]/[user]/[dd]-[mon]-[yyyy]/[nid]";');
INSERT INTO `variable` VALUES ('imce_settings_tinymce', 'i:1;');
INSERT INTO `variable` VALUES ('imce_settings_textarea', 's:0:"";');
INSERT INTO `variable` VALUES ('imce_settings_user1', 'a:6:{s:5:"width";s:3:"500";s:6:"height";s:3:"500";s:6:"twidth";s:3:"100";s:7:"theight";s:3:"100";s:6:"shared";s:2:"u1";s:6:"extras";i:1;}');
INSERT INTO `variable` VALUES ('audio_tag_settings', 'a:6:{s:6:"artist";a:6:{s:12:"autocomplete";i:0;s:8:"required";i:1;s:6:"hidden";i:0;s:9:"browsable";i:1;s:11:"writetofile";i:1;s:6:"weight";s:2:"-2";}s:5:"title";a:6:{s:12:"autocomplete";i:0;s:8:"required";i:1;s:6:"hidden";i:0;s:9:"browsable";i:1;s:11:"writetofile";i:1;s:6:"weight";s:2:"-2";}s:5:"album";a:6:{s:12:"autocomplete";i:1;s:8:"required";i:0;s:6:"hidden";i:1;s:9:"browsable";i:1;s:11:"writetofile";i:1;s:6:"weight";s:2:"-1";}s:5:"track";a:6:{s:12:"autocomplete";i:1;s:8:"required";i:0;s:6:"hidden";i:1;s:9:"browsable";i:1;s:11:"writetofile";i:1;s:6:"weight";s:2:"-1";}s:5:"genre";a:6:{s:12:"autocomplete";i:1;s:8:"required";i:0;s:6:"hidden";i:1;s:9:"browsable";i:1;s:11:"writetofile";i:1;s:6:"weight";s:1:"0";}s:4:"year";a:6:{s:12:"autocomplete";i:0;s:8:"required";i:0;s:6:"hidden";i:1;s:9:"browsable";i:1;s:11:"writetofile";i:1;s:6:"weight";s:1:"1";}}');
INSERT INTO `variable` VALUES ('node_images_path', 's:5:"files";');
INSERT INTO `variable` VALUES ('node_images_thumb_resolution', 's:7:"100x100";');
INSERT INTO `variable` VALUES ('node_images_extensions', 's:16:"jpg jpeg gif png";');
INSERT INTO `variable` VALUES ('node_images_max_images', 's:2:"12";');
INSERT INTO `variable` VALUES ('node_images_md5name', 'i:0;');
INSERT INTO `variable` VALUES ('upload_extensions_2', 's:66:"jpg jpeg gif png txt html doc xls pdf ppt pps odt ods odp swf flv ";');
INSERT INTO `variable` VALUES ('upload_uploadsize_2', 's:1:"2";');
INSERT INTO `variable` VALUES ('upload_usersize_2', 's:1:"2";');
INSERT INTO `variable` VALUES ('upload_extensions_5', 's:66:"jpg jpeg gif png txt html doc xls pdf ppt pps odt ods odp swf flv ";');
INSERT INTO `variable` VALUES ('upload_uploadsize_5', 's:1:"2";');
INSERT INTO `variable` VALUES ('upload_usersize_5', 's:1:"2";');
INSERT INTO `variable` VALUES ('calendar_empty_arg', 's:3:"all";');
INSERT INTO `variable` VALUES ('calendar_time_format_calendar_assignment', 's:3:"H:i";');
INSERT INTO `variable` VALUES ('calendar_display_format_calendar_assignment', 'a:5:{s:4:"year";s:8:"calendar";s:5:"month";s:8:"calendar";s:4:"week";s:8:"calendar";s:3:"day";s:5:"nodes";s:5:"block";s:8:"calendar";}');
INSERT INTO `variable` VALUES ('node_options_test', 'a:2:{i:0;s:6:"status";i:1;s:7:"promote";}');
INSERT INTO `variable` VALUES ('comment_test', 's:1:"2";');
INSERT INTO `variable` VALUES ('upload_test', 's:1:"1";');
INSERT INTO `variable` VALUES ('node_images_position_test', 's:4:"hide";');
INSERT INTO `variable` VALUES ('node_images_gallery_link_test', 's:1:"1";');
INSERT INTO `variable` VALUES ('node_images_teaser_images_test', 's:1:"2";');
INSERT INTO `variable` VALUES ('node_images_body_images_test', 's:0:"";');
INSERT INTO `variable` VALUES ('node_images_teaser_format_test', 's:6:"thumbs";');
INSERT INTO `variable` VALUES ('node_images_body_format_test', 's:6:"thumbs";');
INSERT INTO `variable` VALUES ('update_status', 'a:20:{s:6:"drupal";a:11:{s:4:"name";s:6:"Drupal";s:7:"version";s:3:"5.1";s:13:"version_major";s:1:"5";s:13:"version_minor";N;s:13:"version_patch";s:1:"1";s:13:"version_extra";N;s:4:"link";s:32:"http://drupal.org/project/drupal";s:7:"release";s:29:"http://drupal.org/node/114029";s:8:"download";a:2:{s:5:"title";s:17:"drupal-5.1.tar.gz";s:4:"href";s:65:"http://ftp.osuosl.org/pub/drupal/files/projects/drupal-5.1.tar.gz";}s:4:"date";s:10:"1170116410";s:7:"md5hash";s:32:"1b68368c650da73af5051bae163a8ed1";}s:2:"og";a:11:{s:4:"name";s:14:"Organic groups";s:7:"version";s:7:"5.x-2.2";s:13:"version_major";s:1:"2";s:13:"version_minor";N;s:13:"version_patch";s:1:"2";s:13:"version_extra";N;s:4:"link";s:28:"http://drupal.org/project/og";s:7:"release";s:29:"http://drupal.org/node/124645";s:8:"download";a:2:{s:5:"title";s:17:"og-5.x-2.2.tar.gz";s:4:"href";s:65:"http://ftp.osuosl.org/pub/drupal/files/projects/og-5.x-2.2.tar.gz";}s:4:"date";s:10:"1173023703";s:7:"md5hash";s:32:"d61295377d6fceaa782ce9e2e16d8c49";}s:5:"views";a:11:{s:4:"name";s:5:"Views";s:7:"version";s:13:"5.x-1.6-beta4";s:13:"version_major";s:1:"1";s:13:"version_minor";N;s:13:"version_patch";s:1:"6";s:13:"version_extra";s:5:"beta4";s:4:"link";s:31:"http://drupal.org/project/views";s:7:"release";s:29:"http://drupal.org/node/136206";s:8:"download";a:2:{s:5:"title";s:26:"views-5.x-1.6-beta4.tar.gz";s:4:"href";s:74:"http://ftp.osuosl.org/pub/drupal/files/projects/views-5.x-1.6-beta4.tar.gz";}s:4:"date";s:10:"1176522020";s:7:"md5hash";s:32:"5a279a7780980505359e051d3a6826aa";}s:3:"cck";a:11:{s:4:"name";s:30:"Content Construction Kit (CCK)";s:7:"version";s:7:"5.x-1.5";s:13:"version_major";s:1:"1";s:13:"version_minor";N;s:13:"version_patch";s:1:"5";s:13:"version_extra";N;s:4:"link";s:29:"http://drupal.org/project/cck";s:7:"release";s:29:"http://drupal.org/node/135836";s:8:"download";a:2:{s:5:"title";s:18:"cck-5.x-1.5.tar.gz";s:4:"href";s:66:"http://ftp.osuosl.org/pub/drupal/files/projects/cck-5.x-1.5.tar.gz";}s:4:"date";s:10:"1176410409";s:7:"md5hash";s:32:"4e7c9dfe6ebee51c5908422e0c492d59";}s:4:"link";a:11:{s:4:"name";s:4:"Link";s:7:"version";s:7:"5.x-1.5";s:13:"version_major";s:1:"1";s:13:"version_minor";N;s:13:"version_patch";s:1:"5";s:13:"version_extra";N;s:4:"link";s:30:"http://drupal.org/project/link";s:7:"release";s:29:"http://drupal.org/node/128833";s:8:"download";a:2:{s:5:"title";s:19:"link-5.x-1.5.tar.gz";s:4:"href";s:67:"http://ftp.osuosl.org/pub/drupal/files/projects/link-5.x-1.5.tar.gz";}s:4:"date";s:10:"1174199407";s:7:"md5hash";s:32:"8a2549112607de8d2dc25a7b6c3c7d98";}s:9:"daterange";a:11:{s:4:"name";s:23:"Views Date Range Filter";s:7:"version";s:7:"5.x-1.4";s:13:"version_major";s:1:"1";s:13:"version_minor";N;s:13:"version_patch";s:1:"4";s:13:"version_extra";N;s:4:"link";s:35:"http://drupal.org/project/daterange";s:7:"release";s:29:"http://drupal.org/node/136691";s:8:"download";a:2:{s:5:"title";s:24:"daterange-5.x-1.4.tar.gz";s:4:"href";s:72:"http://ftp.osuosl.org/pub/drupal/files/projects/daterange-5.x-1.4.tar.gz";}s:4:"date";s:10:"1176723005";s:7:"md5hash";s:32:"43be6df3bd37f34678cc295be95f3b41";}s:8:"calendar";a:11:{s:4:"name";s:8:"Calendar";s:7:"version";s:7:"5.x-1.4";s:13:"version_major";s:1:"1";s:13:"version_minor";N;s:13:"version_patch";s:1:"4";s:13:"version_extra";N;s:4:"link";s:34:"http://drupal.org/project/calendar";s:7:"release";s:29:"http://drupal.org/node/126585";s:8:"download";a:2:{s:5:"title";s:23:"calendar-5.x-1.4.tar.gz";s:4:"href";s:71:"http://ftp.osuosl.org/pub/drupal/files/projects/calendar-5.x-1.4.tar.gz";}s:4:"date";s:10:"1173557702";s:7:"md5hash";s:32:"38589f210a60dc02c37ddbdf110f504f";}s:4:"date";a:11:{s:4:"name";s:4:"Date";s:7:"version";s:7:"5.x-1.4";s:13:"version_major";s:1:"1";s:13:"version_minor";N;s:13:"version_patch";s:1:"4";s:13:"version_extra";N;s:4:"link";s:30:"http://drupal.org/project/date";s:7:"release";s:29:"http://drupal.org/node/126580";s:8:"download";a:2:{s:5:"title";s:19:"date-5.x-1.4.tar.gz";s:4:"href";s:67:"http://ftp.osuosl.org/pub/drupal/files/projects/date-5.x-1.4.tar.gz";}s:4:"date";s:10:"1173557104";s:7:"md5hash";s:32:"255499ee1d5d76f4bb5bae8f16c7454a";}s:13:"update_status";a:11:{s:4:"name";s:13:"Update status";s:7:"version";s:7:"5.x-1.2";s:13:"version_major";s:1:"1";s:13:"version_minor";N;s:13:"version_patch";s:1:"2";s:13:"version_extra";N;s:4:"link";s:39:"http://drupal.org/project/update_status";s:7:"release";s:29:"http://drupal.org/node/136209";s:8:"download";a:2:{s:5:"title";s:28:"update_status-5.x-1.2.tar.gz";s:4:"href";s:76:"http://ftp.osuosl.org/pub/drupal/files/projects/update_status-5.x-1.2.tar.gz";}s:4:"date";s:10:"1176522914";s:7:"md5hash";s:32:"6f5c315a207546e7609d94c54541087c";}s:9:"viewfield";a:11:{s:4:"name";s:9:"Viewfield";s:7:"version";s:7:"5.x-1.2";s:13:"version_major";s:1:"1";s:13:"version_minor";N;s:13:"version_patch";s:1:"2";s:13:"version_extra";N;s:4:"link";s:35:"http://drupal.org/project/viewfield";s:7:"release";s:29:"http://drupal.org/node/136165";s:8:"download";a:2:{s:5:"title";s:24:"viewfield-5.x-1.2.tar.gz";s:4:"href";s:72:"http://ftp.osuosl.org/pub/drupal/files/projects/viewfield-5.x-1.2.tar.gz";}s:4:"date";s:10:"1176502509";s:7:"md5hash";s:32:"ded37962a138b07118eb0d3315dac71f";}s:11:"freelinking";a:11:{s:4:"name";s:11:"freelinking";s:7:"version";s:7:"5.x-1.2";s:13:"version_major";s:1:"1";s:13:"version_minor";N;s:13:"version_patch";s:1:"2";s:13:"version_extra";N;s:4:"link";s:37:"http://drupal.org/project/freelinking";s:7:"release";s:29:"http://drupal.org/node/120021";s:8:"download";a:2:{s:5:"title";s:26:"freelinking-5.x-1.2.tar.gz";s:4:"href";s:74:"http://ftp.osuosl.org/pub/drupal/files/projects/freelinking-5.x-1.2.tar.gz";}s:4:"date";s:10:"1171716905";s:7:"md5hash";s:32:"c63f9478ad5ecbd5935959c42feaecbc";}s:16:"views_fastsearch";a:11:{s:4:"name";s:17:"Views Fast Search";s:7:"version";s:7:"5.x-1.1";s:13:"version_major";s:1:"1";s:13:"version_minor";N;s:13:"version_patch";s:1:"1";s:13:"version_extra";N;s:4:"link";s:42:"http://drupal.org/project/views_fastsearch";s:7:"release";s:29:"http://drupal.org/node/136690";s:8:"download";a:2:{s:5:"title";s:31:"views_fastsearch-5.x-1.1.tar.gz";s:4:"href";s:79:"http://ftp.osuosl.org/pub/drupal/files/projects/views_fastsearch-5.x-1.1.tar.gz";}s:4:"date";s:10:"1176723014";s:7:"md5hash";s:32:"2fafcd7adcf73f56ae497b4b446271cd";}s:8:"pathauto";a:11:{s:4:"name";s:8:"Pathauto";s:7:"version";s:7:"5.x-1.1";s:13:"version_major";s:1:"1";s:13:"version_minor";N;s:13:"version_patch";s:1:"1";s:13:"version_extra";N;s:4:"link";s:34:"http://drupal.org/project/pathauto";s:7:"release";s:29:"http://drupal.org/node/129345";s:8:"download";a:2:{s:5:"title";s:23:"pathauto-5.x-1.1.tar.gz";s:4:"href";s:71:"http://ftp.osuosl.org/pub/drupal/files/projects/pathauto-5.x-1.1.tar.gz";}s:4:"date";s:10:"1174359303";s:7:"md5hash";s:32:"b5ad2cf8a1f6a43fd50742ce85b3c2f2";}s:14:"recent_changes";a:11:{s:4:"name";s:14:"Recent Changes";s:7:"version";s:7:"5.x-1.1";s:13:"version_major";s:1:"1";s:13:"version_minor";N;s:13:"version_patch";s:1:"1";s:13:"version_extra";N;s:4:"link";s:40:"http://drupal.org/project/recent_changes";s:7:"release";s:29:"http://drupal.org/node/125430";s:8:"download";a:2:{s:5:"title";s:29:"recent_changes-5.x-1.1.tar.gz";s:4:"href";s:77:"http://ftp.osuosl.org/pub/drupal/files/projects/recent_changes-5.x-1.1.tar.gz";}s:4:"date";s:10:"1173238209";s:7:"md5hash";s:32:"b60e6c942affde7b04f6b26be2279ee2";}s:4:"diff";a:11:{s:4:"name";s:4:"Diff";s:7:"version";s:7:"5.x-1.1";s:13:"version_major";s:1:"1";s:13:"version_minor";N;s:13:"version_patch";s:1:"1";s:13:"version_extra";N;s:4:"link";s:30:"http://drupal.org/project/diff";s:7:"release";s:29:"http://drupal.org/node/125383";s:8:"download";a:2:{s:5:"title";s:19:"diff-5.x-1.1.tar.gz";s:4:"href";s:67:"http://ftp.osuosl.org/pub/drupal/files/projects/diff-5.x-1.1.tar.gz";}s:4:"date";s:10:"1173226808";s:7:"md5hash";s:32:"79e6f56a92899362a954956097e40a4d";}s:5:"audio";a:11:{s:4:"name";s:5:"audio";s:7:"version";s:7:"5.x-1.0";s:13:"version_major";s:1:"1";s:13:"version_minor";N;s:13:"version_patch";s:1:"0";s:13:"version_extra";N;s:4:"link";s:31:"http://drupal.org/project/audio";s:7:"release";s:29:"http://drupal.org/node/129925";s:8:"download";a:2:{s:5:"title";s:20:"audio-5.x-1.0.tar.gz";s:4:"href";s:68:"http://ftp.osuosl.org/pub/drupal/files/projects/audio-5.x-1.0.tar.gz";}s:4:"date";s:10:"1174516208";s:7:"md5hash";s:32:"62d2199d732534a47563f4fcf0a24dcf";}s:8:"userplus";a:11:{s:4:"name";s:8:"userplus";s:7:"version";s:7:"5.x-1.0";s:13:"version_major";s:1:"1";s:13:"version_minor";N;s:13:"version_patch";s:1:"0";s:13:"version_extra";N;s:4:"link";s:34:"http://drupal.org/project/userplus";s:7:"release";s:29:"http://drupal.org/node/124728";s:8:"download";a:2:{s:5:"title";s:23:"userplus-5.x-1.0.tar.gz";s:4:"href";s:71:"http://ftp.osuosl.org/pub/drupal/files/projects/userplus-5.x-1.0.tar.gz";}s:4:"date";s:10:"1173044706";s:7:"md5hash";s:32:"3cf1d51a6988e7a8836ad1d6c5c087fd";}s:9:"wikitools";a:11:{s:4:"name";s:9:"Wikitools";s:7:"version";s:7:"5.x-1.0";s:13:"version_major";s:1:"1";s:13:"version_minor";N;s:13:"version_patch";s:1:"0";s:13:"version_extra";N;s:4:"link";s:35:"http://drupal.org/project/wikitools";s:7:"release";s:29:"http://drupal.org/node/124512";s:8:"download";a:2:{s:5:"title";s:24:"wikitools-5.x-1.0.tar.gz";s:4:"href";s:72:"http://ftp.osuosl.org/pub/drupal/files/projects/wikitools-5.x-1.0.tar.gz";}s:4:"date";s:10:"1172966104";s:7:"md5hash";s:32:"543177e9d8bea51a5793c1c464cad46a";}s:11:"views_bonus";a:11:{s:4:"name";s:16:"Views Bonus Pack";s:7:"version";s:7:"5.x-1.0";s:13:"version_major";s:1:"1";s:13:"version_minor";N;s:13:"version_patch";s:1:"0";s:13:"version_extra";N;s:4:"link";s:37:"http://drupal.org/project/views_bonus";s:7:"release";s:28:"http://drupal.org/node/97013";s:8:"download";a:2:{s:5:"title";s:26:"views_bonus-5.x-1.0.tar.gz";s:4:"href";s:74:"http://ftp.osuosl.org/pub/drupal/files/projects/views_bonus-5.x-1.0.tar.gz";}s:4:"date";s:10:"1163274002";s:7:"md5hash";s:32:"2845d6fd46f1717aa0b04febaddbd4af";}s:7:"jstools";a:11:{s:4:"name";s:16:"Javascript Tools";s:7:"version";s:7:"5.x-0.6";s:13:"version_major";s:1:"0";s:13:"version_minor";N;s:13:"version_patch";s:1:"6";s:13:"version_extra";N;s:4:"link";s:33:"http://drupal.org/project/jstools";s:7:"release";s:29:"http://drupal.org/node/129190";s:8:"download";a:2:{s:5:"title";s:22:"jstools-5.x-0.6.tar.gz";s:4:"href";s:70:"http://ftp.osuosl.org/pub/drupal/files/projects/jstools-5.x-0.6.tar.gz";}s:4:"date";s:10:"1174325104";s:7:"md5hash";s:32:"d76fc8968fd1ad440814065a1229596f";}}');
INSERT INTO `variable` VALUES ('update_status_last', 'i:1176727567;');
INSERT INTO `variable` VALUES ('comment_bio', 's:1:"2";');
INSERT INTO `variable` VALUES ('upload_bio', 's:1:"0";');
INSERT INTO `variable` VALUES ('node_images_position_bio', 's:4:"hide";');
INSERT INTO `variable` VALUES ('node_images_gallery_link_bio', 's:1:"0";');
INSERT INTO `variable` VALUES ('node_images_teaser_images_bio', 's:1:"0";');
INSERT INTO `variable` VALUES ('node_images_body_images_bio', 's:0:"";');
INSERT INTO `variable` VALUES ('node_images_teaser_format_bio', 's:6:"thumbs";');
INSERT INTO `variable` VALUES ('node_images_body_format_bio', 's:6:"thumbs";');
INSERT INTO `variable` VALUES ('pathauto_node_bio_pattern', 's:10:"bio/[user]";');
INSERT INTO `variable` VALUES ('bio_nodetype', 's:3:"bio";');
INSERT INTO `variable` VALUES ('bio_link', 'a:15:{i:1;i:1;i:0;i:1;s:4:"blog";i:0;s:5:"audio";i:0;s:3:"bio";i:0;s:10:"assignment";i:0;s:8:"bookmark";i:0;s:6:"course";i:0;s:5:"event";i:0;s:5:"group";i:0;s:5:"image";i:0;s:4:"page";i:0;s:18:"portfolio_artifact";i:0;s:5:"story";i:0;s:4:"wiki";i:0;}');
INSERT INTO `variable` VALUES ('tagadelic_sort_order', 's:9:"title,asc";');
INSERT INTO `variable` VALUES ('tagadelic_page_amount', 's:3:"200";');
INSERT INTO `variable` VALUES ('tagadelic_levels', 's:2:"12";');
INSERT INTO `variable` VALUES ('bio_profile', 'i:1;');
INSERT INTO `variable` VALUES ('bio_profile_takeover', 'i:0;');
INSERT INTO `variable` VALUES ('tagadelic_block_title_8', 's:5:"Likes";');
INSERT INTO `variable` VALUES ('tagadelic_block_tags_8', 's:2:"75";');
INSERT INTO `variable` VALUES ('tagadelic_block_title_9', 's:8:"Dislikes";');
INSERT INTO `variable` VALUES ('tagadelic_block_tags_9', 's:2:"75";');
INSERT INTO `variable` VALUES ('tagadelic_block_title_10', 's:18:"Personal Interests";');
INSERT INTO `variable` VALUES ('tagadelic_block_tags_10', 's:2:"75";');
INSERT INTO `variable` VALUES ('tagadelic_block_title_11', 's:22:"Professional Interests";');
INSERT INTO `variable` VALUES ('tagadelic_block_tags_11', 's:2:"75";');
INSERT INTO `variable` VALUES ('tagadelic_block_title_6', 's:8:"Keywords";');
INSERT INTO `variable` VALUES ('tagadelic_block_tags_6', 's:2:"75";');
INSERT INTO `variable` VALUES ('filter_html_4', 's:1:"1";');
INSERT INTO `variable` VALUES ('allowed_html_4', 's:61:"<a> <em> <strong> <cite> <code> <ul> <ol> <li> <dl> <dt> <dd>";');
INSERT INTO `variable` VALUES ('filter_html_help_4', 'i:1;');
INSERT INTO `variable` VALUES ('filter_html_nofollow_4', 'i:0;');
INSERT INTO `variable` VALUES ('filter_url_length_4', 's:2:"72";');

-- --------------------------------------------------------

-- 
-- Table structure for table `view_argument`
-- 

CREATE TABLE `view_argument` (
  `vid` int(10) unsigned NOT NULL default '0',
  `type` varchar(255) default NULL,
  `argdefault` varchar(255) default NULL,
  `title` varchar(255) default NULL,
  `options` varchar(255) default NULL,
  `position` int(2) default NULL,
  `wildcard` varchar(32) default NULL,
  `wildcard_substitution` varchar(32) default NULL,
  KEY `vid` (`vid`)
) ENGINE=MyISAM DEFAULT CHARSET=utf8;

-- 
-- Dumping data for table `view_argument`
-- 

INSERT INTO `view_argument` VALUES (3, 'calendar_month', '2', 'Month', '', 1, '', '');
INSERT INTO `view_argument` VALUES (3, 'calendar_year', '2', 'Year', '', 0, '', '');
INSERT INTO `view_argument` VALUES (2, 'calendar_day', '2', 'Day', '', 2, '', '');
INSERT INTO `view_argument` VALUES (2, 'calendar_month', '2', 'Month', '', 1, '', '');
INSERT INTO `view_argument` VALUES (2, 'calendar_year', '2', 'Year', '', 0, '', '');
INSERT INTO `view_argument` VALUES (3, 'calendar_day', '2', 'Day', '', 2, '', '');
INSERT INTO `view_argument` VALUES (4, 'calendar_day', '2', 'Day', '', 2, '', '');
INSERT INTO `view_argument` VALUES (4, 'calendar_month', '2', 'Month', '', 1, '', '');
INSERT INTO `view_argument` VALUES (4, 'calendar_year', '2', 'Year', '', 0, '', '');
INSERT INTO `view_argument` VALUES (5, 'calendar_day', '2', 'Day', '', 2, '', '');
INSERT INTO `view_argument` VALUES (5, 'calendar_month', '2', 'Month', '', 1, '', '');
INSERT INTO `view_argument` VALUES (5, 'calendar_year', '2', 'Year', '', 0, '', '');
INSERT INTO `view_argument` VALUES (6, 'gid', '2', '', '', 0, '', '');
INSERT INTO `view_argument` VALUES (7, 'gid', '2', '', '', 0, '', '');
INSERT INTO `view_argument` VALUES (8, 'gid', '2', '', '', 0, '', '');
INSERT INTO `view_argument` VALUES (9, 'gid', '2', '', '', 0, '', '');
INSERT INTO `view_argument` VALUES (10, 'node_feed', '2', 'RSS Feed for the Wiki', '', 0, '', '');
INSERT INTO `view_argument` VALUES (11, 'rss_feed', '2', '', '', 0, '', '');
INSERT INTO `view_argument` VALUES (12, 'rss_feed', '2', '', '', 0, '', '');
INSERT INTO `view_argument` VALUES (13, 'rss_feed', '2', '', '', 0, '', '');
INSERT INTO `view_argument` VALUES (14, 'gid', '1', 'Search results for %1', '', 0, '', '');
INSERT INTO `view_argument` VALUES (15, 'rss_feed', '2', '', '', 0, '', '');
INSERT INTO `view_argument` VALUES (16, 'uid', '2', 'Recent posts for %1', '', 0, '', '');
INSERT INTO `view_argument` VALUES (16, 'rss_feed', '2', '', '', 1, '', '');
INSERT INTO `view_argument` VALUES (17, 'gid', '2', '', '', 0, '', '');
INSERT INTO `view_argument` VALUES (18, 'gid', '2', '', '', 0, '', '');
INSERT INTO `view_argument` VALUES (19, 'gid', '2', '', '', 0, '', '');
INSERT INTO `view_argument` VALUES (20, 'gid', '2', '', '', 0, '', '');
INSERT INTO `view_argument` VALUES (21, 'gid', '2', '', '', 0, '', '');
INSERT INTO `view_argument` VALUES (22, 'gid', '2', '', '', 0, '', '');
INSERT INTO `view_argument` VALUES (23, 'gid', '2', '', '', 0, '', '');
INSERT INTO `view_argument` VALUES (36, 'gid', '2', '', '', 0, '', '');
INSERT INTO `view_argument` VALUES (25, 'rss_feed', '2', '', '', 0, '', '');
INSERT INTO `view_argument` VALUES (27, 'rss_feed', '2', '', '', 0, '', '');
INSERT INTO `view_argument` VALUES (31, 'rss_feed', '2', '', '', 1, '', '');
INSERT INTO `view_argument` VALUES (28, 'rss_feed', '2', '', '', 0, '', '');
INSERT INTO `view_argument` VALUES (31, 'username', '2', '', '', 0, 'all', '');
INSERT INTO `view_argument` VALUES (32, 'gid', '2', '', '', 0, '', '');
INSERT INTO `view_argument` VALUES (24, 'rss_feed', '2', '', '', 1, '', '');
INSERT INTO `view_argument` VALUES (34, 'gid', '2', '', '', 0, '', '');
INSERT INTO `view_argument` VALUES (37, 'gid', '2', '', '', 0, '', '');
INSERT INTO `view_argument` VALUES (29, 'gid', '2', '', '', 0, 'all', '');
INSERT INTO `view_argument` VALUES (35, 'gid', '2', '', '', 0, '', '');
INSERT INTO `view_argument` VALUES (24, 'gid', '2', '', '', 0, 'all', '');

-- --------------------------------------------------------

-- 
-- Table structure for table `view_exposed_filter`
-- 

CREATE TABLE `view_exposed_filter` (
  `vid` int(10) unsigned NOT NULL default '0',
  `field` varchar(255) default NULL,
  `label` varchar(255) default NULL,
  `optional` int(1) default NULL,
  `is_default` int(1) default NULL,
  `operator` int(1) default NULL,
  `single` int(1) default NULL,
  `position` int(2) default NULL,
  KEY `vid` (`vid`)
) ENGINE=MyISAM DEFAULT CHARSET=utf8;

-- 
-- Dumping data for table `view_exposed_filter`
-- 

INSERT INTO `view_exposed_filter` VALUES (11, 'node.title', 'Search for a group by name', 1, 0, 1, 0, 0);
INSERT INTO `view_exposed_filter` VALUES (14, 'temp_search_results.word', 'Enter keyword', 1, 0, 1, 1, 0);
INSERT INTO `view_exposed_filter` VALUES (25, 'temp_search_results.word', 'Search Bookmarks', 1, 0, 0, 0, 0);

-- --------------------------------------------------------

-- 
-- Table structure for table `view_filter`
-- 

CREATE TABLE `view_filter` (
  `vid` int(10) unsigned NOT NULL default '0',
  `tablename` varchar(255) default NULL,
  `field` varchar(255) default NULL,
  `value` longtext,
  `operator` varchar(20) default NULL,
  `options` varchar(255) default NULL,
  `position` int(2) default NULL,
  KEY `vid` (`vid`)
) ENGINE=MyISAM DEFAULT CHARSET=utf8;

-- 
-- Dumping data for table `view_filter`
-- 

INSERT INTO `view_filter` VALUES (2, '', 'node.type', 'event', 'OR', '', 1);
INSERT INTO `view_filter` VALUES (3, '', 'node.status', '1', '=', '', 0);
INSERT INTO `view_filter` VALUES (2, '', 'node.status', '1', '=', '', 0);
INSERT INTO `view_filter` VALUES (4, '', 'node.status', '1', '=', '', 0);
INSERT INTO `view_filter` VALUES (5, '', 'og_uid_node.currentuid', '***CURRENT_USER***', '=', '', 2);
INSERT INTO `view_filter` VALUES (7, '', 'file_revisions.fid', '1', '=', '', 2);
INSERT INTO `view_filter` VALUES (8, '', 'node.currentuid', '***CURRENT_USER***', '=', '', 2);
INSERT INTO `view_filter` VALUES (10, '', 'node.status', '1', '=', '', 0);
INSERT INTO `view_filter` VALUES (5, '', 'node.type', 'assignment', 'OR', '', 1);
INSERT INTO `view_filter` VALUES (5, '', 'node.status', '1', '=', '', 0);
INSERT INTO `view_filter` VALUES (8, '', 'node.type', 'audio', 'OR', '', 1);
INSERT INTO `view_filter` VALUES (7, '', 'node.currentuid', '***CURRENT_USER***', '=', '', 1);
INSERT INTO `view_filter` VALUES (10, '', 'node.type', 'wiki', 'OR', '', 1);
INSERT INTO `view_filter` VALUES (9, '', 'og_uid_node.currentuid', '***CURRENT_USER***', '=', '', 1);
INSERT INTO `view_filter` VALUES (9, '', 'node.status', '1', '=', '', 0);
INSERT INTO `view_filter` VALUES (11, '', 'og_views.og_type', '0', '=', '', 3);
INSERT INTO `view_filter` VALUES (11, '', 'node.title', '''''', 'contains', '', 2);
INSERT INTO `view_filter` VALUES (11, '', 'og.directory', '1', '=', '', 1);
INSERT INTO `view_filter` VALUES (12, '', 'og_views.og_type', '0', '=', '', 2);
INSERT INTO `view_filter` VALUES (12, '', 'og_uid.currentuidsimple', '***CURRENT_USER***', '=', '', 1);
INSERT INTO `view_filter` VALUES (13, '', 'node.status', '1', '=', '', 0);
INSERT INTO `view_filter` VALUES (13, '', 'og_uid_node.currentuid', '***CURRENT_USER***', '=', '', 1);
INSERT INTO `view_filter` VALUES (14, '', 'temp_search_results.word', '', '=', '', 0);
INSERT INTO `view_filter` VALUES (14, '', 'node.status', '1', '=', '', 1);
INSERT INTO `view_filter` VALUES (15, '', 'node.status', '1', '=', '', 0);
INSERT INTO `view_filter` VALUES (15, '', 'og_uid_node.currentuid', '***CURRENT_USER***', '=', '', 1);
INSERT INTO `view_filter` VALUES (16, '', 'node.status', '1', '=', '', 0);
INSERT INTO `view_filter` VALUES (15, '', 'history.timestamp', '', '0', '', 2);
INSERT INTO `view_filter` VALUES (11, '', 'node.status', '1', '=', '', 0);
INSERT INTO `view_filter` VALUES (12, '', 'node.status', '1', '=', '', 0);
INSERT INTO `view_filter` VALUES (8, '', 'node.status', '1', '=', '', 0);
INSERT INTO `view_filter` VALUES (17, '', 'node.currentuidtouched', '***CURRENT_USER***', '=', '', 2);
INSERT INTO `view_filter` VALUES (17, '', 'node.type', 'wiki', 'OR', '', 1);
INSERT INTO `view_filter` VALUES (18, '', 'node.type', 'blog', 'OR', '', 1);
INSERT INTO `view_filter` VALUES (18, '', 'node.status', '1', '=', '', 0);
INSERT INTO `view_filter` VALUES (19, '', 'node.type', 'audio', 'OR', '', 1);
INSERT INTO `view_filter` VALUES (19, '', 'node.status', '1', '=', '', 0);
INSERT INTO `view_filter` VALUES (20, '', 'node.type', 'assignment', 'OR', '', 1);
INSERT INTO `view_filter` VALUES (20, '', 'node.status', '1', '=', '', 0);
INSERT INTO `view_filter` VALUES (21, '', 'node.type', 'bookmark', 'OR', '', 1);
INSERT INTO `view_filter` VALUES (21, '', 'node.status', '1', '=', '', 0);
INSERT INTO `view_filter` VALUES (22, '', 'node.type', 'image', 'OR', '', 1);
INSERT INTO `view_filter` VALUES (22, '', 'node.status', '1', '=', '', 0);
INSERT INTO `view_filter` VALUES (23, '', 'node.type', 'wiki', 'OR', '', 1);
INSERT INTO `view_filter` VALUES (23, '', 'node.status', '1', '=', '', 0);
INSERT INTO `view_filter` VALUES (25, '', 'temp_search_results.word', '', '=', '', 1);
INSERT INTO `view_filter` VALUES (24, '', 'og_uid_node.currentuid', '***CURRENT_USER***', '=', '', 2);
INSERT INTO `view_filter` VALUES (26, '', 'node.currentuid', '***CURRENT_USER***', '=', '', 2);
INSERT INTO `view_filter` VALUES (7, '', 'node.status', '1', '=', '', 0);
INSERT INTO `view_filter` VALUES (6, '', 'node.currentuidtouched', '***CURRENT_USER***', '=', '', 1);
INSERT INTO `view_filter` VALUES (26, '', 'node.type', 'bookmark', 'OR', '', 1);
INSERT INTO `view_filter` VALUES (29, '', 'node.currentuidtouched', '***CURRENT_USER***', '=', '', 1);
INSERT INTO `view_filter` VALUES (29, '', 'node.currentuid', '***CURRENT_USER***', '!=', '', 0);
INSERT INTO `view_filter` VALUES (28, '', 'node.type', 'bio,course,group,page,story', 'NOR', '', 1);
INSERT INTO `view_filter` VALUES (28, '', 'node.status', '1', '=', '', 0);
INSERT INTO `view_filter` VALUES (30, '', 'node.type', 'course,group', 'NOR', '', 1);
INSERT INTO `view_filter` VALUES (30, '', 'node.status', '1', '=', '', 0);
INSERT INTO `view_filter` VALUES (31, '', 'node.type', 'bio,course,group', 'NOR', '', 1);
INSERT INTO `view_filter` VALUES (31, '', 'node.status', '1', '=', '', 0);
INSERT INTO `view_filter` VALUES (32, '', 'term_node_6.tid', 'question', 'AND', '', 2);
INSERT INTO `view_filter` VALUES (32, '', 'node.type', 'blog', 'OR', '', 1);
INSERT INTO `view_filter` VALUES (32, '', 'node.status', '1', '=', '', 0);
INSERT INTO `view_filter` VALUES (33, '', 'og_uid.currentuidsimple', '***CURRENT_USER***', '=', '', 0);
INSERT INTO `view_filter` VALUES (17, '', 'node.status', '1', '=', '', 0);
INSERT INTO `view_filter` VALUES (34, '', 'node.currentuidtouched', '***CURRENT_USER***', '=', '', 1);
INSERT INTO `view_filter` VALUES (34, '', 'node.status', '1', '=', '', 0);
INSERT INTO `view_filter` VALUES (25, '', 'node.type', 'bookmark', 'OR', '', 0);
INSERT INTO `view_filter` VALUES (27, '', 'node.type', 'bookmark', 'OR', '', 1);
INSERT INTO `view_filter` VALUES (26, '', 'node.status', '1', '=', '', 0);
INSERT INTO `view_filter` VALUES (37, '', 'node.type', 'image', 'OR', '', 2);
INSERT INTO `view_filter` VALUES (37, '', 'node.currentuid', '***CURRENT_USER***', '=', '', 1);
INSERT INTO `view_filter` VALUES (37, '', 'node.status', '1', '=', '', 0);
INSERT INTO `view_filter` VALUES (35, '', 'node.currentuid', '***CURRENT_USER***', '=', '', 2);
INSERT INTO `view_filter` VALUES (35, '', 'node.type', 'portfolio_artifact', 'OR', '', 1);
INSERT INTO `view_filter` VALUES (35, '', 'node.status', '1', '=', '', 0);
INSERT INTO `view_filter` VALUES (27, '', 'node.status', '1', '=', '', 0);
INSERT INTO `view_filter` VALUES (24, '', 'node.type', 'assignment', 'OR', '', 1);
INSERT INTO `view_filter` VALUES (24, '', 'node.status', '1', '=', '', 0);
INSERT INTO `view_filter` VALUES (6, '', 'node.status', '1', '=', '', 0);
INSERT INTO `view_filter` VALUES (6, '', 'node.type', 'bio', 'NOR', '', 2);

-- --------------------------------------------------------

-- 
-- Table structure for table `view_sort`
-- 

CREATE TABLE `view_sort` (
  `vid` int(10) unsigned NOT NULL default '0',
  `position` int(2) default NULL,
  `field` varchar(255) default NULL,
  `sortorder` varchar(5) default NULL,
  `options` varchar(255) default NULL,
  `tablename` varchar(255) default NULL,
  KEY `vid` (`vid`)
) ENGINE=MyISAM DEFAULT CHARSET=utf8;

-- 
-- Dumping data for table `view_sort`
-- 

INSERT INTO `view_sort` VALUES (2, 0, 'node.changed', 'ASC', 'normal', NULL);
INSERT INTO `view_sort` VALUES (3, 0, 'node.changed', 'ASC', 'normal', NULL);
INSERT INTO `view_sort` VALUES (4, 0, 'node.changed', 'ASC', 'normal', NULL);
INSERT INTO `view_sort` VALUES (5, 0, 'node.changed', 'ASC', 'normal', NULL);
INSERT INTO `view_sort` VALUES (10, 0, 'node.changed', 'DESC', 'normal', NULL);
INSERT INTO `view_sort` VALUES (12, 0, 'node.title', 'ASC', '', NULL);
INSERT INTO `view_sort` VALUES (14, 0, 'node.created', 'DESC', 'normal', NULL);
INSERT INTO `view_sort` VALUES (16, 0, 'node_comment_statistics.last_comment_timestamp', 'DESC', 'normal', NULL);
INSERT INTO `view_sort` VALUES (26, 0, 'comments.timestamp', 'DESC', 'normal', NULL);
INSERT INTO `view_sort` VALUES (28, 0, 'node.changed', 'DESC', 'normal', NULL);
INSERT INTO `view_sort` VALUES (31, 0, 'node.changed', 'DESC', 'normal', NULL);
INSERT INTO `view_sort` VALUES (35, 0, 'comments.timestamp', 'DESC', 'normal', NULL);

-- --------------------------------------------------------

-- 
-- Table structure for table `view_tablefield`
-- 

CREATE TABLE `view_tablefield` (
  `vid` int(10) unsigned NOT NULL default '0',
  `tablename` varchar(255) default NULL,
  `field` varchar(255) default NULL,
  `label` varchar(255) default NULL,
  `handler` varchar(255) default NULL,
  `sortable` int(1) default NULL,
  `defaultsort` varchar(5) default NULL,
  `options` varchar(255) default NULL,
  `position` int(2) default NULL,
  KEY `vid` (`vid`)
) ENGINE=MyISAM DEFAULT CHARSET=utf8;

-- 
-- Dumping data for table `view_tablefield`
-- 

INSERT INTO `view_tablefield` VALUES (3, 'node', 'changed', 'Updated:', 'views_handler_field_date_small', 0, '0', '', 1);
INSERT INTO `view_tablefield` VALUES (3, 'node', 'title', 'Title:', 'views_handler_field_nodelink', 0, '0', 'link', 0);
INSERT INTO `view_tablefield` VALUES (2, 'node_data_field_date', 'field_date_value', 'Date', 'content_views_field_handler_group', 0, '0', 'default', 1);
INSERT INTO `view_tablefield` VALUES (2, 'node', 'title', 'Title:', 'views_handler_field_nodelink', 0, '0', 'link', 0);
INSERT INTO `view_tablefield` VALUES (3, 'node_data_field_date', 'field_date_value', 'Date', 'content_views_field_handler_group', 0, '0', 'default', 2);
INSERT INTO `view_tablefield` VALUES (4, 'node', 'title', 'Title:', 'views_handler_field_nodelink', 0, '0', 'link', 0);
INSERT INTO `view_tablefield` VALUES (6, 'node', 'changed', 'Created/Updated', 'views_handler_field_date_small', 1, 'DESC', '', 3);
INSERT INTO `view_tablefield` VALUES (6, 'term_node', 'name', 'Keywords', '', 0, '', 'link', 2);
INSERT INTO `view_tablefield` VALUES (6, 'node', 'type', 'Type of Content', '', 1, '0', '', 1);
INSERT INTO `view_tablefield` VALUES (7, 'og_node_data', 'title', 'Course/Group', '', 0, '', '', 4);
INSERT INTO `view_tablefield` VALUES (8, 'node', 'changed', 'Created/Updated', 'views_handler_field_date_small', 1, 'DESC', '', 3);
INSERT INTO `view_tablefield` VALUES (8, 'term_node_6', 'name', 'Keywords', '', 0, '', 'link', 2);
INSERT INTO `view_tablefield` VALUES (8, 'audio', 'play_link', 'Play', '', 0, '', '', 1);
INSERT INTO `view_tablefield` VALUES (9, 'node', 'changed', 'Created/Updated', 'views_handler_field_date_small', 1, 'DESC', '', 4);
INSERT INTO `view_tablefield` VALUES (9, 'term_node', 'name', 'Keywords', '', 0, '', 'link', 3);
INSERT INTO `view_tablefield` VALUES (7, 'node', 'changed', 'Created/Updated', 'views_handler_field_date_small', 1, 'DESC', '', 3);
INSERT INTO `view_tablefield` VALUES (10, 'node', 'title', 'Title', 'views_handler_field_nodelink_with_mark', 0, '0', 'link', 0);
INSERT INTO `view_tablefield` VALUES (10, 'users', 'name', 'Author', '', 0, '0', '', 1);
INSERT INTO `view_tablefield` VALUES (9, 'node', 'type', 'Type of Content', '', 1, '0', '', 2);
INSERT INTO `view_tablefield` VALUES (9, 'users', 'name', 'Author', '', 0, '0', '', 1);
INSERT INTO `view_tablefield` VALUES (11, 'og', 'subscribe', 'Subscribe', '', 0, '', '', 4);
INSERT INTO `view_tablefield` VALUES (11, 'og', 'description', 'Description', '', 0, '', '', 3);
INSERT INTO `view_tablefield` VALUES (11, 'og', 'count', 'Subscribers', '', 0, '', '', 2);
INSERT INTO `view_tablefield` VALUES (12, 'og_uid', 'managelink', 'Manage', '', 0, '', '', 4);
INSERT INTO `view_tablefield` VALUES (12, 'og_uid', 'mail_type', 'Email', '', 0, '', '', 3);
INSERT INTO `view_tablefield` VALUES (12, 'og', 'count', 'Subscribers', '', 0, '', '', 2);
INSERT INTO `view_tablefield` VALUES (12, 'users', 'name', 'Manager', '', 0, '0', '', 1);
INSERT INTO `view_tablefield` VALUES (13, 'og_node_data', 'title', 'Group', '', 0, '', '', 0);
INSERT INTO `view_tablefield` VALUES (13, 'node', 'type', 'Type', '', 1, '0', '', 1);
INSERT INTO `view_tablefield` VALUES (13, 'node', 'title', 'Group', 'views_handler_field_nodelink_with_mark', 1, '0', 'link', 2);
INSERT INTO `view_tablefield` VALUES (13, 'users', 'name', 'Author', '', 1, '0', '', 3);
INSERT INTO `view_tablefield` VALUES (13, 'node_comment_statistics', 'comment_count', 'Replies', 'views_handler_comments_with_new', 1, '0', '', 4);
INSERT INTO `view_tablefield` VALUES (13, 'node_comment_statistics', 'last_comment_timestamp', 'Last Post', 'views_handler_field_since', 1, 'DESC', '', 5);
INSERT INTO `view_tablefield` VALUES (15, 'og_node_data', 'title', 'Group', '', 0, '', '', 0);
INSERT INTO `view_tablefield` VALUES (15, 'node', 'type', 'Type', '', 1, '0', '', 1);
INSERT INTO `view_tablefield` VALUES (15, 'node', 'title', 'Group', 'views_handler_field_nodelink_with_mark', 1, '0', 'link', 2);
INSERT INTO `view_tablefield` VALUES (15, 'users', 'name', 'Author', '', 1, '0', '', 3);
INSERT INTO `view_tablefield` VALUES (15, 'node_comment_statistics', 'comment_count', 'Replies', 'views_handler_comments_with_new', 1, '0', '', 4);
INSERT INTO `view_tablefield` VALUES (15, 'node_comment_statistics', 'last_comment_timestamp', 'Last Post', 'views_handler_field_since', 1, 'DESC', '', 5);
INSERT INTO `view_tablefield` VALUES (16, 'node', 'type', 'Type', '', 0, '0', '', 0);
INSERT INTO `view_tablefield` VALUES (16, 'node', 'title', 'Group', 'views_handler_field_nodelink_with_mark', 0, '0', 'link', 1);
INSERT INTO `view_tablefield` VALUES (16, 'users', 'name', 'Author', '', 0, '0', '', 2);
INSERT INTO `view_tablefield` VALUES (16, 'node_comment_statistics', 'comment_count', 'Replies', 'views_handler_comments_with_new', 0, '0', '', 3);
INSERT INTO `view_tablefield` VALUES (16, 'og_node_data', 'title', 'Groups', '', 0, '', '', 4);
INSERT INTO `view_tablefield` VALUES (16, 'node_comment_statistics', 'last_comment_timestamp', 'Last Post', 'views_handler_field_since', 0, '0', '', 5);
INSERT INTO `view_tablefield` VALUES (11, 'users', 'name', 'Manager', '', 0, '0', '', 1);
INSERT INTO `view_tablefield` VALUES (11, 'node', 'title', 'Group', 'views_handler_field_nodelink', 1, '0', 'link', 0);
INSERT INTO `view_tablefield` VALUES (17, 'term_node_6', 'name', 'Keywords', '', 0, '', 'link', 2);
INSERT INTO `view_tablefield` VALUES (4, 'node', 'changed', 'Updated', 'views_handler_field_date_custom', 0, '0', '', 1);
INSERT INTO `view_tablefield` VALUES (18, 'node_comment_statistics', 'comment_count', 'Comments', 'views_handler_comments_with_new', 0, '0', '', 3);
INSERT INTO `view_tablefield` VALUES (18, 'users', 'name', 'Author', '', 1, '0', '', 1);
INSERT INTO `view_tablefield` VALUES (18, 'node', 'changed', 'Created/Updated', 'views_handler_field_since', 1, 'DESC', '', 2);
INSERT INTO `view_tablefield` VALUES (18, 'node', 'title', 'Blog Post', 'views_handler_field_nodelink_with_mark', 0, '0', 'link', 0);
INSERT INTO `view_tablefield` VALUES (19, 'node', 'changed', 'Created/Updated', 'views_handler_field_since', 1, 'DESC', '', 1);
INSERT INTO `view_tablefield` VALUES (19, 'node', 'title', 'Podcast', 'views_handler_field_nodelink_with_mark', 0, '0', 'link', 0);
INSERT INTO `view_tablefield` VALUES (20, 'node_data_field_due_date', 'field_due_date_value', 'Due Date', 'content_views_field_handler_group', 1, 'DESC', 'default', 1);
INSERT INTO `view_tablefield` VALUES (20, 'node', 'title', 'Assignment', 'views_handler_field_nodelink_with_mark', 0, '0', 'link', 0);
INSERT INTO `view_tablefield` VALUES (21, 'users', 'name', 'Author', '', 1, '0', '', 2);
INSERT INTO `view_tablefield` VALUES (21, 'node_data_field_adressurl', 'field_adressurl_url', 'Address', 'content_views_field_handler_group', 0, '', 'default', 1);
INSERT INTO `view_tablefield` VALUES (21, 'node', 'title', 'Bookmark', 'views_handler_field_nodelink_with_mark', 0, '0', 'link', 0);
INSERT INTO `view_tablefield` VALUES (22, 'node', 'changed', 'Created/Updated', 'views_handler_field_since', 1, 'DESC', '', 2);
INSERT INTO `view_tablefield` VALUES (22, 'users', 'name', 'Author', '', 1, '0', '', 1);
INSERT INTO `view_tablefield` VALUES (22, 'node', 'title', 'Image Title', 'views_handler_field_nodelink_with_mark', 0, '0', 'link', 0);
INSERT INTO `view_tablefield` VALUES (23, 'node', 'changed', 'Created/Updated', 'views_handler_field_since', 1, 'DESC', '', 2);
INSERT INTO `view_tablefield` VALUES (23, 'users', 'name', 'Author', '', 1, '0', '', 1);
INSERT INTO `view_tablefield` VALUES (23, 'node', 'title', 'Wiki Page', 'views_handler_field_nodelink_with_mark', 0, '0', 'link', 0);
INSERT INTO `view_tablefield` VALUES (24, 'og_node_data', 'title', 'Course', '', 0, '', '', 2);
INSERT INTO `view_tablefield` VALUES (8, 'node', 'title', 'Title', 'views_handler_field_nodelink_with_mark', 0, '0', 'link', 0);
INSERT INTO `view_tablefield` VALUES (25, 'node', 'title', '', 'views_handler_field_nodelink', 0, '0', 'link', 0);
INSERT INTO `view_tablefield` VALUES (9, 'node', 'title', 'Title', 'views_handler_field_nodelink_with_mark', 0, '0', 'link', 0);
INSERT INTO `view_tablefield` VALUES (26, 'node', 'title', 'Title', 'views_handler_field_nodelink', 0, '0', 'link', 0);
INSERT INTO `view_tablefield` VALUES (26, 'term_node_6', 'name', 'Keywords', '', 0, '', 'link', 1);
INSERT INTO `view_tablefield` VALUES (28, 'og_node_data', 'title', 'Course/Group', '', 0, '', '', 3);
INSERT INTO `view_tablefield` VALUES (28, 'node', 'changed', 'Created/Updated', 'views_handler_field_date_small', 1, '0', '', 2);
INSERT INTO `view_tablefield` VALUES (29, 'node', 'title', 'Original Post', 'views_handler_field_nodelink', 0, '0', 'link', 3);
INSERT INTO `view_tablefield` VALUES (29, 'node', 'type', 'Type of Content', '', 1, '0', '', 2);
INSERT INTO `view_tablefield` VALUES (32, 'node_comment_statistics', 'comment_count', 'Comments', 'views_handler_comments_with_new', 0, '0', '', 3);
INSERT INTO `view_tablefield` VALUES (28, 'node', 'type', 'Type of Content', '', 1, '0', '', 1);
INSERT INTO `view_tablefield` VALUES (32, 'node', 'changed', 'Created/Updated', 'views_handler_field_since', 1, 'DESC', '', 2);
INSERT INTO `view_tablefield` VALUES (32, 'users', 'name', 'Author', '', 1, '0', '', 1);
INSERT INTO `view_tablefield` VALUES (32, 'node', 'title', 'Question', 'views_handler_field_nodelink_with_mark', 0, '0', 'link', 0);
INSERT INTO `view_tablefield` VALUES (12, 'node', 'title', 'Group', 'views_handler_field_nodelink', 0, '0', 'link', 0);
INSERT INTO `view_tablefield` VALUES (19, 'audio', 'play_link', 'Play the file', '', 0, '', '', 2);
INSERT INTO `view_tablefield` VALUES (21, 'node', 'changed', 'Created/Updated', 'views_handler_field_since', 1, 'DESC', '', 3);
INSERT INTO `view_tablefield` VALUES (22, 'node_comment_statistics', 'comment_count', 'Comments', 'views_handler_comments_with_new', 0, '0', '', 3);
INSERT INTO `view_tablefield` VALUES (23, 'node_comment_statistics', 'comment_count', 'Comments', 'views_handler_comments_with_new', 0, '0', '', 3);
INSERT INTO `view_tablefield` VALUES (28, 'node', 'title', 'Title', 'views_handler_field_nodelink_with_mark', 0, '0', 'link', 0);
INSERT INTO `view_tablefield` VALUES (34, 'node', 'type', 'Type of Content', '', 1, '0', '', 1);
INSERT INTO `view_tablefield` VALUES (34, 'node', 'title', 'Title', 'views_handler_field_nodelink_with_mark', 0, '0', 'link', 0);
INSERT INTO `view_tablefield` VALUES (35, 'og_node_data', 'title', 'Course/Group', '', 0, '', '', 3);
INSERT INTO `view_tablefield` VALUES (35, 'node', 'changed', 'Created/Updated', 'views_handler_field_date_small', 0, '0', '', 2);
INSERT INTO `view_tablefield` VALUES (33, 'node', 'title', 'Group Name', 'views_handler_field_nodelink', 0, '0', 'link', 0);
INSERT INTO `view_tablefield` VALUES (29, 'comments', 'timestamp', 'Posted', 'views_handler_field_since', 1, 'DESC', '', 1);
INSERT INTO `view_tablefield` VALUES (27, 'node_data_field_adressurl', 'field_adressurl_url', 'Click to follow', 'content_views_field_handler_group', 0, '', 'default', 3);
INSERT INTO `view_tablefield` VALUES (27, 'users', 'name', 'Author', '', 1, '0', '', 2);
INSERT INTO `view_tablefield` VALUES (37, 'og_node_data', 'title', 'Course/Group', '', 0, '', '', 4);
INSERT INTO `view_tablefield` VALUES (37, 'node', 'changed', 'Created/Updated', 'views_handler_field_date_small', 1, 'DESC', '', 3);
INSERT INTO `view_tablefield` VALUES (37, 'term_node_6', 'name', 'Keywords', '', 0, '', 'link', 2);
INSERT INTO `view_tablefield` VALUES (7, 'term_node_6', 'name', 'Keywords', '', 0, '', 'link', 2);
INSERT INTO `view_tablefield` VALUES (5, 'og_node_data', 'title', 'Course', '', 0, '', '', 2);
INSERT INTO `view_tablefield` VALUES (5, 'node_data_field_due_date', 'field_due_date_value', 'Due Date', 'content_views_field_handler_ungroup', 0, '0', 'default', 1);
INSERT INTO `view_tablefield` VALUES (5, 'node', 'title', 'Title:', 'views_handler_field_nodelink', 0, '0', 'link', 0);
INSERT INTO `view_tablefield` VALUES (24, 'node_data_field_due_date', 'field_due_date_value', 'Due Date', 'content_views_field_handler_group', 1, 'DESC', 'default', 1);
INSERT INTO `view_tablefield` VALUES (7, 'node', 'type', 'Type of Content', '', 1, '0', '', 1);
INSERT INTO `view_tablefield` VALUES (37, 'node', 'type', 'Type of Content', '', 1, '0', '', 1);
INSERT INTO `view_tablefield` VALUES (7, 'node', 'title', 'Title', 'views_handler_field_nodelink_with_mark', 0, '0', 'link', 0);
INSERT INTO `view_tablefield` VALUES (37, 'node', 'title', 'Title', 'views_handler_field_nodelink_with_mark', 0, '0', 'link', 0);
INSERT INTO `view_tablefield` VALUES (29, 'comments', 'subject', 'My Comment', 'views_handler_field_commentlink', 0, '0', 'link', 0);
INSERT INTO `view_tablefield` VALUES (17, 'node', 'changed', 'Created/Updated', 'views_handler_field_date_small', 1, 'DESC', '', 1);
INSERT INTO `view_tablefield` VALUES (35, 'term_node_6', 'name', 'Keywords', '', 0, '', 'link', 1);
INSERT INTO `view_tablefield` VALUES (35, 'node', 'title', 'Title', 'views_handler_field_nodelink', 0, '0', 'link', 0);
INSERT INTO `view_tablefield` VALUES (24, 'node', 'title', 'Title:', 'views_handler_field_nodelink', 0, '0', 'link', 0);
INSERT INTO `view_tablefield` VALUES (27, 'node', 'title', 'Title', 'views_handler_field_nodelink', 0, '0', 'link', 0);
INSERT INTO `view_tablefield` VALUES (27, 'term_node_6', 'name', 'Keywords', '', 0, '', 'link', 1);
INSERT INTO `view_tablefield` VALUES (26, 'node_data_field_adressurl', 'field_adressurl_url', 'Click to follow', 'content_views_field_handler_group', 0, '', 'default', 2);
INSERT INTO `view_tablefield` VALUES (6, 'node', 'title', 'Title', 'views_handler_field_nodelink_with_mark', 0, '0', 'link', 0);
INSERT INTO `view_tablefield` VALUES (6, 'og_node_data', 'title', 'Course/Group', '', 0, '', '', 4);
INSERT INTO `view_tablefield` VALUES (8, 'og_node_data', 'title', 'Course/Group', '', 0, '', '', 4);
INSERT INTO `view_tablefield` VALUES (29, 'users', 'name', 'Original Author', '', 1, '0', '', 4);
INSERT INTO `view_tablefield` VALUES (17, 'node', 'title', 'Title', 'views_handler_field_nodelink_with_mark', 0, '0', 'link', 0);
INSERT INTO `view_tablefield` VALUES (9, 'og_node_data', 'title', 'Course/Group', '', 0, '', '', 5);
INSERT INTO `view_tablefield` VALUES (17, 'og_node_data', 'title', 'Course/Group', '', 0, '', '', 3);
INSERT INTO `view_tablefield` VALUES (12, 'node', 'type', 'Type', '', 1, '0', '', 5);
INSERT INTO `view_tablefield` VALUES (34, 'og_node_data', 'title', 'Course/Group', '', 0, '', '', 2);

-- --------------------------------------------------------

-- 
-- Table structure for table `view_view`
-- 

CREATE TABLE `view_view` (
  `vid` int(10) unsigned NOT NULL default '0',
  `name` varchar(32) NOT NULL default '',
  `description` varchar(255) default NULL,
  `access` varchar(255) default NULL,
  `page` int(1) default NULL,
  `page_title` varchar(255) default NULL,
  `page_header` longtext,
  `page_header_format` int(4) NOT NULL default '0',
  `page_empty` longtext,
  `page_empty_format` int(4) NOT NULL default '0',
  `page_footer` longtext,
  `page_footer_format` int(4) NOT NULL default '0',
  `page_type` varchar(20) default NULL,
  `use_pager` int(1) default NULL,
  `nodes_per_page` int(5) default NULL,
  `url` varchar(255) default NULL,
  `menu` int(1) default NULL,
  `menu_tab` int(1) default NULL,
  `menu_tab_default` int(1) default NULL,
  `menu_tab_weight` int(4) default NULL,
  `menu_title` varchar(255) default NULL,
  `block` int(1) default NULL,
  `block_title` varchar(255) default NULL,
  `block_use_page_header` int(1) default NULL,
  `block_header` longtext,
  `block_header_format` int(4) NOT NULL default '0',
  `block_use_page_footer` int(1) default NULL,
  `block_footer` longtext,
  `block_footer_format` int(4) NOT NULL default '0',
  `block_use_page_empty` int(1) default NULL,
  `block_empty` longtext,
  `block_empty_format` int(4) NOT NULL default '0',
  `block_type` varchar(20) default NULL,
  `nodes_per_block` int(5) default NULL,
  `block_more` int(1) default NULL,
  `breadcrumb_no_home` int(1) default NULL,
  `changed` int(11) default NULL,
  `view_args_php` longtext,
  `is_cacheable` int(1) default NULL,
  PRIMARY KEY  (`vid`),
  UNIQUE KEY `name` (`name`),
  KEY `name_2` (`name`)
) ENGINE=MyISAM DEFAULT CHARSET=utf8;

-- 
-- Dumping data for table `view_view`
-- 

INSERT INTO `view_view` VALUES (3, 'calendar_orig', 'Calendar view of any date field', '', 1, 'Calendar', '', 1, '', 1, '', 1, 'calendar', 1, 99, 'calendar-orig', 0, 0, 0, 0, '', 1, 'Calendar', 0, '', 1, 0, '', 1, 0, '', 1, 'calendar', 99, 1, 0, 1172883812, '', 0);
INSERT INTO `view_view` VALUES (2, 'calendar', 'Calendar view of any date field', '', 1, 'Calendar', '', 1, '', 1, '', 1, 'calendar', 1, 99, 'calendar/event', 1, 0, 0, 0, 'Event Calendar', 1, 'Calendar', 0, '', 1, 0, '', 1, 0, '', 1, 'calendar', 99, 1, 0, 1173620688, '', 0);
INSERT INTO `view_view` VALUES (4, 'content_by_date', 'view content by date', '', 1, 'Content by Date', '', 1, '', 1, '', 1, 'calendar', 1, 99, 'content/archive', 1, 0, 0, 0, '', 1, 'Content by Date', 0, '', 1, 0, '', 1, 0, '', 1, 'calendar', 99, 1, 0, 1173620757, '', 0);
INSERT INTO `view_view` VALUES (5, 'calendar_assignment', 'Assignment calendar', '2, 3, 4, 5, 8', 1, 'Assignment Calendar', '', 1, '', 1, '', 1, 'calendar', 1, 99, 'calendar/assignment', 1, 1, 1, 1, '', 1, 'Assignment Calendar', 0, '', 1, 0, '', 1, 0, '', 1, 'calendar', 99, 1, 0, 1176677070, '', 0);
INSERT INTO `view_view` VALUES (6, 'MyContentAll', 'All of a user''s content', '2', 1, 'My Work', '<p>Select a Course to filter your content:</p>\r\n<?php\r\n\r\nglobal $user;\r\n\r\nforeach ($user->og_groups as $key => $val) {\r\n  $items[] = l($val[''title''], ''mywork/'' . $key);\r\n}\r\n\r\nprint "<div class=\\"view-filter-class\\">\\n";\r\nprint theme(''item_list'', $items);\r\nprint "\\n</div>\\n";\r\n?>\r\n<p><a href="?q=mywork">View all posts</a></p>', 2, 'No content has been created yet. Why not <a href="?q=node/add">start now</a>?', 1, '', 1, 'table', 1, 30, 'mywork', 1, 0, 0, 1, '', 0, '', 0, '', 1, 0, '', 1, 0, '', 1, 'node', 0, 0, 0, 1176842689, '', 0);
INSERT INTO `view_view` VALUES (7, 'MyContentFiles', 'User''s posts with attached files', '2', 1, 'My Files', '<p>Select a Course to filter your content:</p>\r\n<?php\r\n\r\nglobal $user;\r\n\r\nforeach ($user->og_groups as $key => $val) {\r\n  $items[] = l($val[''title''], ''myfiles/posts/'' . $key);\r\n}\r\n\r\nprint "<div class=\\"view-filter-class\\">\\n";\r\nprint theme(''item_list'', $items);\r\nprint "\\n</div>\\n";\r\n?>\r\n<p><a href="?q=myfiles/posts">View all of my files</a></p>', 2, 'No content appears to match. Why not <a href="?q=node/add">create something now</a>?\r\n\r\n<p>Or, <a href="?q=myfiles/posts">view all posts</a></p> with attached files.', 1, '', 1, 'table', 1, 30, 'myfiles/posts', 1, 1, 1, 1, 'Posts', 0, '', 0, '', 1, 0, '', 1, 0, '', 1, 'node', 0, 0, 0, 1176842804, '', 0);
INSERT INTO `view_view` VALUES (8, 'MyContentPodcasts', 'All of a user''s podcasts', '7', 1, 'My Podcasts', '<p>Select a Course to filter your content:</p>\r\n<?php\r\n\r\nglobal $user;\r\n\r\nforeach ($user->og_groups as $key => $val) {\r\n  $items[] = l($val[''title''], ''myfiles/podcasts/'' . $key);\r\n}\r\n\r\nprint "<div class=\\"view-filter-class\\">\\n";\r\nprint theme(''item_list'', $items);\r\nprint "\\n</div>\\n";\r\n?>\r\n<p><a href="?q=myfiles/podcasts">View all of my podcasts</a></p>', 2, 'No content has been created yet. Why not <a href="?q=node/add">start now</a>?', 1, '', 1, 'table', 1, 30, 'myfiles/podcasts', 1, 1, 0, 3, 'Podcasts', 0, '', 0, '', 1, 0, '', 1, 0, '', 1, 'node', 0, 0, 0, 1176842865, '', 0);
INSERT INTO `view_view` VALUES (9, 'MyContentGroups', 'All work going on in a user''s groups', '2', 1, 'My Groups', '<p>Select a Course to filter your content:</p>\r\n<?php\r\n\r\nglobal $user;\r\n\r\nforeach ($user->og_groups as $key => $val) {\r\n  $items[] = l($val[''title''], ''mywork/groups/'' . $key);\r\n}\r\n\r\nprint "<div class=\\"view-filter-class\\">\\n";\r\nprint theme(''item_list'', $items);\r\nprint "\\n</div>\\n";\r\n?>\r\n<p><a href="?q=mywork/groups">View all of my groups</a></p>', 2, 'No content has been created yet. Why not <a href="?q=node/add">start now</a>?', 1, '', 1, 'table', 1, 30, 'mywork/groups', 1, 0, 0, 6, '', 0, '', 0, '', 1, 0, '', 1, 0, '', 1, 'node', 0, 0, 0, 1176843029, '', 0);
INSERT INTO `view_view` VALUES (10, 'wiki_pages', 'All Wiki Pages', '', 1, 'All Wiki Pages', '', 1, 'No wiki pages created yet.', 1, '', 1, 'table', 1, 30, 'wiki-pages', 1, 0, 0, 0, '', 1, 'Recent wiki pages', 0, '', 1, 0, '', 1, 1, '', 1, 'table', 7, 1, 0, 1173048411, '', 0);
INSERT INTO `view_view` VALUES (11, 'og', 'groups directory', '', 1, 'Find Groups', '', 2, 'No groups', 1, '', 1, 'table', 1, 90, 'groups/all', 1, 1, 0, -2, 'Find Groups', 0, '', 0, '', 1, 0, '', 1, 0, '', 1, 'node', 0, 0, 0, 1173399131, '', 0);
INSERT INTO `view_view` VALUES (12, 'og_my', 'List user''s subscribed groups and provide link to manage subscription', '2', 1, 'My groups', 'You may edit your all your email subscription using this convenient page. Also, you might be interested in an <a href="?q=og/opml" rel="nofollow">OPML feed containing feeds from all your subscribed groups</a>.', 1, 'No subscribed groups', 1, '<?php\r\n\r\n  $url = url("og/opml");\r\n  return theme(''opml_icon'', $url);\r\n\r\n?>', 2, 'table', 1, 50, 'groups/my', 1, 1, 0, -3, '', 0, '', 0, '', 1, 0, '', 1, 0, '', 1, 'node', 0, 0, 0, 1176843270, '', 0);
INSERT INTO `view_view` VALUES (13, 'og_mytracker', 'Shows all activity in subscribed groups.', '2', 1, 'Recent posts in my groups', '', 1, 'There are no posts in your subscribed groups.', 1, '', 1, 'table', 1, 25, 'group/mytracker', 1, 1, 0, 0, 'My recent', 0, '', 0, '', 1, 0, '', 1, 0, '', 1, 'node', 0, 0, 0, 1173397881, '', 0);
INSERT INTO `view_view` VALUES (14, 'og_search', 'Search within a particular group', '', 1, 'Search', '', 1, 'No posts found.', 1, '', 1, 'teaser', 1, 50, 'og/search', 0, 0, 0, 0, '', 0, '', 0, '', 1, 0, '', 1, 0, '', 1, 'node', 0, 0, 0, 1173397890, '', 0);
INSERT INTO `view_view` VALUES (15, 'og_unread', 'Shows unread posts in subscribed groups.', '2', 1, 'Unread posts in my groups', '', 1, 'There are no new posts in your subscribed groups.', 1, '', 1, 'table', 1, 25, 'groups/myunread', 1, 1, 1, -5, 'My unread', 0, '', 0, '', 1, 0, '', 1, 0, '', 1, 'node', 0, 0, 0, 1173399017, '', 0);
INSERT INTO `view_view` VALUES (16, 'og_tracker', 'Shows active posts across the whole site', '', 1, 'Recent posts across whole site', '', 1, '', 1, '', 1, 'table', 1, 25, 'group/tracker', 1, 1, 0, 5, 'Recent posts', 0, '', 0, '', 1, 0, '', 1, 0, '', 1, 'node', 0, 0, 0, 1173397905, '', 0);
INSERT INTO `view_view` VALUES (17, 'MyContentWiki', 'All of a user''s wiki pages', '6', 1, 'My Wiki Pages', '<p>Select a Course to filter your content:</p>\r\n<?php\r\n\r\nglobal $user;\r\n\r\nforeach ($user->og_groups as $key => $val) {\r\n  $items[] = l($val[''title''], ''mywork/wiki/'' . $key);\r\n}\r\n\r\nprint "<div class=\\"view-filter-class\\">\\n";\r\nprint theme(''item_list'', $items);\r\nprint "\\n</div>\\n";\r\n?>\r\n<p><a href="?q=mywork/wiki">View all my wiki pages</a></p>\r\n', 2, '<p>No content has been created yet. Why not <a href="?q=node/add">start now</a>?</p>\r\n<p>Or, <a href="?q=wiki-pages">view all wiki pages on the site</a></p>', 3, '', 1, 'table', 1, 30, 'mywork/wiki', 1, 0, 0, 3, '', 0, '', 0, '', 1, 0, '', 1, 0, '', 1, 'node', 0, 0, 0, 1176843059, '', 0);
INSERT INTO `view_view` VALUES (18, 'group_blogs', 'All Blogs for a group', '', 1, 'Group Blogs', '', 1, 'No blogs yet -- sorry!', 1, '', 1, 'table', 1, 20, 'content/blogs', 0, 0, 0, 0, '', 0, '', 0, '', 1, 0, '', 1, 0, '', 1, 'node', 0, 0, 0, 1173692543, '', 0);
INSERT INTO `view_view` VALUES (19, 'group_audio', 'All podcasts for a group', '', 1, 'Group Podcasts', '', 1, 'No podcasts yet -- sorry!', 1, '', 1, 'table', 1, 10, 'content/podcasts', 0, 0, 0, 0, '', 0, '', 0, '', 1, 0, '', 1, 0, '', 1, 'node', 0, 0, 0, 1173692530, '', 0);
INSERT INTO `view_view` VALUES (20, 'group_assignments', 'All Assignments for a group', '', 1, 'Group Assignments', '', 1, 'No assignments yet -- sorry!', 1, '', 1, 'table', 1, 20, 'content/assignments', 0, 0, 0, 0, '', 0, '', 0, '', 1, 0, '', 1, 0, '', 1, 'node', 0, 0, 0, 1173692518, '', 0);
INSERT INTO `view_view` VALUES (21, 'group_bookmarks', 'All Bookmarks for a group', '', 1, 'Group Bookmarks', '', 1, 'No bookmarks yet -- sorry!', 1, '', 1, 'table', 1, 20, 'content/bookmarks', 0, 0, 0, 0, '', 0, '', 0, '', 1, 0, '', 1, 0, '', 1, 'node', 0, 0, 0, 1173692565, '', 0);
INSERT INTO `view_view` VALUES (22, 'group_images', 'All Images for a group', '', 1, 'Group Images', '', 1, 'No images yet -- sorry!', 1, '', 1, 'table', 1, 20, 'content/images', 0, 0, 0, 0, '', 0, '', 0, '', 1, 0, '', 1, 0, '', 1, 'node', 0, 0, 0, 1173692577, '', 0);
INSERT INTO `view_view` VALUES (23, 'group_wiki', 'All Wiki pages for a group', '', 1, 'Group Wiki pages', '', 1, 'No wiki pages yet -- sorry!', 1, '', 1, 'table', 1, 20, 'content/wiki', 0, 0, 0, 0, '', 0, '', 0, '', 1, 0, '', 1, 0, '', 1, 'node', 0, 0, 0, 1173692588, '', 0);
INSERT INTO `view_view` VALUES (24, 'cal_assignment_list', 'List format of all assignments', '2', 1, 'Assignment List', '<p>Select a course to filter your content:</p>\r\n<?php\r\n\r\nglobal $user;\r\n\r\nforeach ($user->og_groups as $key => $val) {\r\n  $items[] = l($val[''title''], ''calendar/assignment-list/'' . $key);\r\n}\r\n\r\nprint "<div class=\\"view-filter-class\\">\\n";\r\nprint theme(''item_list'', $items);\r\nprint "\\n</div>\\n";\r\n?>\r\n<p><a href="?q=calendar/assignment-list">View all assignments</a></p>', 2, 'No assignments yet -- time to turn off the computer and get outside!', 1, '', 1, 'table', 1, 15, 'calendar/assignment-list', 1, 1, 0, 2, '', 1, 'Assignment List', 0, '', 1, 0, '', 1, 0, '', 1, 'table', 5, 1, 0, 1176843304, '', 0);
INSERT INTO `view_view` VALUES (25, 'bookmarks', 'All Bookmarks', '', 1, 'Bookmarks', '', 1, '', 1, '', 1, 'node', 1, 40, 'bookmarks/all', 1, 1, 1, 0, '', 1, 'Recent Bookmarks', 0, '', 1, 0, '', 1, 0, '', 1, 'table', 7, 1, 0, 1176741549, '', 0);
INSERT INTO `view_view` VALUES (26, 'MyContentBookmarks', 'All  My Bookmarks', '2', 1, 'My Bookmarks', '', 1, '', 1, '', 1, 'table', 1, 30, 'mywork/bookmarks', 1, 0, 0, 4, '', 0, 'Recent Bookmarks', 0, '', 1, 0, '', 1, 0, '', 1, 'table', 7, 1, 0, 1176741842, '', 1);
INSERT INTO `view_view` VALUES (27, 'bookmarks_list', 'All Bookmarks -- list', '', 1, 'Bookmarks -- List', '', 1, '', 1, '', 1, 'table', 1, 40, 'bookmarks/list', 1, 1, 0, 2, '', 0, 'Recent Bookmarks', 0, '', 1, 0, '', 1, 0, '', 1, 'table', 7, 1, 0, 1176741517, '', 0);
INSERT INTO `view_view` VALUES (28, 'SiteContentAll', 'All site content', '', 1, 'All Site Content', '', 1, 'No content has been created yet. Why not <a href="?q=node/add">start now</a>?', 1, '', 1, 'node', 1, 30, 'site/all', 1, 1, 1, 1, '', 0, '', 0, '', 1, 0, '', 1, 0, '', 1, 'node', 0, 0, 0, 1176814012, '', 0);
INSERT INTO `view_view` VALUES (29, 'MyComments', 'All Comments for a user', '2', 1, 'My Comments', '<p>Select a Course to filter your content:</p>\r\n<?php\r\n\r\nglobal $user;\r\n\r\nforeach ($user->og_groups as $key => $val) {\r\n  $items[] = l($val[''title''], ''mywork/comments/'' . $key);\r\n}\r\n\r\nprint "<div class=\\"view-filter-class\\">\\n";\r\nprint theme(''item_list'', $items);\r\nprint "\\n</div>\\n";\r\n?>\r\n<p><a href="?q=mywork/comments">View all of my comments</a>.</p>', 2, 'You haven''t commented on anyone''s work yet.', 1, '', 1, 'table', 1, 30, 'mywork/comments', 1, 0, 0, 5, '', 0, '', 0, '', 1, 0, '', 1, 0, '', 1, 'node', 0, 0, 0, 1176842891, '', 0);
INSERT INTO `view_view` VALUES (32, 'group_blog_question', 'All Blog questions for a group', '', 1, 'Group Questions', '', 1, 'No questions yet -- sorry!', 1, '', 1, 'table', 1, 20, 'content/blog-question', 0, 0, 0, 0, '', 0, '', 0, '', 1, 0, '', 1, 0, '', 1, 'node', 0, 0, 0, 1176741185, '', 0);
INSERT INTO `view_view` VALUES (33, 'personal_group', 'A group block showing all of an individual''s groups', '2', 0, '', '', 1, '', 1, '', 1, 'node', 1, 10, '', 0, 0, 0, 0, '', 1, 'My Groups', 0, '', 1, 0, '', 1, 0, 'You are not a member of any groups. <a href="?q=groups/all">Take a look</a> and see what''s available, or <a href="?q=node/add/group">start your own</a>. ', 1, 'table', 20, 0, 0, 1174326529, '', 1);
INSERT INTO `view_view` VALUES (31, 'FeedByUser', 'All content for individual users', '', 1, 'Content for each user', '', 1, '', 1, '', 1, 'node', 1, 30, 'allfrom', 1, 0, 0, 0, '', 0, '', 0, '', 1, 0, '', 1, 0, '', 1, 'node', 0, 0, 0, 1176813947, '', 0);
INSERT INTO `view_view` VALUES (36, 'test_my_groups', '', '', 1, '', '', 1, '', 1, '', 1, 'teaser', 1, 10, 'test_my_groups', 0, 0, 0, 0, '', 0, '', 0, '', 1, 0, '', 1, 0, '', 1, 'node', 0, 0, 0, 1174609500, '', 0);
INSERT INTO `view_view` VALUES (34, 'ReviewMyContent', 'For portfolio artifacts', '2', 1, 'My Work', '<p>Select a Course to filter your content:</p>\r\n<?php\r\n\r\nglobal $user;\r\n\r\nforeach ($user->og_groups as $key => $val) {\r\n  $items[] = l($val[''title''], ''mywork/'' . $key);\r\n}\r\n\r\nprint "<div class=\\"view-filter-class\\">\\n";\r\nprint theme(''item_list'', $items);\r\nprint "\\n</div>\\n";\r\n?>\r\n<p><a href="?q=mywork">View all posts</a></p>', 2, 'No content has been created yet. Why not <a href="?q=node/add">start now</a>?', 1, '', 1, 'table', 1, 30, 'allmyworkforreview', 1, 0, 0, 1, '', 0, '', 0, '', 1, 0, '', 1, 0, '', 1, 'node', 0, 0, 0, 1176843450, '', 0);
INSERT INTO `view_view` VALUES (35, 'MyContentArtifacts', 'All  My Portfolio Artifacts', '2', 1, 'My Portfolio Artifacts', '<p>Select a Course to filter your content:</p>\r\n<?php\r\n\r\nglobal $user;\r\n\r\nforeach ($user->og_groups as $key => $val) {\r\n  $items[] = l($val[''title''], ''mywork/artifacts/'' . $key);\r\n}\r\n\r\nprint "<div class=\\"view-filter-class\\">\\n";\r\nprint theme(''item_list'', $items);\r\nprint "\\n</div>\\n";\r\n?>\r\n<p><a href="?q=mywork/artifacts">View all of my portfolio artifacts</a></p>', 2, 'You have yet to create any artifacts. Isn''t there something you would like to reflect about? <a href="?q=node/add/portfolio-artifact">Start now</a>.', 3, '', 1, 'table', 1, 30, 'mywork/artifacts', 1, 0, 0, 4, '', 0, 'Recent Bookmarks', 0, '', 1, 0, '', 1, 0, '', 1, 'table', 7, 1, 0, 1176842979, '', 0);
INSERT INTO `view_view` VALUES (37, 'MyContentImages', 'Image galleries for specific users', '2', 1, 'My Images', '<p>Select a Course to filter your content:</p>\r\n<?php\r\n\r\nglobal $user;\r\n\r\nforeach ($user->og_groups as $key => $val) {\r\n  $items[] = l($val[''title''], ''myfiles/images/'' . $key);\r\n}\r\n\r\nprint "<div class=\\"view-filter-class\\">\\n";\r\nprint theme(''item_list'', $items);\r\nprint "\\n</div>\\n";\r\n?>\r\n<p><a href="?q=myfiles/images">View all of my images</a></p>', 2, 'No content has been created yet. Why not <a href="?q=node/add">start now</a>?', 1, '', 1, 'table', 1, 30, 'myfiles/image', 1, 1, 0, 2, 'Images', 0, '', 0, '', 1, 0, '', 1, 0, '', 1, 'node', 0, 0, 0, 1176842833, '', 0);

-- --------------------------------------------------------

-- 
-- Table structure for table `vocabulary`
-- 

CREATE TABLE `vocabulary` (
  `vid` int(10) unsigned NOT NULL auto_increment,
  `name` varchar(255) NOT NULL default '',
  `description` longtext,
  `help` varchar(255) NOT NULL default '',
  `relations` tinyint(3) unsigned NOT NULL default '0',
  `hierarchy` tinyint(3) unsigned NOT NULL default '0',
  `multiple` tinyint(3) unsigned NOT NULL default '0',
  `required` tinyint(3) unsigned NOT NULL default '0',
  `tags` tinyint(3) unsigned NOT NULL default '0',
  `module` varchar(255) NOT NULL default '',
  `weight` tinyint(4) NOT NULL default '0',
  PRIMARY KEY  (`vid`)
) ENGINE=MyISAM  DEFAULT CHARSET=utf8 AUTO_INCREMENT=12 ;

-- 
-- Dumping data for table `vocabulary`
-- 

INSERT INTO `vocabulary` VALUES (6, 'Keywords', 'Use these keywords to help describe your post.', 'Add keywords that help to describe your post. SEPARATE individual keywords with COMMAS.', 0, 1, 1, 0, 1, 'taxonomy', 0);
INSERT INTO `vocabulary` VALUES (5, 'Type of Assignment', '', '', 0, 1, 1, 0, 1, 'og_vocab', 0);
INSERT INTO `vocabulary` VALUES (8, 'Likes', 'A list of things that people like.', 'Enter a list of things that you like. Separate each item with a COMMA.', 0, 1, 1, 0, 1, 'taxonomy', -4);
INSERT INTO `vocabulary` VALUES (9, 'Dislikes', 'A list of user''s dislikes.', 'What are some things you dislike? Separate each item with a comma.', 0, 1, 1, 0, 1, 'taxonomy', -3);
INSERT INTO `vocabulary` VALUES (10, 'Personal Interests', 'A list of personal interests', 'What are your personal interests? Separate each item with a comma.', 0, 1, 1, 0, 1, 'taxonomy', -2);
INSERT INTO `vocabulary` VALUES (11, 'Professional Interests', 'What are your professional interests?', 'What are your professional interests?', 0, 1, 1, 0, 1, 'taxonomy', -1);

-- --------------------------------------------------------

-- 
-- Table structure for table `vocabulary_node_types`
-- 

CREATE TABLE `vocabulary_node_types` (
  `vid` int(10) unsigned NOT NULL default '0',
  `type` varchar(32) NOT NULL default '',
  PRIMARY KEY  (`vid`,`type`)
) ENGINE=MyISAM DEFAULT CHARSET=utf8;

-- 
-- Dumping data for table `vocabulary_node_types`
-- 

INSERT INTO `vocabulary_node_types` VALUES (5, 'assignment');
INSERT INTO `vocabulary_node_types` VALUES (6, 'assignment');
INSERT INTO `vocabulary_node_types` VALUES (6, 'audio');
INSERT INTO `vocabulary_node_types` VALUES (6, 'blog');
INSERT INTO `vocabulary_node_types` VALUES (6, 'bookmark');
INSERT INTO `vocabulary_node_types` VALUES (6, 'event');
INSERT INTO `vocabulary_node_types` VALUES (6, 'image');
INSERT INTO `vocabulary_node_types` VALUES (6, 'portfolio_artifact');
INSERT INTO `vocabulary_node_types` VALUES (6, 'wiki');
INSERT INTO `vocabulary_node_types` VALUES (8, 'bio');
INSERT INTO `vocabulary_node_types` VALUES (9, 'bio');
INSERT INTO `vocabulary_node_types` VALUES (10, 'bio');
INSERT INTO `vocabulary_node_types` VALUES (11, 'bio');

-- --------------------------------------------------------

-- 
-- Table structure for table `watchdog`
-- 

CREATE TABLE `watchdog` (
  `wid` int(11) NOT NULL auto_increment,
  `uid` int(11) NOT NULL default '0',
  `type` varchar(16) NOT NULL default '',
  `message` longtext NOT NULL,
  `severity` tinyint(3) unsigned NOT NULL default '0',
  `link` varchar(255) NOT NULL default '',
  `location` text NOT NULL,
  `referer` varchar(128) NOT NULL default '',
  `hostname` varchar(128) NOT NULL default '',
  `timestamp` int(11) NOT NULL default '0',
  PRIMARY KEY  (`wid`),
  KEY `type` (`type`)
) ENGINE=MyISAM  DEFAULT CHARSET=utf8 AUTO_INCREMENT=2 ;

-- 
-- Dumping data for table `watchdog`
-- 

INSERT INTO `watchdog` VALUES (1, 1, 'content', 'page: updated <em>Welcome to the site.</em>.', 0, '<a href="/?q=home">view</a>', 'http://newdru.alphabetademo.org/?q=node/11/edit', '', '76.105.133.42', 1176842316);
